World Forecast Directory
El Dorado Weather Logo
U.S. Color IR Sat North America Color Background Satellite Thumb
Norcal Dual-Pol Radar Live Northern California Doppler Radar Thumbnail Image
Pacific NW Visible Sat Regional U.S. Radar
Pacific NW Radar Regional U.S. Radar
Storm Cell Tracking Live Northern California Radar and Satellite Thumbnail Image
Street Level Radar Live U.S. Google Map Radar Thumbnail Image
Live Lightning Radar Placerville California Lightning Detection Radar Thumbnail Image
Live Streaming Webcam Placerville California Live Streaming WebCam Thumbnail Image
Local Wx Station Data Sacramento, Northern Sierra Nevada & the Motherlode Area Current Weather Conditions

NOAA Climate Report From: Placerville, Ca. Weather Station (EDWPC)

Archives below start from 6/22/2006 to the present:
2018: Jan | Feb | Mar | Apr | May | Jun | Jul | Aug | Sep | Oct | Nov | Dec 
2017: Jan | Feb | Mar | Apr | May | Jun | Jul | Aug | Sep | Oct | Nov | Dec 
2016: Jan | Feb | Mar | Apr | May | Jun | Jul | Aug | Sep | Oct | Nov | Dec 
2015: Jan | Feb | Mar | Apr | May | Jun | Jul | Aug | Sep | Oct | Nov | Dec 
2014: Jan | Feb | Mar | Apr | May | Jun | Jul | Aug | Sep | Oct | Nov | Dec 
2013: Jan | Feb | Mar | Apr | May | Jun | Jul | Aug | Sep | Oct | Nov | Dec 
2012: Jan | Feb | Mar | Apr | May | Jun | Jul | Aug | Sep | Oct | Nov | Dec 
2011: Jan | Feb | Mar | Apr | May | Jun | Jul | Aug | Sep | Oct | Nov | Dec 
2010: Jan | Feb | Mar | Apr | May | Jun | Jul | Aug | Sep | Oct | Nov | Dec 
2009: Jan | Feb | Mar | Apr | May | Jun | Jul | Aug | Sep | Oct | Nov | Dec 
2008: Jan | Feb | Mar | Apr | May | Jun | Jul | Aug | Sep | Oct | Nov | Dec 
2007: Jan | Feb | Mar | Apr | May | Jun | Jul | Aug | Sep | Oct | Nov | Dec 
 2006: Jan | Feb | Mar | Apr | May | Jun | Jul | Aug | Sep | Oct | Nov | Dec 

Report for 2018 01 MONTHLY CLIMATOLOGICAL SUMMARY FOR 1/2018 HEAT COOL MEAN DEG DEG WIND SPEED DOM MEAN MEAN DAY TEMP HIGH TIME LOW TIME DAYS DAYS RAIN AVG HI TIME DIR BAROM HUM --------------------------------------------------------------------------------------- 1 53.1 70.1 1:44pm 45.4 1:33am 22 1 0.00 0 0 12:00am N1025.76 59 2 51.6 62.9 1:13pm 43.7 7:48am 23 0 0.00 0 0 12:00am NW1025.34 67 3 55.1 65.6 1:09pm 48.4 7:17am 20 0 0.10 0 0 12:00am W1021.24 55 4 54.3 63.8 1:58pm 46.5 8:04am 21 0 0.34 0 0 12:00am W1022.71 83 5 56.1 63.5 12:49pm 52.6 3:56am 19 0 0.52 0 0 12:00am W1025.10 87 6 50.5 59.8 2:05pm 43.6 11:55pm 24 0 0.46 0 0 12:00am S1025.43 85 7 47.0 54.1 12:56pm 40.6 5:50am 28 0 0.00 0 0 12:00am S1023.56 83 8 51.5 53.7 1:13pm 49.1 8:00am 24 0 1.50 0 0 12:00am SW1013.39 89 9 51.8 55.5 12:30pm 48.7 11:34pm 23 0 1.15 0 0 12:00am SSW1009.18 94 10 47.5 50.7 3:37pm 43.3 11:53pm 27 0 0.10 0 0 12:00am S1023.60 93 11 46.6 56.2 3:20pm 41.2 3:57am 28 0 0.00 0 0 12:00am S1030.13 90 12 47.6 62.2 1:22pm 39.4 7:28am 27 0 0.01 0 0 12:00am SSE1030.58 85 13 49.9 62.9 3:07pm 42.7 8:29am 25 0 0.00 0 0 12:00am SSE1027.59 85 14 54.1 73.8 1:31pm 44.2 2:47am 21 1 0.00 0 0 12:00am SSE1025.12 71 15 52.7 64.8 11:31am 46.0 11:09pm 22 0 0.00 0 0 12:00am SSE1023.40 69 16 51.9 63.4 1:47pm 46.3 12:00am 23 0 0.09 0 0 12:00am SSE1026.48 83 17 45.7 47.7 12:00am 44.3 3:58am 11 0 0.00 0 0 12:00am SSE1027.39 89 18 49.9 60.6 2:19pm 44.3 3:58am 25 0 0.75 0 0 12:00am W1023.16 85 19 43.9 51.3 1:26pm 35.0 11:56pm 31 0 0.10 0 0 12:00am W1021.86 83 20 39.3 53.0 1:32pm 30.7 7:37am 36 0 0.01 0 0 12:00am W1024.62 76 21 41.8 52.5 12:13pm 33.1 4:10am 33 0 0.00 0 6 12:32pm W1031.21 71 22 46.0 52.5 2:35pm 41.1 6:12am 29 0 0.28 0 6 12:00am S1030.39 87 23 45.6 59.4 1:44pm 36.4 6:37am 29 0 0.00 0 6 12:00am SE1028.19 80 24 44.1 54.9 12:20pm 37.9 5:23am 31 0 0.68 0 6 12:00am W1022.08 83 25 41.7 50.0 1:06pm 37.4 7:48am 33 0 0.22 0 6 12:00am W1023.64 87 26 41.3 51.5 12:17pm 34.1 7:35am 34 0 0.00 0 6 12:00am SSE1031.16 84 27 46.2 62.2 1:54pm 38.2 12:00am 29 0 0.00 0 6 12:00am SSE1033.11 75 28 47.6 65.3 2:09pm 37.0 7:57am 27 0 0.00 0 6 12:00am W1031.64 77 29 50.9 63.7 2:57pm 42.8 6:44am 24 0 0.00 0 6 12:00am SSE1027.88 71 30 51.3 72.5 1:01pm 43.3 6:03am 16 1 0.00 0 6 12:00am W1024.64 57 31 52.9 70.8 1:51pm 43.2 7:44am 22 1 0.00 0 2 12:00am W1021.84 65 --------------------------------------------------------------------------------------- TOT 48.8 73.8 1/14/18 30.7 1/20/18 789 3 6.31 0 6 1/21/18 W1025.13 79 HEAT BASE: 75.0 COOL BASE: 64.0

Google



Contact Us | Mobile
Never base any life decisions on weather information from this site or anywhere over the Internet.
Site is dedicated to our Lord & Savior Jesus Christ (Yeshua Messiah) | Random Quotes

Copyright © 2018 El Dorado Weather, Inc. | Site Designed By:  El Dorado Weather