World Forecast Directory
El Dorado Weather Logo
U.S. Color IR Sat North America Color Background Satellite Thumb
Norcal Dual-Pol Radar Live Northern California Doppler Radar Thumbnail Image
Pacific NW Visible Sat Regional U.S. Radar
Pacific NW Radar Regional U.S. Radar
Storm Cell Tracking Live Northern California Radar and Satellite Thumbnail Image
Street Level Radar Live U.S. Google Map Radar Thumbnail Image
Live Lightning Radar Placerville California Lightning Detection Radar Thumbnail Image
Live Streaming Webcam Placerville California Live Streaming WebCam Thumbnail Image
Local Wx Station Data Sacramento, Northern Sierra Nevada & the Motherlode Area Current Weather Conditions

NOAA Climate Report From: Placerville, Ca. Weather Station (EDWPC)

Archives below start from 6/22/2006 to the present:
2017: Jan | Feb | Mar | Apr | May | Jun | Jul | Aug | Sep | Oct | Nov | Dec 
2016: Jan | Feb | Mar | Apr | May | Jun | Jul | Aug | Sep | Oct | Nov | Dec 
2015: Jan | Feb | Mar | Apr | May | Jun | Jul | Aug | Sep | Oct | Nov | Dec 
2014: Jan | Feb | Mar | Apr | May | Jun | Jul | Aug | Sep | Oct | Nov | Dec 
2013: Jan | Feb | Mar | Apr | May | Jun | Jul | Aug | Sep | Oct | Nov | Dec 
2012: Jan | Feb | Mar | Apr | May | Jun | Jul | Aug | Sep | Oct | Nov | Dec 
2011: Jan | Feb | Mar | Apr | May | Jun | Jul | Aug | Sep | Oct | Nov | Dec 
2010: Jan | Feb | Mar | Apr | May | Jun | Jul | Aug | Sep | Oct | Nov | Dec 
2009: Jan | Feb | Mar | Apr | May | Jun | Jul | Aug | Sep | Oct | Nov | Dec 
2008: Jan | Feb | Mar | Apr | May | Jun | Jul | Aug | Sep | Oct | Nov | Dec 
2007: Jan | Feb | Mar | Apr | May | Jun | Jul | Aug | Sep | Oct | Nov | Dec 
 2006: Jan | Feb | Mar | Apr | May | Jun | Jul | Aug | Sep | Oct | Nov | Dec 

Report for 2017 03 MONTHLY CLIMATOLOGICAL SUMMARY FOR 3/2017 HEAT COOL MEAN DEG DEG WIND SPEED DOM MEAN MEAN DAY TEMP HIGH TIME LOW TIME DAYS DAYS RAIN AVG HI TIME DIR BAROM HUM --------------------------------------------------------------------------------------- 1 46.0 60.4 2:42pm 34.1 3:36am 29 0 0.00 0 1 12:00am WSW1032.01 61 2 50.7 68.1 2:55pm 38.4 5:32am 24 1 0.00 0 1 12:00am WSW1029.62 60 3 50.8 64.2 12:54pm 40.7 4:29am 24 0 0.00 0 1 12:00am WSW1022.16 59 4 47.4 56.4 2:24pm 40.6 6:48am 28 0 0.57 0 1 12:00am WSW1016.94 77 5 38.7 43.2 12:00am 33.9 11:10pm 36 0 0.60 1 6 1:50pm WSW1017.12 86 6 40.5 50.3 3:35pm 34.1 4:52am 35 0 0.12 0 4 12:00am WSW1029.11 79 7 43.5 54.5 4:15pm 34.5 2:53am 31 0 0.00 0 4 12:00am SSE1031.11 74 8 51.5 68.8 2:26pm 38.6 2:05am 23 1 0.00 0 4 12:00am NW1028.40 71 9 55.6 69.8 2:54pm 43.4 6:48am 19 1 0.00 0 4 12:00am WSW1025.48 67 10 56.3 68.1 4:07pm 48.8 3:22am 19 0 0.00 0 4 12:00am NW1023.97 73 11 58.4 76.1 2:46pm 45.7 7:02am 17 3 0.00 0 4 12:00am W1023.74 62 12 59.6 77.4 3:05pm 46.3 7:46am 15 3 0.00 0 0 12:00am NW1023.88 54 13 61.5 80.9 4:29pm 46.3 5:23am 14 5 0.00 0 0 12:00am WSW1022.25 54 14 64.5 83.2 4:08pm 49.6 6:44am 12 5 0.00 0 0 12:00am WSW1021.02 48 15 60.8 73.1 12:26pm 50.7 7:21am 14 2 0.00 0 6 10:50am WSW1021.95 61 16 58.5 73.9 4:01pm 45.5 7:31am 16 2 0.00 0 3 12:00am WSW1024.10 70 17 60.7 77.8 2:19pm 48.2 7:53am 15 3 0.00 0 3 12:00am WSW1020.74 63 18 57.2 70.3 5:05pm 50.3 10:45pm 18 0 0.00 0 3 12:00am W1020.39 70 19 59.1 70.0 3:03pm 50.3 12:00am 16 1 0.00 0 3 12:00am WSW1020.02 70 20 54.5 62.3 12:33pm 49.9 7:43am 20 0 0.29 0 3 12:00am WSW1018.71 72 21 52.9 60.9 4:47pm 45.6 11:59pm 22 0 1.27 0 3 12:00am SW1016.85 88 22 47.1 56.2 2:29pm 41.5 11:56pm 28 0 0.75 0 5 10:41am SE1020.65 84 23 47.5 61.4 4:41pm 35.9 7:07am 27 0 0.01 0 0 12:00am WSW1025.56 78 24 47.3 48.1 2:49am 45.3 9:49am 28 0 0.40 0 0 12:00am SSE1026.09 87 25 51.0 59.5 4:48pm 45.3 10:58pm 23 0 0.01 0 0 12:00am WSW1023.99 81 --------------------------------------------------------------------------------------- TOT 52.9 83.2 3/14/17 33.9 3/5/17 555 28 4.02 0 6 3/5/17 WSW1023.46 70 HEAT BASE: 75.0 COOL BASE: 64.0

Google



Contact Us | Mobile
Never base any life decisions on weather information from this site or anywhere over the Internet.
This site is dedicated to our Lord and Savior Jesus Christ | Random Jesus Quotes (KJV)

Copyright © 2017 El Dorado Weather, Inc. | Site Designed By:  El Dorado Weather
LightningRing