World Forecast Directory
El Dorado Weather Logo
U.S. Color IR Sat North America Color Background Satellite Thumb
Norcal Dual-Pol Radar Live Northern California Doppler Radar Thumbnail Image
Pacific NW Visible Sat Regional U.S. Radar
Pacific NW Radar Regional U.S. Radar
Storm Cell Tracking Live Northern California Radar and Satellite Thumbnail Image
Street Level Radar Live U.S. Google Map Radar Thumbnail Image
Live Lightning Radar Placerville California Lightning Detection Radar Thumbnail Image
Live Streaming Webcam Placerville California Live Streaming WebCam Thumbnail Image
Local Wx Station Data Sacramento, Northern Sierra Nevada & the Motherlode Area Current Weather Conditions

NOAA Climate Report From: Placerville, Ca. Weather Station (EDWPC)

Archives below start from 6/22/2006 to the present:
2017: Jan | Feb | Mar | Apr | May | Jun | Jul | Aug | Sep | Oct | Nov | Dec 
2016: Jan | Feb | Mar | Apr | May | Jun | Jul | Aug | Sep | Oct | Nov | Dec 
2015: Jan | Feb | Mar | Apr | May | Jun | Jul | Aug | Sep | Oct | Nov | Dec 
2014: Jan | Feb | Mar | Apr | May | Jun | Jul | Aug | Sep | Oct | Nov | Dec 
2013: Jan | Feb | Mar | Apr | May | Jun | Jul | Aug | Sep | Oct | Nov | Dec 
2012: Jan | Feb | Mar | Apr | May | Jun | Jul | Aug | Sep | Oct | Nov | Dec 
2011: Jan | Feb | Mar | Apr | May | Jun | Jul | Aug | Sep | Oct | Nov | Dec 
2010: Jan | Feb | Mar | Apr | May | Jun | Jul | Aug | Sep | Oct | Nov | Dec 
2009: Jan | Feb | Mar | Apr | May | Jun | Jul | Aug | Sep | Oct | Nov | Dec 
2008: Jan | Feb | Mar | Apr | May | Jun | Jul | Aug | Sep | Oct | Nov | Dec 
2007: Jan | Feb | Mar | Apr | May | Jun | Jul | Aug | Sep | Oct | Nov | Dec 
 2006: Jan | Feb | Mar | Apr | May | Jun | Jul | Aug | Sep | Oct | Nov | Dec 

Report for 2017 01 MONTHLY CLIMATOLOGICAL SUMMARY FOR 1/2017 HEAT COOL MEAN DEG DEG WIND SPEED DOM MEAN MEAN DAY TEMP HIGH TIME LOW TIME DAYS DAYS RAIN AVG HI TIME DIR BAROM HUM --------------------------------------------------------------------------------------- 1 39.8 42.9 2:18pm 36.9 2:57am 35 0 0.01 0 0 12:00am NW1017.22 87 2 37.9 41.0 3:32pm 33.1 8:41am 37 0 0.30 0 0 12:00am NW1020.66 89 3 42.4 47.6 1:38pm 38.5 1:19am 33 0 1.15 1 0 12:00am W1020.78 89 4 47.2 48.8 11:41am 45.3 7:34pm 28 0 2.61 1 1 3:48pm NNW1017.13 93 5 40.3 46.0 12:53pm 32.4 11:15pm 35 0 0.03 0 0 12:00am NNW1019.84 90 6 39.3 51.5 2:03pm 30.9 6:28am 36 0 0.00 0 0 12:00am NNW1023.15 77 7 48.6 53.8 11:41pm 40.6 2:26am 26 0 0.86 1 0 12:00am NW1020.02 91 8 55.0 58.2 9:09am 53.4 3:19am 20 0 3.10 2 0 12:00am WNW1015.94 92 9 47.7 53.4 12:00am 45.7 7:54am 27 0 0.63 1 0 12:00am WNW1020.14 93 10 46.9 50.1 9:04pm 44.2 1:28pm 28 0 2.55 2 10 12:45pm W1015.19 94 11 44.1 47.8 12:00am 38.9 11:58pm 31 0 0.58 1 5 12:00am W1015.27 91 12 39.9 43.1 2:01pm 34.4 11:59pm 35 0 0.18 0 5 12:00am W1017.26 92 13 40.6 55.4 1:17pm 32.8 5:33am 34 0 0.00 0 5 12:00am N1024.45 86 14 41.2 52.4 1:22pm 33.0 7:15am 34 0 0.00 0 5 12:00am N1026.15 82 15 37.5 40.5 3:55pm 32.3 6:10am 38 0 0.01 0 5 12:00am WNW1024.90 92 16 36.4 44.0 4:35pm 33.5 7:37am 39 0 0.00 0 5 12:00am W1025.32 90 17 41.9 57.9 2:14pm 33.0 1:14am 33 0 0.00 0 0 12:00am NW1024.73 82 18 44.2 47.7 11:08am 41.2 3:15pm 31 0 0.78 1 0 12:00am WSW1018.14 85 19 42.8 45.6 4:41pm 40.3 6:42am 32 0 1.65 0 0 12:00am W1013.85 93 20 41.3 43.8 1:56pm 38.9 7:24am 34 0 0.87 1 0 12:00am W999.77 92 21 41.4 44.1 2:37pm 39.5 8:19am 34 0 0.35 0 0 12:00am SSW1012.62 92 22 43.2 49.5 2:14pm 39.1 11:51pm 32 0 1.11 1 0 12:00am WNW1009.87 90 23 38.2 46.1 2:13pm 35.0 7:22am 37 0 0.41 0 1 4:55pm SW1014.35 90 24 39.3 50.5 1:49pm 32.3 7:43am 36 0 0.01 0 0 12:00am NNW1022.20 84 25 39.9 50.6 12:55pm 32.4 1:37am 35 0 0.00 0 0 12:00am WNW1030.50 75 26 42.1 56.2 12:40pm 33.8 7:40am 33 0 0.00 0 0 12:00am N1033.78 70 27 41.9 56.8 12:52pm 32.3 7:19am 33 0 0.00 0 0 12:00am WNW1038.43 66 28 45.6 63.2 12:58pm 34.8 5:00am 29 0 0.00 0 0 12:00am NW1038.39 68 29 47.2 63.6 1:38pm 36.6 6:11am 28 0 0.00 0 0 12:00am NW1033.60 65 30 49.4 64.9 3:25pm 39.0 7:05am 26 0 0.00 0 0 12:00am NW1027.55 65 31 50.2 67.2 12:53pm 39.4 7:53am 25 0 0.00 0 0 12:00am NNW1023.40 61 --------------------------------------------------------------------------------------- TOT 43.0 67.2 1/31/17 30.9 1/6/17 992 0 17.19 0 10 1/10/17 WNW1021.43 84 HEAT BASE: 75.0 COOL BASE: 64.0

Google



Contact Us | Mobile
Never base any life decisions on weather information from this site or anywhere over the Internet.
Site is dedicated to our Lord & Savior Jesus Christ (Yeshua Messiah) | Random Quotes

Copyright © 2017 El Dorado Weather, Inc. | Site Designed By:  El Dorado Weather
LightningRing