World Forecast Directory
El Dorado Weather Logo
U.S. Color IR Sat North America Color Background Satellite Thumb
Norcal Dual-Pol Radar Live Northern California Doppler Radar Thumbnail Image
Pacific NW Visible Sat Regional U.S. Radar
Pacific NW Radar Regional U.S. Radar
Storm Cell Tracking Live Northern California Radar and Satellite Thumbnail Image
Street Level Radar Live U.S. Google Map Radar Thumbnail Image
Live Lightning Radar Placerville California Lightning Detection Radar Thumbnail Image
Live Streaming Webcam Placerville California Live Streaming WebCam Thumbnail Image
Local Wx Station Data Sacramento, Northern Sierra Nevada & the Motherlode Area Current Weather Conditions

NOAA Climate Report From: Placerville, Ca. Weather Station (EDWPC)

Archives below start from 6/22/2006 to the present:
2017: Jan | Feb | Mar | Apr | May | Jun | Jul | Aug | Sep | Oct | Nov | Dec 
2016: Jan | Feb | Mar | Apr | May | Jun | Jul | Aug | Sep | Oct | Nov | Dec 
2015: Jan | Feb | Mar | Apr | May | Jun | Jul | Aug | Sep | Oct | Nov | Dec 
2014: Jan | Feb | Mar | Apr | May | Jun | Jul | Aug | Sep | Oct | Nov | Dec 
2013: Jan | Feb | Mar | Apr | May | Jun | Jul | Aug | Sep | Oct | Nov | Dec 
2012: Jan | Feb | Mar | Apr | May | Jun | Jul | Aug | Sep | Oct | Nov | Dec 
2011: Jan | Feb | Mar | Apr | May | Jun | Jul | Aug | Sep | Oct | Nov | Dec 
2010: Jan | Feb | Mar | Apr | May | Jun | Jul | Aug | Sep | Oct | Nov | Dec 
2009: Jan | Feb | Mar | Apr | May | Jun | Jul | Aug | Sep | Oct | Nov | Dec 
2008: Jan | Feb | Mar | Apr | May | Jun | Jul | Aug | Sep | Oct | Nov | Dec 
2007: Jan | Feb | Mar | Apr | May | Jun | Jul | Aug | Sep | Oct | Nov | Dec 
 2006: Jan | Feb | Mar | Apr | May | Jun | Jul | Aug | Sep | Oct | Nov | Dec 

Report for 2016 01 MONTHLY CLIMATOLOGICAL SUMMARY FOR 1/2016 HEAT COOL MEAN DEG DEG WIND SPEED DOM MEAN MEAN DAY TEMP HIGH TIME LOW TIME DAYS DAYS RAIN AVG HI TIME DIR BAROM HUM --------------------------------------------------------------------------------------- 1 36.9 48.4 1:31pm 31.4 8:06pm 37 0 0.00 0 0 12:00am W1024.63 61 2 41.4 49.8 2:27pm 34.2 12:04am 32 0 0.00 0 0 12:00am S1021.99 59 3 45.8 56.7 12:43pm 38.9 7:46am 28 0 0.00 0 0 12:00am NW1016.07 58 4 45.0 51.0 11:17am 39.4 12:21am 29 0 0.11 0 0 12:00am SW1011.94 68 5 44.5 49.8 1:26am 40.1 9:54pm 29 0 1.00 0 0 12:00am SSW1009.88 88 6 40.7 43.6 2:21pm 38.6 10:45pm 33 0 0.37 1 0 12:00am SW1011.16 90 7 39.8 46.4 1:49pm 33.1 11:52pm 34 0 0.01 0 0 12:00am N1017.70 90 8 39.2 51.3 12:50pm 31.8 7:42am 35 0 0.00 0 0 12:00am WNW1022.96 83 9 42.3 47.1 11:41am 38.9 6:13am 32 0 0.09 0 0 12:00am WNW1025.04 88 10 44.4 52.3 3:44pm 38.9 7:59am 29 0 0.01 0 0 12:00am NNW1026.79 85 11 44.9 56.5 3:16pm 38.8 11:08pm 29 0 0.00 0 0 12:00am WNW1030.64 72 12 45.6 59.3 1:16pm 36.7 2:58am 28 0 0.00 0 1 12:00pm WNW1027.03 68 13 46.5 54.6 3:09am 38.7 11:55pm 27 0 0.45 1 0 12:00am W1023.52 78 14 40.8 46.4 12:16pm 35.2 5:06am 33 0 0.34 0 0 12:00am WNW1023.72 86 15 45.6 52.2 11:39am 40.5 8:02am 28 0 0.30 0 0 12:00am WNW1022.97 88 16 47.9 54.5 1:02pm 43.4 4:54am 26 0 0.22 0 0 12:00am WNW1025.89 91 17 48.7 52.5 4:50pm 45.1 3:14am 25 0 0.36 0 0 12:00am SSW1023.93 82 18 49.0 59.5 12:56pm 43.8 8:01am 25 0 0.55 0 4 12:04am SW1024.54 84 19 48.6 51.1 3:26pm 45.6 6:12am 25 0 0.62 1 1 12:00am SW1021.88 88 20 50.3 59.7 1:43pm 44.6 11:55pm 24 0 0.00 0 1 12:00am SSW1027.64 85 21 51.9 66.7 12:26pm 42.4 6:37am 22 0 0.00 0 1 12:00am SW1024.68 64 22 50.3 55.8 5:22am 47.5 10:16am 23 0 0.74 0 1 12:00am SW1020.12 76 23 45.1 49.1 12:37am 43.4 2:17am 29 0 0.81 0 1 12:00am NW1021.40 92 24 44.2 52.8 3:22pm 37.4 7:15am 30 0 0.01 0 0 12:00am SW1026.25 89 25 44.7 58.1 12:48pm 35.3 7:07am 29 0 0.00 0 0 12:00am N1028.01 81 26 45.3 58.3 1:57pm 34.5 7:09am 28 0 0.00 0 0 12:00am WNW1030.72 80 27 48.8 66.1 1:35pm 40.1 7:23am 25 0 0.00 0 0 12:00am WNW1030.46 67 28 47.1 55.7 11:45am 39.1 3:12am 27 0 0.03 0 1 9:55am SSW1028.49 73 29 51.1 54.0 3:23pm 48.5 3:13am 23 0 1.61 0 1 12:00am W1023.17 93 30 46.4 53.5 1:22pm 42.9 11:59pm 27 0 0.36 0 1 12:00am W1019.55 87 31 40.5 46.1 3:31pm 35.2 11:58pm 33 0 0.16 0 1 12:00am N1013.04 85 --------------------------------------------------------------------------------------- TOT 45.3 66.7 1/21/16 31.4 1/1/16 884 0 8.16 0 4 1/18/16 WNW1022.80 80 HEAT BASE: 75.0 COOL BASE: 64.0

Google



Contact Us | Mobile
Never base any life decisions on weather information from this site or anywhere over the Internet.
Site is dedicated to our Lord & Savior Jesus Christ (Yeshua Messiah) | Random Quotes

Copyright © 2017 El Dorado Weather, Inc. | Site Designed By:  El Dorado Weather
LightningRing