World Forecast Directory
El Dorado Weather Logo
U.S. Color IR Sat North America Color Background Satellite Thumb
Norcal Dual-Pol Radar Live Northern California Doppler Radar Thumbnail Image
Pacific NW Visible Sat Regional U.S. Radar
Pacific NW Radar Regional U.S. Radar
Storm Cell Tracking Live Northern California Radar and Satellite Thumbnail Image
Street Level Radar Live U.S. Google Map Radar Thumbnail Image
Live Lightning Radar Placerville California Lightning Detection Radar Thumbnail Image
Live Streaming Webcam Placerville California Live Streaming WebCam Thumbnail Image
Local Wx Station Data Sacramento, Northern Sierra Nevada & the Motherlode Area Current Weather Conditions

NOAA Climate Report From: Placerville, Ca. Weather Station (EDWPC)

Archives below start from 6/22/2006 to the present:
2017: Jan | Feb | Mar | Apr | May | Jun | Jul | Aug | Sep | Oct | Nov | Dec 
2016: Jan | Feb | Mar | Apr | May | Jun | Jul | Aug | Sep | Oct | Nov | Dec 
2015: Jan | Feb | Mar | Apr | May | Jun | Jul | Aug | Sep | Oct | Nov | Dec 
2014: Jan | Feb | Mar | Apr | May | Jun | Jul | Aug | Sep | Oct | Nov | Dec 
2013: Jan | Feb | Mar | Apr | May | Jun | Jul | Aug | Sep | Oct | Nov | Dec 
2012: Jan | Feb | Mar | Apr | May | Jun | Jul | Aug | Sep | Oct | Nov | Dec 
2011: Jan | Feb | Mar | Apr | May | Jun | Jul | Aug | Sep | Oct | Nov | Dec 
2010: Jan | Feb | Mar | Apr | May | Jun | Jul | Aug | Sep | Oct | Nov | Dec 
2009: Jan | Feb | Mar | Apr | May | Jun | Jul | Aug | Sep | Oct | Nov | Dec 
2008: Jan | Feb | Mar | Apr | May | Jun | Jul | Aug | Sep | Oct | Nov | Dec 
2007: Jan | Feb | Mar | Apr | May | Jun | Jul | Aug | Sep | Oct | Nov | Dec 
 2006: Jan | Feb | Mar | Apr | May | Jun | Jul | Aug | Sep | Oct | Nov | Dec 

Report for 2015 05 MONTHLY CLIMATOLOGICAL SUMMARY FOR 5/2015 HEAT COOL MEAN DEG DEG WIND SPEED DOM MEAN MEAN DAY TEMP HIGH TIME LOW TIME DAYS DAYS RAIN AVG HI TIME DIR BAROM HUM --------------------------------------------------------------------------------------- 1 71.4 89.0 3:43pm 57.7 6:47am 7 10 0.00 0 1 12:00am NNE1012.59 38 2 67.8 83.9 4:43pm 55.2 7:25am 8 7 0.00 0 2 12:26pm NNE1012.25 43 3 63.9 80.6 2:34pm 48.5 6:59am 11 6 0.00 0 2 12:00am NNE1012.57 49 4 59.5 79.2 4:51pm 45.1 6:45am 15 4 0.00 0 2 12:00am NNE1014.83 59 5 58.7 75.6 3:12pm 44.9 6:04am 15 3 0.00 0 2 12:00am NNE1014.74 62 6 57.5 72.5 3:35pm 43.7 6:42am 16 2 0.00 0 2 12:00am NNE1012.29 60 7 49.5 59.7 3:17pm 42.3 11:57pm 24 0 0.09 0 5 2:59pm NW1010.26 69 8 52.5 69.7 4:56pm 39.7 5:11am 21 1 0.00 0 5 12:00am NNE1015.17 67 9 58.7 76.5 4:39pm 44.1 6:31am 15 3 0.00 0 2 12:00am N1019.73 62 10 62.2 80.4 5:00pm 48.9 3:23am 12 5 0.00 0 5 11:39am NNE1018.24 58 11 58.5 73.9 3:23pm 46.9 11:57pm 15 2 0.00 0 0 12:00am NE1014.28 54 12 52.6 68.2 5:03pm 41.4 6:27am 21 1 0.00 0 7 12:30pm NE1014.92 58 13 52.0 65.3 4:30pm 42.2 6:49am 22 0 0.00 0 5 12:00am NE1015.86 59 14 50.3 66.1 1:55pm 42.1 2:06am 23 0 0.45 0 9 2:23pm NE1013.14 71 15 51.8 65.6 3:59pm 42.5 5:57am 22 0 0.00 0 1 12:00am NE1015.16 75 16 57.0 73.7 4:27pm 43.1 5:36am 17 2 0.00 0 1 12:00am ENE1017.33 66 17 55.9 70.6 4:00pm 45.4 6:14am 18 1 0.00 0 4 5:09pm ENE1018.48 70 18 56.4 72.2 3:55pm 44.9 6:26am 17 2 0.00 0 6 12:31pm ENE1019.60 68 19 57.6 74.8 5:08pm 43.4 6:23am 16 2 0.00 0 1 12:00am E1019.42 65 20 58.3 74.0 2:59pm 45.4 6:40am 16 3 0.00 0 1 12:00am E1015.67 65 21 54.8 67.3 3:43pm 46.5 5:56am 19 0 0.00 0 1 12:00am ESE1016.07 73 22 57.1 65.8 6:13pm 50.0 6:54am 17 1 0.00 0 2 5:49pm ESE1018.19 72 23 58.7 72.7 5:24pm 51.2 7:00am 15 2 0.01 0 0 12:00am SE1019.56 72 24 62.7 81.6 4:39pm 49.0 5:17am 12 5 0.00 0 0 12:00am SE1016.64 64 25 64.4 82.4 4:14pm 51.4 3:31am 11 6 0.00 0 0 12:00am SE1015.10 59 26 62.2 81.9 4:07pm 47.7 6:44am 13 5 0.00 0 0 12:00am ESE1016.46 59 27 64.4 84.6 4:39pm 48.7 6:42am 12 7 0.00 0 3 5:30pm SE1016.92 56 28 66.5 82.4 1:15pm 50.3 6:29am 9 7 0.00 0 1 11:59pm SE1017.04 55 29 71.0 87.6 2:17pm 55.6 5:57am 7 10 0.00 0 1 12:00am SE1015.38 45 30 72.4 91.9 5:25pm 56.6 4:57am 7 11 0.00 0 1 12:00am SE1014.26 40 31 67.1 80.6 3:42pm 53.1 11:58pm 8 6 0.00 0 5 2:29pm SE1013.91 38 --------------------------------------------------------------------------------------- TOT 59.8 91.9 5/30/15 39.7 5/8/15 462 113 0.55 0 9 5/14/15 NNE1015.64 60 HEAT BASE: 75.0 COOL BASE: 64.0

Google



Contact Us | Mobile
Never base any life decisions on weather information from this site or anywhere over the Internet.
Site is dedicated to our Lord & Savior Jesus Christ (Yeshua Messiah) | Random Quotes

Copyright © 2017 El Dorado Weather, Inc. | Site Designed By:  El Dorado Weather
LightningRing