World Forecast Directory
El Dorado Weather Logo
U.S. Color IR Sat North America Color Background Satellite Thumb
Norcal Dual-Pol Radar Live Northern California Doppler Radar Thumbnail Image
Pacific NW Visible Sat Regional U.S. Radar
Pacific NW Radar Regional U.S. Radar
Storm Cell Tracking Live Northern California Radar and Satellite Thumbnail Image
Street Level Radar Live U.S. Google Map Radar Thumbnail Image
Live Lightning Radar Placerville California Lightning Detection Radar Thumbnail Image
Live Streaming Webcam Placerville California Live Streaming WebCam Thumbnail Image
Local Wx Station Data Sacramento, Northern Sierra Nevada & the Motherlode Area Current Weather Conditions

NOAA Climate Report From: Placerville, Ca. Weather Station (EDWPC)

Archives below start from 6/22/2006 to the present:
2017: Jan | Feb | Mar | Apr | May | Jun | Jul | Aug | Sep | Oct | Nov | Dec 
2016: Jan | Feb | Mar | Apr | May | Jun | Jul | Aug | Sep | Oct | Nov | Dec 
2015: Jan | Feb | Mar | Apr | May | Jun | Jul | Aug | Sep | Oct | Nov | Dec 
2014: Jan | Feb | Mar | Apr | May | Jun | Jul | Aug | Sep | Oct | Nov | Dec 
2013: Jan | Feb | Mar | Apr | May | Jun | Jul | Aug | Sep | Oct | Nov | Dec 
2012: Jan | Feb | Mar | Apr | May | Jun | Jul | Aug | Sep | Oct | Nov | Dec 
2011: Jan | Feb | Mar | Apr | May | Jun | Jul | Aug | Sep | Oct | Nov | Dec 
2010: Jan | Feb | Mar | Apr | May | Jun | Jul | Aug | Sep | Oct | Nov | Dec 
2009: Jan | Feb | Mar | Apr | May | Jun | Jul | Aug | Sep | Oct | Nov | Dec 
2008: Jan | Feb | Mar | Apr | May | Jun | Jul | Aug | Sep | Oct | Nov | Dec 
2007: Jan | Feb | Mar | Apr | May | Jun | Jul | Aug | Sep | Oct | Nov | Dec 
 2006: Jan | Feb | Mar | Apr | May | Jun | Jul | Aug | Sep | Oct | Nov | Dec 

Report for 2015 02 MONTHLY CLIMATOLOGICAL SUMMARY FOR 2/2015 HEAT COOL MEAN DEG DEG WIND SPEED DOM MEAN MEAN DAY TEMP HIGH TIME LOW TIME DAYS DAYS RAIN AVG HI TIME DIR BAROM HUM --------------------------------------------------------------------------------------- 1 51.0 64.0 1:11pm 41.9 7:46am 23 0 0.00 0 2 12:00am SW1024.23 61 2 53.6 67.5 1:40pm 44.7 5:07am 20 1 0.00 0 2 12:00am NW1024.36 61 3 54.9 70.2 1:49pm 47.1 3:12am 19 1 0.00 0 2 12:00am SW1023.20 69 4 54.8 72.1 12:23pm 44.3 5:59am 19 1 0.00 0 2 12:00am SW1021.42 57 5 55.5 68.5 12:22pm 42.4 5:56am 18 0 0.00 0 5 11:57am SW1018.50 50 6 56.0 68.5 6:14am 48.0 7:49pm 18 1 2.07 2 4 12:00am S1015.74 53 7 54.1 56.5 1:25pm 52.0 12:00am 20 0 0.93 0 4 12:00am W1020.95 92 8 52.5 55.4 4:51pm 49.8 7:05am 21 0 1.08 1 4 12:00am WNW1019.17 93 9 51.1 61.1 2:29pm 41.9 11:56pm 23 0 0.24 0 5 1:51pm WNW1026.05 84 10 47.4 63.1 2:43pm 36.4 5:21am 26 0 0.00 0 5 12:00am N1024.94 70 11 51.7 65.5 1:22pm 40.0 6:25am 22 0 0.00 0 5 12:00am NW1025.12 68 12 57.5 73.9 12:04pm 47.6 6:33am 16 3 0.00 0 5 12:00am NW1025.53 59 13 58.5 77.0 1:40pm 47.5 7:29am 16 3 0.00 0 5 12:00am NNE1023.50 55 14 59.2 75.5 2:04pm 48.5 5:54am 14 3 0.00 0 0 12:00am NNE1021.83 53 15 57.0 73.1 2:05pm 45.5 5:41am 17 2 0.00 0 0 12:00am NNW1020.08 57 16 57.8 73.4 1:59pm 47.3 7:07am 16 3 0.00 0 0 12:00am N1019.14 60 17 56.1 70.2 11:32am 47.2 5:46am 18 2 0.00 0 0 12:00am NW1021.89 67 18 53.8 71.0 1:35pm 41.5 6:35am 20 1 0.00 0 0 12:00am NW1024.37 78 19 53.2 68.1 1:33pm 44.9 4:28am 21 1 0.01 0 0 12:00am NNW1022.84 78 20 51.3 65.5 2:57pm 41.3 7:00am 23 0 0.00 0 0 12:00am NNW1019.72 78 21 47.8 59.2 12:55pm 40.3 11:52pm 26 0 0.00 0 0 12:00am NNW1016.38 82 22 49.4 65.3 2:46pm 40.3 12:01am 24 0 0.00 0 0 12:00am WSW1013.98 55 23 49.9 63.8 2:56pm 37.0 11:57pm 24 0 0.00 1 0 12:00am WSW1020.17 25 24 47.0 64.2 11:58am 33.1 6:43am 27 0 0.00 0 6 11:59am NNW1029.33 43 25 48.0 63.9 12:34pm 35.4 6:59am 26 0 0.00 0 2 12:00am NE1026.45 57 26 51.1 67.5 2:58pm 38.9 6:58am 23 1 0.00 0 2 12:00am NE1018.83 61 27 49.9 61.0 12:19pm 41.4 7:12am 24 0 0.05 0 2 12:00am NNW1011.59 72 28 42.8 49.4 3:46pm 38.9 11:10pm 31 0 0.29 0 2 12:00am WSW1012.77 87 --------------------------------------------------------------------------------------- TOT 52.6 77.0 2/13/15 33.1 2/24/15 593 23 4.67 0 6 2/24/15 NW1021.11 65 HEAT BASE: 75.0 COOL BASE: 64.0

Google



Contact Us | Mobile
Never base any life decisions on weather information from this site or anywhere over the Internet.
Site is dedicated to our Lord & Savior Jesus Christ (Yeshua Messiah) | Random Quotes

Copyright © 2017 El Dorado Weather, Inc. | Site Designed By:  El Dorado Weather
LightningRing