World Forecast Directory
El Dorado Weather Logo
U.S. Color IR Sat North America Color Background Satellite Thumb
Norcal Dual-Pol Radar Live Northern California Doppler Radar Thumbnail Image
Pacific NW Visible Sat Regional U.S. Radar
Pacific NW Radar Regional U.S. Radar
Storm Cell Tracking Live Northern California Radar and Satellite Thumbnail Image
Street Level Radar Live U.S. Google Map Radar Thumbnail Image
Live Lightning Radar Placerville California Lightning Detection Radar Thumbnail Image
Live Streaming Webcam Placerville California Live Streaming WebCam Thumbnail Image
Local Wx Station Data Sacramento, Northern Sierra Nevada & the Motherlode Area Current Weather Conditions

NOAA Climate Report From: Placerville, Ca. Weather Station (EDWPC)

Archives below start from 6/22/2006 to the present:
2017: Jan | Feb | Mar | Apr | May | Jun | Jul | Aug | Sep | Oct | Nov | Dec 
2016: Jan | Feb | Mar | Apr | May | Jun | Jul | Aug | Sep | Oct | Nov | Dec 
2015: Jan | Feb | Mar | Apr | May | Jun | Jul | Aug | Sep | Oct | Nov | Dec 
2014: Jan | Feb | Mar | Apr | May | Jun | Jul | Aug | Sep | Oct | Nov | Dec 
2013: Jan | Feb | Mar | Apr | May | Jun | Jul | Aug | Sep | Oct | Nov | Dec 
2012: Jan | Feb | Mar | Apr | May | Jun | Jul | Aug | Sep | Oct | Nov | Dec 
2011: Jan | Feb | Mar | Apr | May | Jun | Jul | Aug | Sep | Oct | Nov | Dec 
2010: Jan | Feb | Mar | Apr | May | Jun | Jul | Aug | Sep | Oct | Nov | Dec 
2009: Jan | Feb | Mar | Apr | May | Jun | Jul | Aug | Sep | Oct | Nov | Dec 
2008: Jan | Feb | Mar | Apr | May | Jun | Jul | Aug | Sep | Oct | Nov | Dec 
2007: Jan | Feb | Mar | Apr | May | Jun | Jul | Aug | Sep | Oct | Nov | Dec 
 2006: Jan | Feb | Mar | Apr | May | Jun | Jul | Aug | Sep | Oct | Nov | Dec 

Report for 2011 11 MONTHLY CLIMATOLOGICAL SUMMARY FOR 11/2011 HEAT COOL MEAN DEG DEG WIND SPEED DOM MEAN MEAN DAY TEMP HIGH TIME LOW TIME DAYS DAYS RAIN AVG HI TIME DIR BAROM HUM --------------------------------------------------------------------------------------- 1 61.7 78.4 2:19pm 49.4 7:11am 13 3 0.00 101 0 12:00am SE 30.03 41 2 59.1 75.4 2:17pm 47.2 8:06am 16 2 0.00 100 0 12:00am SW 30.08 33 3 53.5 67.5 11:59am 43.7 11:47pm 21 0 0.16 101 0 12:00am SE 29.88 52 4 44.9 56.9 2:27pm 37.2 11:38pm 30 0 0.00 100 0 12:00am SE 29.83 74 5 42.4 52.2 1:25pm 35.4 2:40am 33 0 0.25 101 0 12:00am WNW 29.93 69 6 43.2 48.4 2:24pm 37.5 11:58pm 32 0 0.16 100 0 12:00am SW 29.98 84 7 44.2 58.3 12:51pm 34.7 6:53am 31 0 0.00 100 0 12:00am SW 30.15 74 8 47.1 62.1 1:19pm 37.5 5:42am 28 0 0.00 100 0 12:00am WNW 30.25 68 9 50.9 67.2 1:21pm 41.1 2:42am 24 0 0.00 100 0 12:00am NW 30.22 56 10 55.1 74.6 12:53pm 43.4 4:06am 20 2 0.00 100 0 12:00am NNE 30.08 38 11 53.7 62.8 11:29am 47.3 12:02am 20 0 0.14 100 9 3:30am WNW 29.84 53 12 51.9 64.0 12:46pm 46.0 10:08pm 23 0 0.02 100 4 12:00am SE 29.87 77 13 53.9 67.3 1:19pm 46.0 1:42am 21 0 0.00 100 4 12:00am ESE 29.95 72 14 53.8 65.9 12:58pm 46.4 10:59pm 21 0 0.00 100 4 12:00am SSE 29.99 75 15 52.0 66.8 1:22pm 43.1 5:01am 23 0 0.00 100 4 12:00am NNW 30.11 71 16 53.5 69.4 12:58pm 43.2 6:32am 21 1 0.00 100 4 12:00am NW 30.16 67 17 52.8 67.5 12:02pm 44.5 7:29am 22 0 0.00 100 4 12:00am E 30.10 70 18 47.0 55.5 11:19am 42.8 5:04am 28 0 0.20 101 4 12:00am SW 29.95 80 19 45.2 54.0 1:05pm 38.5 7:23am 30 0 0.01 100 4 12:00am SSE 29.87 73 20 45.9 52.3 2:13pm 42.0 6:31am 29 0 0.26 101 4 12:00am SE 29.85 78 21 46.5 60.8 1:16pm 37.1 6:46am 29 0 0.00 100 0 12:00am SE 30.14 74 22 47.7 62.5 12:30pm 38.6 6:04am 27 0 0.00 100 0 12:00am E 30.18 71 23 47.8 57.2 1:41pm 40.4 6:43am 27 0 0.00 100 0 12:00am ENE 29.94 70 24 48.4 52.4 11:20am 42.7 2:33am 27 0 0.20 100 0 12:00am SE 30.02 78 25 50.7 63.3 1:16pm 42.9 7:39am 24 0 0.00 100 0 12:00am SE 30.27 81 26 51.3 66.8 12:57pm 40.9 4:50am 24 0 0.01 100 0 12:00am WSW 30.32 76 27 56.5 74.4 12:23pm 46.4 3:39am 19 2 0.00 100 0 12:00am SE 30.29 56 28 55.0 71.7 1:46pm 46.4 10:17pm 20 1 0.00 100 0 12:00am SE 30.22 54 29 51.6 68.4 1:26pm 42.4 7:29am 23 0 0.00 100 0 12:00am SE 30.18 59 30 50.0 65.3 1:30pm 37.9 7:31am 25 0 0.00 101 0 12:00am NNE 30.14 50 --------------------------------------------------------------------------------------- TOT 50.6 78.4 11/1/11 34.7 11/7/11 731 12 1.41 100 9 11/11/11 SE 30.06 66 HEAT BASE: 75.0 COOL BASE: 64.0

Google



Contact Us | Mobile
Never base any life decisions on weather information from this site or anywhere over the Internet.
Site is dedicated to our Lord & Savior Jesus Christ (Yeshua Messiah) | Random Quotes

Copyright © 2017 El Dorado Weather, Inc. | Site Designed By:  El Dorado Weather
LightningRing