World Forecast Directory
El Dorado Weather Logo
U.S. Color IR Sat North America Color Background Satellite Thumb
Norcal Dual-Pol Radar Live Northern California Doppler Radar Thumbnail Image
Pacific NW Visible Sat Regional U.S. Radar
Pacific NW Radar Regional U.S. Radar
Storm Cell Tracking Live Northern California Radar and Satellite Thumbnail Image
Street Level Radar Live U.S. Google Map Radar Thumbnail Image
Live Lightning Radar Placerville California Lightning Detection Radar Thumbnail Image
Live Streaming Webcam Placerville California Live Streaming WebCam Thumbnail Image
Local Wx Station Data Sacramento, Northern Sierra Nevada & the Motherlode Area Current Weather Conditions

NOAA Climate Report From: Placerville, Ca. Weather Station (EDWPC)

Archives below start from 6/22/2006 to the present:
2017: Jan | Feb | Mar | Apr | May | Jun | Jul | Aug | Sep | Oct | Nov | Dec 
2016: Jan | Feb | Mar | Apr | May | Jun | Jul | Aug | Sep | Oct | Nov | Dec 
2015: Jan | Feb | Mar | Apr | May | Jun | Jul | Aug | Sep | Oct | Nov | Dec 
2014: Jan | Feb | Mar | Apr | May | Jun | Jul | Aug | Sep | Oct | Nov | Dec 
2013: Jan | Feb | Mar | Apr | May | Jun | Jul | Aug | Sep | Oct | Nov | Dec 
2012: Jan | Feb | Mar | Apr | May | Jun | Jul | Aug | Sep | Oct | Nov | Dec 
2011: Jan | Feb | Mar | Apr | May | Jun | Jul | Aug | Sep | Oct | Nov | Dec 
2010: Jan | Feb | Mar | Apr | May | Jun | Jul | Aug | Sep | Oct | Nov | Dec 
2009: Jan | Feb | Mar | Apr | May | Jun | Jul | Aug | Sep | Oct | Nov | Dec 
2008: Jan | Feb | Mar | Apr | May | Jun | Jul | Aug | Sep | Oct | Nov | Dec 
2007: Jan | Feb | Mar | Apr | May | Jun | Jul | Aug | Sep | Oct | Nov | Dec 
 2006: Jan | Feb | Mar | Apr | May | Jun | Jul | Aug | Sep | Oct | Nov | Dec 

Report for 2010 06 MONTHLY CLIMATOLOGICAL SUMMARY FOR 6/2010 HEAT COOL MEAN DEG DEG WIND SPEED DOM MEAN MEAN DAY TEMP HIGH TIME LOW TIME DAYS DAYS RAIN AVG HI TIME DIR BAROM HUM --------------------------------------------------------------------------------------- 1 62.9 75.0 4:29pm 54.8 6:29am 12 3 0.00 0 3 12:00am NNW 29.99 69 2 65.6 78.6 4:22pm 53.7 3:22am 10 5 0.00 0 3 12:00am NNW 30.02 67 3 67.5 78.8 2:40pm 59.3 6:12am 8 5 0.00 0 3 12:00am NNW 29.99 66 4 67.5 78.3 4:24pm 61.0 5:02am 8 4 0.00 0 3 12:00am NNW 30.04 65 5 71.0 85.9 4:39pm 57.6 6:11am 7 9 0.00 0 4 2:00pm N 30.05 63 6 72.1 85.8 4:18pm 60.0 5:44am 6 9 0.00 0 4 12:00am N 30.04 59 7 68.2 82.8 3:25pm 54.5 5:49am 8 6 0.00 0 4 12:00am NNE 29.98 61 8 68.5 82.5 2:44pm 58.6 11:58pm 8 6 0.00 0 0 12:00am N 29.98 60 9 62.7 74.9 2:41pm 51.3 11:58pm 12 3 0.00 0 0 12:00am N 30.04 61 10 59.3 72.4 4:32pm 49.8 1:54am 16 2 0.00 0 0 12:00am NE 30.01 60 11 65.4 83.6 2:23pm 48.3 6:34am 11 6 0.00 0 0 12:00am NE 29.92 44 12 70.1 86.8 3:29pm 53.8 5:03am 8 9 0.00 0 9 6:00pm NE 29.96 38 13 75.9 90.6 2:51pm 63.3 1:19am 4 12 0.00 0 7 12:00am NNE 30.02 31 14 76.1 90.9 3:03pm 63.7 6:29am 4 12 0.00 0 7 12:00am NNE 29.98 38 15 68.1 81.9 3:44pm 55.4 7:01am 8 6 0.00 0 7 12:00am NNE 29.85 49 16 63.5 78.7 3:28pm 51.8 6:07am 12 4 0.00 0 7 12:00am NNE 29.93 49 17 68.3 83.5 2:42pm 54.0 5:12am 9 7 0.00 0 7 12:00am NNE 29.95 32 18 66.2 80.5 2:01pm 52.9 11:58pm 10 6 0.00 0 7 12:00am N 29.92 44 19 59.9 75.0 4:36pm 46.9 5:43am 15 2 0.00 0 7 12:00am NNE 30.03 58 20 62.1 78.6 2:45pm 45.7 6:12am 13 4 0.00 0 7 12:00am ESE 30.02 51 21 67.9 84.6 3:40pm 53.3 5:17am 9 7 0.00 0 7 12:00am NNE 29.95 46 22 74.6 92.8 3:25pm 59.6 6:17am 6 11 0.00 0 7 12:00am N 30.00 41 23 77.3 95.4 3:35pm 63.2 5:13am 4 13 0.00 0 3 12:00am N 29.97 41 24 74.1 89.0 3:55pm 61.5 6:57am 5 10 0.00 0 3 12:00am NNE 29.95 42 25 70.3 87.4 5:14pm 56.6 2:40am 7 8 0.02 0 3 12:00am NNE 29.95 62 26 76.0 94.5 4:39pm 60.0 6:33am 5 13 0.00 0 3 12:00am N 29.92 54 27 81.8 103.3 4:35pm 64.1 6:29am 3 18 0.00 0 3 12:00am N 29.85 48 28 85.8 105.0 4:23pm 71.5 7:00am 1 22 0.00 0 0 12:00am NNE 29.80 42 29 81.4 99.4 4:16pm 66.6 5:42am 2 17 0.00 0 0 12:00am N 29.84 41 30 74.6 92.7 4:16pm 60.5 6:37am 5 11 0.00 0 0 12:00am NNE 29.89 40 --------------------------------------------------------------------------------------- TOT 70.1 105.0 6/28/10 45.7 6/20/10 236 250 0.02 0 9 6/12/10 N 29.96 51 HEAT BASE: 75.0 COOL BASE: 64.0

Google



Contact Us | Mobile
Never base any life decisions on weather information from this site or anywhere over the Internet.
Site is dedicated to our Lord & Savior Jesus Christ (Yeshua Messiah) | Random Quotes

Copyright © 2017 El Dorado Weather, Inc. | Site Designed By:  El Dorado Weather
LightningRing