World Forecast Directory
El Dorado Weather Logo
U.S. Color IR Sat North America Color Background Satellite Thumb
Norcal Dual-Pol Radar Live Northern California Doppler Radar Thumbnail Image
Pacific NW Visible Sat Regional U.S. Radar
Pacific NW Radar Regional U.S. Radar
Storm Cell Tracking Live Northern California Radar and Satellite Thumbnail Image
Street Level Radar Live U.S. Google Map Radar Thumbnail Image
Live Lightning Radar Placerville California Lightning Detection Radar Thumbnail Image
Live Streaming Webcam Placerville California Live Streaming WebCam Thumbnail Image
Local Wx Station Data Sacramento, Northern Sierra Nevada & the Motherlode Area Current Weather Conditions

NOAA Climate Report From: Placerville, Ca. Weather Station (EDWPC)

Archives below start from 6/22/2006 to the present:
2017: Jan | Feb | Mar | Apr | May | Jun | Jul | Aug | Sep | Oct | Nov | Dec 
2016: Jan | Feb | Mar | Apr | May | Jun | Jul | Aug | Sep | Oct | Nov | Dec 
2015: Jan | Feb | Mar | Apr | May | Jun | Jul | Aug | Sep | Oct | Nov | Dec 
2014: Jan | Feb | Mar | Apr | May | Jun | Jul | Aug | Sep | Oct | Nov | Dec 
2013: Jan | Feb | Mar | Apr | May | Jun | Jul | Aug | Sep | Oct | Nov | Dec 
2012: Jan | Feb | Mar | Apr | May | Jun | Jul | Aug | Sep | Oct | Nov | Dec 
2011: Jan | Feb | Mar | Apr | May | Jun | Jul | Aug | Sep | Oct | Nov | Dec 
2010: Jan | Feb | Mar | Apr | May | Jun | Jul | Aug | Sep | Oct | Nov | Dec 
2009: Jan | Feb | Mar | Apr | May | Jun | Jul | Aug | Sep | Oct | Nov | Dec 
2008: Jan | Feb | Mar | Apr | May | Jun | Jul | Aug | Sep | Oct | Nov | Dec 
2007: Jan | Feb | Mar | Apr | May | Jun | Jul | Aug | Sep | Oct | Nov | Dec 
 2006: Jan | Feb | Mar | Apr | May | Jun | Jul | Aug | Sep | Oct | Nov | Dec 

Report for 2009 09 MONTHLY CLIMATOLOGICAL SUMMARY FOR 9/2009 HEAT COOL MEAN DEG DEG WIND SPEED DOM MEAN MEAN DAY TEMP HIGH TIME LOW TIME DAYS DAYS RAIN AVG HI TIME DIR BAROM HUM --------------------------------------------------------------------------------------- 1 76.3 93.9 3:49pm 62.5 6:02am 5 11 0.00 0 0 12:00am ESE 29.98 35 2 82.9 98.8 3:11pm 70.6 12:43am 1 18 0.00 0 0 12:00am ESE 29.99 24 3 70.3 75.7 9:47am 67.2 4:30am 3 2 0.00 0 0 12:00am SE 29.94 35 4 76.7 93.3 2:31pm 63.8 11:30pm 4 11 0.00 0 6 5:00pm ESE 29.92 25 5 68.9 85.2 3:49pm 53.7 7:00am 9 6 0.00 0 3 9:30am ESE 29.95 44 6 67.1 81.5 3:30pm 54.6 7:00am 10 4 0.00 0 7 2:00pm ESE 30.04 52 7 69.1 86.6 2:49pm 56.3 6:25am 9 6 0.00 0 6 5:00pm ESE 29.96 39 8 72.6 88.5 3:16pm 59.8 2:19am 7 9 0.00 0 6 12:00am ESE 29.87 32 9 76.3 94.2 3:45pm 63.1 4:41am 5 11 0.00 0 6 2:30pm ESE 29.97 30 10 79.4 98.8 3:09pm 67.1 3:28am 3 14 0.00 0 6 12:00am ESE 30.03 29 11 82.8 101.1 2:34pm 70.6 1:44am 1 18 0.00 0 6 12:00am SE 29.97 26 12 76.4 86.3 11:42am 65.8 11:58pm 1 11 0.00 0 6 12:00am SE 29.83 36 13 63.9 76.5 1:29pm 54.4 7:35am 12 2 0.00 0 6 12:00am ESE 29.83 64 14 63.5 75.4 4:05pm 58.1 11:47pm 13 2 0.07 0 6 12:00am SE 30.00 72 15 66.9 84.0 2:53pm 55.2 6:53am 11 5 0.00 0 6 12:00am SE 30.06 62 16 72.1 89.3 3:48pm 58.9 6:42am 7 8 0.00 0 6 12:00am ESE 30.05 52 17 74.6 92.3 3:18pm 61.8 4:26am 5 10 0.00 0 6 12:00am ESE 29.96 46 18 79.3 97.4 2:19pm 67.0 3:13am 3 14 0.00 0 6 12:00am ESE 29.90 38 19 76.8 92.4 2:49pm 66.7 5:18am 4 11 0.00 0 6 12:00am ESE 29.96 38 20 76.7 94.2 2:19pm 65.2 2:54am 4 11 0.00 0 0 12:00am ESE 29.98 30 21 78.8 97.8 3:21pm 65.5 4:46am 4 13 0.00 0 0 12:00am ESE 30.00 26 22 82.4 100.4 2:45pm 70.0 5:43am 1 17 0.00 0 0 12:00am ESE 30.01 13 23 80.5 99.8 2:47pm 66.1 7:01am 3 15 0.00 0 0 12:00am ESE 29.99 16 24 79.9 97.1 3:10pm 66.7 6:06am 2 15 0.00 0 0 12:00am ESE 29.95 21 25 81.0 100.6 2:19pm 67.9 4:53am 2 16 0.00 0 0 12:00am SE 29.97 25 26 81.1 100.6 3:12pm 66.8 4:56am 2 16 0.00 0 0 12:00am ESE 30.00 22 27 82.6 100.5 2:31pm 70.3 6:12am 1 17 0.00 0 0 12:00am ESE 29.89 21 28 75.3 91.5 2:12pm 63.7 11:39pm 4 10 0.00 0 0 12:00am SE 29.80 29 29 59.5 68.8 3:22pm 49.7 11:59pm 17 0 0.00 0 0 12:00am SE 29.90 44 30 57.6 74.0 2:44pm 45.3 4:51am 19 1 0.00 0 0 12:00am SE 30.11 40 --------------------------------------------------------------------------------------- TOT 74.8 101.1 9/11/09 45.3 9/30/09 172 306 0.07 0 7 9/6/09 ESE 29.96 35 HEAT BASE: 75.0 COOL BASE: 64.0

Google



Contact Us | Mobile
Never base any life decisions on weather information from this site or anywhere over the Internet.
Site is dedicated to our Lord & Savior Jesus Christ (Yeshua Messiah) | Random Quotes

Copyright © 2017 El Dorado Weather, Inc. | Site Designed By:  El Dorado Weather
LightningRing