World Forecast Directory
El Dorado Weather Logo
U.S. Color IR Sat North America Color Background Satellite Thumb
Norcal Dual-Pol Radar Live Northern California Doppler Radar Thumbnail Image
Pacific NW Visible Sat Regional U.S. Radar
Pacific NW Radar Regional U.S. Radar
Storm Cell Tracking Live Northern California Radar and Satellite Thumbnail Image
Street Level Radar Live U.S. Google Map Radar Thumbnail Image
Live Lightning Radar Placerville California Lightning Detection Radar Thumbnail Image
Live Streaming Webcam Placerville California Live Streaming WebCam Thumbnail Image
Local Wx Station Data Sacramento, Northern Sierra Nevada & the Motherlode Area Current Weather Conditions

NOAA Climate Report From: Placerville, Ca. Weather Station (EDWPC)

Archives below start from 6/22/2006 to the present:
2017: Jan | Feb | Mar | Apr | May | Jun | Jul | Aug | Sep | Oct | Nov | Dec 
2016: Jan | Feb | Mar | Apr | May | Jun | Jul | Aug | Sep | Oct | Nov | Dec 
2015: Jan | Feb | Mar | Apr | May | Jun | Jul | Aug | Sep | Oct | Nov | Dec 
2014: Jan | Feb | Mar | Apr | May | Jun | Jul | Aug | Sep | Oct | Nov | Dec 
2013: Jan | Feb | Mar | Apr | May | Jun | Jul | Aug | Sep | Oct | Nov | Dec 
2012: Jan | Feb | Mar | Apr | May | Jun | Jul | Aug | Sep | Oct | Nov | Dec 
2011: Jan | Feb | Mar | Apr | May | Jun | Jul | Aug | Sep | Oct | Nov | Dec 
2010: Jan | Feb | Mar | Apr | May | Jun | Jul | Aug | Sep | Oct | Nov | Dec 
2009: Jan | Feb | Mar | Apr | May | Jun | Jul | Aug | Sep | Oct | Nov | Dec 
2008: Jan | Feb | Mar | Apr | May | Jun | Jul | Aug | Sep | Oct | Nov | Dec 
2007: Jan | Feb | Mar | Apr | May | Jun | Jul | Aug | Sep | Oct | Nov | Dec 
 2006: Jan | Feb | Mar | Apr | May | Jun | Jul | Aug | Sep | Oct | Nov | Dec 

Report for 2008 01 MONTHLY CLIMATOLOGICAL SUMMARY FOR 1/2008 HEAT COOL MEAN DEG DEG WIND SPEED DOM MEAN MEAN DAY TEMP HIGH TIME LOW TIME DAYS DAYS RAIN AVG HI TIME DIR BAROM HUM --------------------------------------------------------------------------------------- 1 45.7 61.7 1:43pm 36.5 7:00am 19 0 0.00 0 2 9:00am NNE 30.23 73 2 48.2 63.9 12:57pm 39.7 2:32am 17 0 0.00 0 2 12:00am SSE 30.08 53 3 49.3 58.0 11:24am 42.7 12:15am 16 0 0.09 1 1 12:00am SSE 29.96 50 4 46.7 51.3 1:44pm 43.4 9:23pm 18 0 2.65 2 1 12:00am SSW 29.64 90 5 41.0 46.0 11:30am 37.2 7:30pm 24 0 1.17 0 18 1:30pm SSW 29.77 94 6 41.0 47.7 2:00pm 37.9 7:30pm 24 0 0.14 0 12 12:00am SSW 29.86 91 7 39.8 45.5 1:51pm 36.3 11:29pm 26 0 0.07 0 1 12:30am SW 30.04 92 8 41.5 44.2 2:21pm 36.8 12:00am 23 0 0.57 0 0 12:00am SW 30.10 90 9 44.8 50.0 3:04pm 40.1 7:41am 20 0 0.00 0 0 12:00am SSW 30.22 94 10 46.6 50.6 3:34pm 43.3 5:53am 18 0 0.08 0 0 12:00am SW 30.22 96 11 46.9 54.7 1:26pm 43.4 12:15am 18 0 0.00 0 0 12:00am WSW 30.21 94 12 46.2 51.5 2:31pm 41.6 11:51pm 19 0 0.01 0 0 12:00am W 30.24 96 13 41.9 52.8 1:41pm 35.3 8:19am 23 0 0.00 0 0 12:00am SW 30.26 90 14 47.1 61.4 12:25pm 37.2 7:27am 18 0 0.00 0 2 7:00pm E 30.29 76 15 45.5 59.4 1:47pm 36.6 11:13pm 20 0 0.00 0 1 12:00am ENE 30.18 68 16 40.1 53.2 1:35pm 33.7 11:36pm 24 0 0.00 0 1 12:00am SW 30.09 85 17 39.7 53.1 1:48pm 31.1 5:59am 25 0 0.00 0 3 12:30pm E 30.14 83 18 43.7 59.0 1:34pm 34.3 1:29am 21 0 0.00 0 0 12:00am SW 30.19 76 19 45.4 60.0 1:02pm 36.4 4:44am 20 0 0.00 0 0 12:00am SW 30.21 66 20 41.1 46.9 10:57am 37.4 6:38am 24 0 0.00 0 0 12:00am SW 29.93 80 21 39.5 43.4 2:15pm 38.2 6:17pm 26 0 0.10 0 0 12:00am SW 29.94 90 22 40.2 42.8 4:23am 37.9 10:46pm 25 0 0.33 0 0 12:00am ENE 30.04 86 23 41.2 45.1 10:47am 38.5 12:00am 24 0 0.58 0 0 12:00am SSW 29.91 95 24 38.7 42.6 1:50pm 34.2 2:40am 26 0 0.15 0 0 12:00am SW 29.78 89 25 48.4 53.9 2:38pm 41.2 12:00am 16 0 0.02 1 0 12:00am SSW 29.91 70 26 52.7 60.9 2:01pm 45.3 11:59pm 12 0 0.02 1 0 12:00am SW 29.99 52 27 47.5 49.9 10:27am 40.1 11:59pm 17 0 1.72 1 0 12:00am SW 29.63 92 28 37.5 45.1 1:24pm 33.3 11:30pm 28 0 0.05 0 1 11:30pm W 29.99 84 29 35.0 38.7 2:14pm 31.2 4:00am 30 0 0.34 0 1 8:30am W 30.19 90 30 38.3 47.9 1:23pm 34.2 6:28am 27 0 0.12 0 1 12:30am W 30.26 84 31 40.4 44.2 11:20am 37.5 1:06am 25 0 0.89 1 1 12:00am W 30.24 85 --------------------------------------------------------------------------------------- TOT 43.3 63.9 1/2/08 31.1 1/17/08 672 0 9.11 0 18 1/5/08 SSW 30.06 82 HEAT BASE: 65.0 COOL BASE: 65.0

Google



Contact Us | Mobile
Never base any life decisions on weather information from this site or anywhere over the Internet.
Site is dedicated to our Lord & Savior Jesus Christ (Yeshua Messiah) | Random Quotes

Copyright © 2017 El Dorado Weather, Inc. | Site Designed By:  El Dorado Weather
LightningRing