World Forecast Directory
El Dorado Weather Logo
U.S. Color IR Sat North America Color Background Satellite Thumb
Norcal Dual-Pol Radar Live Northern California Doppler Radar Thumbnail Image
Pacific NW Visible Sat Regional U.S. Radar
Pacific NW Radar Regional U.S. Radar
Storm Cell Tracking Live Northern California Radar and Satellite Thumbnail Image
Street Level Radar Live U.S. Google Map Radar Thumbnail Image
Live Lightning Radar Placerville California Lightning Detection Radar Thumbnail Image
Live Streaming Webcam Placerville California Live Streaming WebCam Thumbnail Image
Local Wx Station Data Sacramento, Northern Sierra Nevada & the Motherlode Area Current Weather Conditions

NOAA Climate Report From: Placerville, Ca. Weather Station (EDWPC)

Archives below start from 6/22/2006 to the present:
2017: Jan | Feb | Mar | Apr | May | Jun | Jul | Aug | Sep | Oct | Nov | Dec 
2016: Jan | Feb | Mar | Apr | May | Jun | Jul | Aug | Sep | Oct | Nov | Dec 
2015: Jan | Feb | Mar | Apr | May | Jun | Jul | Aug | Sep | Oct | Nov | Dec 
2014: Jan | Feb | Mar | Apr | May | Jun | Jul | Aug | Sep | Oct | Nov | Dec 
2013: Jan | Feb | Mar | Apr | May | Jun | Jul | Aug | Sep | Oct | Nov | Dec 
2012: Jan | Feb | Mar | Apr | May | Jun | Jul | Aug | Sep | Oct | Nov | Dec 
2011: Jan | Feb | Mar | Apr | May | Jun | Jul | Aug | Sep | Oct | Nov | Dec 
2010: Jan | Feb | Mar | Apr | May | Jun | Jul | Aug | Sep | Oct | Nov | Dec 
2009: Jan | Feb | Mar | Apr | May | Jun | Jul | Aug | Sep | Oct | Nov | Dec 
2008: Jan | Feb | Mar | Apr | May | Jun | Jul | Aug | Sep | Oct | Nov | Dec 
2007: Jan | Feb | Mar | Apr | May | Jun | Jul | Aug | Sep | Oct | Nov | Dec 
 2006: Jan | Feb | Mar | Apr | May | Jun | Jul | Aug | Sep | Oct | Nov | Dec 

Report for 2007 05 MONTHLY CLIMATOLOGICAL SUMMARY FOR 5/2007 HEAT COOL MEAN DEG DEG WIND SPEED DOM MEAN MEAN DAY TEMP HIGH TIME LOW TIME DAYS DAYS RAIN AVG HI TIME DIR BAROM HUM --------------------------------------------------------------------------------------- 1 59.8 73.8 2:51pm 49.9 5:42am 6 1 0.00 0 2 12:00am SE 29.97 53 2 51.9 58.5 3:49pm 44.6 11:34pm 12 0 0.31 0 2 12:00am ESE 30.02 79 3 47.7 56.8 12:35pm 38.7 5:38am 17 0 0.02 0 7 12:15pm SE 30.06 68 4 47.9 58.8 4:39pm 42.6 1:47am 16 0 0.21 0 4 12:00am ESE 29.96 87 5 54.9 72.6 4:06pm 39.2 6:36am 11 1 0.00 0 0 12:00am S 30.04 55 6 62.8 82.8 3:20pm 44.6 5:59am 7 5 0.00 0 0 12:00am ESE 30.07 45 7 68.6 83.4 4:49pm 55.9 7:07am 2 6 0.00 0 0 12:00am SE 30.05 45 8 71.1 87.1 2:11pm 59.0 1:26am 2 8 0.00 0 0 12:00am SE 30.00 49 9 68.4 83.1 3:19pm 57.3 4:43am 2 6 0.00 0 0 12:00am SE 29.98 49 10 64.8 81.1 4:05pm 51.7 6:03am 4 4 0.00 0 0 12:00am ESE 30.03 54 11 65.2 81.2 3:33pm 53.3 11:58pm 4 5 0.00 0 0 12:00am ESE 30.01 51 12 56.6 72.9 3:48pm 44.6 5:51am 9 1 0.00 0 0 12:00am ESE 30.05 59 13 59.8 77.7 4:37pm 44.9 6:05am 16 4 0.00 0 2 2:30pm ESE 30.04 57 14 65.8 84.4 4:28pm 50.3 5:05am 5 5 0.00 0 2 12:00am ESE 29.98 54 15 66.6 81.2 2:28pm 56.1 4:24am 3 5 0.00 0 0 12:00am ESE 29.98 61 16 62.4 79.0 2:20pm 48.9 5:16am 6 3 0.00 0 0 12:00am ESE 29.98 64 17 61.0 77.8 3:10pm 48.7 6:30am 6 3 0.00 0 1 4:00pm ESE 30.00 62 18 60.1 79.1 3:28pm 48.8 5:56am 6 2 0.00 0 0 12:00am ESE 30.03 65 19 63.7 79.3 4:08pm 50.1 4:59am 5 4 0.00 0 0 12:00am ESE 30.03 60 20 64.7 78.9 3:55pm 52.6 5:13am 9 7 0.00 0 0 12:00am ESE 29.95 61 21 0.0 55.6 12:07am 55.6 12:07am 0 0 0.00 0 0 12:07am --- 0.00 0 22 63.0 78.8 3:48pm 49.0 6:00am 5 3 0.00 0 0 12:07am ESE 29.88 38 23 68.2 84.4 3:36pm 53.8 6:06am 2 5 0.00 0 0 12:00am W 29.96 31 24 69.4 86.4 3:08pm 56.6 3:16am 2 7 0.00 0 0 12:00am E 29.95 38 25 69.7 87.3 3:31pm 58.1 6:10am 2 6 0.00 0 0 12:00am ESE 29.94 41 26 70.4 87.7 4:15pm 58.2 1:26am 2 7 0.00 0 0 12:00am ESE 29.93 48 27 66.5 82.0 3:17pm 52.6 6:35am 3 5 0.00 0 3 4:00pm ESE 29.92 56 28 68.5 85.7 2:54pm 54.6 2:25am 3 6 0.00 0 2 12:00pm ESE 29.89 51 29 68.6 86.0 4:00pm 56.4 6:50am 2 6 0.00 0 2 12:00am ESE 29.95 53 30 65.2 84.3 4:08pm 50.8 5:19am 4 5 0.00 0 0 12:00am ESE 30.01 56 31 65.8 85.2 3:52pm 50.0 6:31am 5 5 0.00 0 0 12:00am ESE 29.97 62 --------------------------------------------------------------------------------------- TOT 59.1 87.7 5/26/07 38.7 5/3/07 182 126 0.54 0 7 5/3/07 ESE 29.99 61 HEAT BASE: 65.0 COOL BASE: 65.0

Google



Contact Us | Mobile
Never base any life decisions on weather information from this site or anywhere over the Internet.
Site is dedicated to our Lord & Savior Jesus Christ (Yeshua Messiah) | Random Quotes

Copyright © 2017 El Dorado Weather, Inc. | Site Designed By:  El Dorado Weather
LightningRing