World Forecast Directory
El Dorado Weather Logo
U.S. Color IR Sat North America Color Background Satellite Thumb
Norcal Dual-Pol Radar Live Northern California Doppler Radar Thumbnail Image
Pacific NW Visible Sat Regional U.S. Radar
Pacific NW Radar Regional U.S. Radar
Storm Cell Tracking Live Northern California Radar and Satellite Thumbnail Image
Street Level Radar Live U.S. Google Map Radar Thumbnail Image
Live Lightning Radar Placerville California Lightning Detection Radar Thumbnail Image
Live Streaming Webcam Placerville California Live Streaming WebCam Thumbnail Image
Local Wx Station Data Sacramento, Northern Sierra Nevada & the Motherlode Area Current Weather Conditions

NOAA Climate Report From: Placerville, Ca. Weather Station (EDWPC)

Archives below start from 6/22/2006 to the present:
2017: Jan | Feb | Mar | Apr | May | Jun | Jul | Aug | Sep | Oct | Nov | Dec 
2016: Jan | Feb | Mar | Apr | May | Jun | Jul | Aug | Sep | Oct | Nov | Dec 
2015: Jan | Feb | Mar | Apr | May | Jun | Jul | Aug | Sep | Oct | Nov | Dec 
2014: Jan | Feb | Mar | Apr | May | Jun | Jul | Aug | Sep | Oct | Nov | Dec 
2013: Jan | Feb | Mar | Apr | May | Jun | Jul | Aug | Sep | Oct | Nov | Dec 
2012: Jan | Feb | Mar | Apr | May | Jun | Jul | Aug | Sep | Oct | Nov | Dec 
2011: Jan | Feb | Mar | Apr | May | Jun | Jul | Aug | Sep | Oct | Nov | Dec 
2010: Jan | Feb | Mar | Apr | May | Jun | Jul | Aug | Sep | Oct | Nov | Dec 
2009: Jan | Feb | Mar | Apr | May | Jun | Jul | Aug | Sep | Oct | Nov | Dec 
2008: Jan | Feb | Mar | Apr | May | Jun | Jul | Aug | Sep | Oct | Nov | Dec 
2007: Jan | Feb | Mar | Apr | May | Jun | Jul | Aug | Sep | Oct | Nov | Dec 
 2006: Jan | Feb | Mar | Apr | May | Jun | Jul | Aug | Sep | Oct | Nov | Dec 

Report for 2007 04 MONTHLY CLIMATOLOGICAL SUMMARY FOR 4/2007 HEAT COOL MEAN DEG DEG WIND SPEED DOM MEAN MEAN DAY TEMP HIGH TIME LOW TIME DAYS DAYS RAIN AVG HI TIME DIR BAROM HUM --------------------------------------------------------------------------------------- 1 57.9 69.8 1:55pm 47.7 7:04am 8 1 0.00 0 0 12:00am SE 29.97 65 2 55.2 70.8 2:35pm 42.1 6:32am 18 1 0.00 0 0 12:00am ESE 30.03 66 3 58.9 75.3 2:53pm 47.5 6:17am 8 2 0.00 0 0 12:00am SE 30.07 61 4 61.0 75.3 3:14pm 48.8 7:03am 6 2 0.00 0 0 12:00am SE 30.08 59 5 62.8 79.0 3:40pm 53.0 2:33am 5 2 0.00 0 0 12:00am SE 29.98 62 6 62.6 77.5 3:21pm 51.6 6:57am 5 3 0.00 0 0 12:00am SE 29.93 67 7 56.3 67.8 2:08pm 50.0 11:59pm 8 0 0.00 0 0 12:00am SE 29.95 82 8 55.8 68.0 1:55pm 43.6 6:47am 9 0 0.00 0 0 12:00am WSW 29.97 64 9 54.0 66.7 3:04pm 46.1 11:57pm 11 0 0.00 0 0 12:00am ESE 30.08 67 10 53.5 68.5 3:09pm 41.6 5:08am 12 0 0.00 0 0 12:00am ESE 30.12 53 11 48.3 56.3 4:09pm 44.1 11:59pm 17 0 0.32 0 0 12:00am WSW 30.00 80 12 47.1 61.6 3:54pm 35.7 6:30am 18 0 0.06 0 0 12:00am ESE 30.04 74 13 52.6 66.9 3:13pm 40.7 5:08am 13 0 0.00 0 0 12:00am SE 30.13 58 14 46.5 50.5 11:17am 44.0 11:35pm 19 0 0.60 0 0 12:00am SE 30.07 88 15 52.5 68.9 3:56pm 42.6 7:37am 12 0 0.00 0 0 12:00am ESE 29.96 77 16 57.0 72.6 2:26pm 43.3 5:38am 10 1 0.00 0 0 12:00am SE 30.04 57 17 50.8 58.0 3:58pm 42.3 11:45pm 14 0 0.00 0 0 12:00am SE 30.12 70 18 44.4 57.6 2:51pm 34.2 6:42am 21 0 0.00 0 0 12:00am ESE 30.16 63 19 44.9 58.4 2:53pm 34.4 4:24am 20 0 0.00 0 0 12:00am SE 29.97 63 20 50.2 61.6 3:31pm 39.7 6:57am 15 0 0.00 0 0 12:00am ESE 29.85 62 21 48.3 57.9 12:02pm 42.3 4:35am 17 0 0.52 0 0 12:00am SE 30.01 79 22 48.0 59.0 3:25pm 42.3 11:58pm 16 0 1.26 0 0 12:00am SE 29.09 89 23 51.7 68.4 3:34pm 37.9 6:36am 13 0 0.00 0 0 12:00am ESE 28.34 74 24 57.7 71.8 3:14pm 46.8 6:27am 9 1 0.00 0 0 12:00am SE 30.13 65 25 56.1 67.4 1:27pm 48.6 11:56pm 9 0 0.00 0 0 12:00am SE 30.03 68 26 59.6 77.3 3:16pm 43.5 5:48am 8 3 0.00 0 0 12:00am ESE 29.95 61 27 65.6 81.6 3:19pm 54.0 5:57am 4 5 0.00 0 2 11:35am SE 30.05 58 28 68.7 84.7 3:33pm 57.3 4:43am 2 6 0.00 0 2 12:00am SE 30.05 48 29 66.0 81.1 2:33pm 54.7 6:25am 4 5 0.00 0 2 12:00am SE 30.04 50 30 65.4 81.1 4:01pm 51.7 5:12am 4 5 0.00 0 2 12:00am ESE 30.01 48 --------------------------------------------------------------------------------------- TOT 55.3 84.7 4/28/07 34.2 4/18/07 334 38 2.76 0 2 4/27/07 ESE 29.94 66 HEAT BASE: 65.0 COOL BASE: 65.0

Google



Contact Us | Mobile
Never base any life decisions on weather information from this site or anywhere over the Internet.
Site is dedicated to our Lord & Savior Jesus Christ (Yeshua Messiah) | Random Quotes

Copyright © 2017 El Dorado Weather, Inc. | Site Designed By:  El Dorado Weather
LightningRing