MONTHLY CLIMATOLOGICAL SUMMARY for JUN. 2010 NAME: El Dorado Weather CITY: Placerville STATE: California ELEV: 1688 LAT: 038:41:43 LONG: 0120:50:56 TEMPERATURE ( °F), RAIN (in.), WIND SPEED (mph) HEAT COOL AVG MEAN DEG DEG WIND DOM DAY TEMP HIGH TIME LOW TIME DAYS DAYS RAIN SPEED HIGH TIME DIR ---------------------------------------------------------------------------------------------------------------------------------------------------------- 01 65.4 75.5 16:32 55.3 06:41 01.6 00.0 00.00 00.5 11.5 16:33 NNW 02 66.7 79.1 16:25 54.2 03:35 00.0 01.2 00.00 00.7 13.8 14:31 NNW 03 69.6 79.3 14:57 59.9 06:16 00.0 03.1 00.00 00.8 18.4 15:08 NNW 04 70.2 78.8 16:28 61.5 05:23 00.0 03.0 00.00 00.4 18.4 16:58 NNW 05 72.3 86.4 16:42 58.1 06:24 00.0 06.6 00.00 00.5 11.5 15:58 N 06 73.4 86.3 16:38 60.5 07:00 00.0 07.6 00.00 00.9 13.8 15:46 NNW 07 69.2 83.3 15:28 55.1 05:53 00.0 02.6 00.00 00.4 10.4 15:38 NNE 08 71.1 83.0 14:47 59.2 00:00 00.0 04.0 00.00 00.8 13.8 15:29 N 09 63.7 75.4 14:45 51.9 00:00 01.7 00.0 00.00 00.9 13.8 16:33 NNW 10 61.6 72.9 16:40 50.3 02:24 05.2 00.0 00.00 00.8 13.8 12:07 N 11 66.5 84.1 14:26 48.9 06:47 00.0 01.1 00.00 01.2 19.6 15:26 NNE 12 70.8 87.3 15:32 54.3 05:31 00.0 05.4 00.00 01.1 19.6 13:39 NE 13 77.5 91.1 14:55 63.8 06:47 00.0 11.5 00.00 00.8 19.6 11:20 ENE 14 77.8 91.4 15:06 64.2 06:37 00.0 11.7 00.00 00.7 18.4 15:07 SE 15 69.2 82.4 15:48 56.0 07:04 00.0 03.6 00.00 00.9 18.4 11:43 NNE 16 65.8 79.2 15:33 52.3 06:17 01.0 00.0 00.00 00.7 13.8 15:15 NNE 17 69.3 84.0 14:45 54.5 05:29 00.0 04.0 00.00 00.6 13.8 15:16 ENE 18 67.3 81.0 14:04 53.5 00:00 00.0 01.7 00.00 00.9 18.4 14:41 NE 19 61.5 75.5 16:39 47.5 05:59 04.5 00.0 00.00 01.0 19.6 15:29 NNW 20 62.7 79.1 14:48 46.3 06:20 02.2 00.0 00.00 00.5 11.5 15:56 NNE 21 69.5 85.1 15:43 53.8 05:28 00.0 03.5 00.00 00.6 13.8 16:58 NE 22 76.8 93.3 16:18 60.2 06:20 00.0 10.4 00.00 00.5 18.4 15:31 NNE 23 79.8 95.9 15:42 63.7 05:24 00.0 12.9 00.00 00.6 11.5 16:06 NNE 24 75.8 89.5 15:58 62.0 07:12 00.0 09.6 00.00 00.9 19.6 12:27 N 25 72.0 87.4 17:20 56.6 03:00 00.0 05.4 00.02 00.7 18.4 15:11 NNE 26 77.3 94.5 16:44 60.1 06:36 00.0 11.1 00.00 00.6 11.5 14:54 NE 27 83.7 103.3 16:38 64.1 06:51 00.0 18.5 00.00 00.3 10.4 15:57 E 28 88.3 105.0 16:26 71.5 07:17 00.0 20.8 00.00 00.6 18.4 14:14 NE 29 83.0 99.4 16:21 66.6 05:55 00.0 16.5 00.00 00.6 16.1 14:58 NNW 30 76.6 92.7 16:21 60.6 06:40 00.0 09.6 00.00 00.7 13.8 15:03 WNW ---------------------------------------------------------------------------------------------------------------------------------------------------------- 70.6 (71.8) 105.0 day 28 46.3 day 20 016.2 185.5 00.02 00.7 19.6 day 19 NNE Max >= 86: 14 Min <= 86: 30 Max Rain: 0.02 ON 25-06-10 Days of Rain: 1 (> .008in) 0 (> .08in) 0 (> 0.8in)