MONTHLY CLIMATOLOGICAL SUMMARY for JUN. 2009 NAME: El Dorado Weather CITY: Placerville STATE: California ELEV: 1688 LAT: 038:41:43 LONG: 0120:50:56 TEMPERATURE ( °F), RAIN (in.), WIND SPEED (mph) HEAT COOL AVG MEAN DEG DEG WIND DOM DAY TEMP HIGH TIME LOW TIME DAYS DAYS RAIN SPEED HIGH TIME DIR ---------------------------------------------------------------------------------------------------------------------------------------------------------- 01 65.7 77.8 17:05 53.6 07:12 00.2 00.0 00.00 00.4 11.5 13:59 SSE 02 62.7 72.7 13:59 52.7 06:30 02.7 00.0 00.02 00.2 11.5 14:16 SSE 03 65.8 76.9 17:27 54.7 06:16 00.0 00.5 00.03 00.4 13.8 16:23 SSW 04 61.4 70.4 17:25 52.5 05:19 05.7 00.0 00.05 00.4 18.4 18:24 S 05 58.0 65.9 17:28 50.2 06:04 07.9 00.0 00.00 00.3 18.4 16:38 S 06 59.3 67.7 16:28 50.9 02:39 05.8 00.0 00.00 00.4 13.8 15:06 SSW 07 64.7 77.8 15:04 51.7 04:38 01.9 00.0 00.00 00.7 11.5 16:49 SSE 08 64.3 78.7 15:43 50.0 06:50 01.7 00.0 00.00 00.6 13.8 15:39 S 09 61.4 72.5 16:41 50.3 04:17 05.4 00.0 00.00 00.9 19.6 15:55 S 10 63.3 72.9 16:24 53.8 06:33 04.5 00.0 00.00 00.7 18.4 13:06 S 11 63.4 75.9 15:17 50.9 06:39 03.3 00.0 00.00 00.8 13.8 14:47 S 12 62.2 75.3 15:15 49.0 06:35 03.8 00.0 00.00 00.8 16.1 18:06 S 13 63.2 73.0 15:24 53.4 06:27 03.5 00.0 00.00 00.7 18.4 14:09 S 14 62.5 76.5 15:42 48.6 06:29 03.9 00.0 00.00 00.9 13.8 13:20 SSE 15 63.0 77.3 14:12 48.8 06:19 03.3 00.0 00.00 00.6 18.4 14:56 S 16 67.0 81.5 15:10 52.4 06:34 00.0 01.0 00.00 00.6 18.4 13:29 SSE 17 69.6 83.6 15:46 55.6 06:40 00.0 03.6 00.00 00.6 11.5 15:54 SSW 18 74.9 91.3 14:51 58.6 06:52 00.0 08.3 00.00 00.3 19.6 13:55 SSE 19 73.8 86.0 16:59 61.7 00:00 00.0 09.0 00.00 01.0 19.6 15:23 S 20 65.4 79.0 14:49 51.7 06:47 00.4 00.0 00.00 01.0 18.4 15:19 SSE 21 62.6 77.1 16:16 48.1 06:44 03.2 00.0 00.00 00.5 13.8 13:33 SSE 22 67.7 83.0 16:53 52.4 06:32 00.0 02.0 00.01 00.4 13.8 11:28 S 23 76.0 92.6 16:18 59.5 06:02 00.0 09.8 00.00 00.3 10.4 17:02 SSE 24 81.1 95.9 15:48 66.3 04:46 00.0 14.0 00.00 00.4 13.8 15:15 E 25 75.8 90.7 16:42 60.9 00:00 00.0 09.0 00.01 00.5 10.4 17:09 S 26 75.5 91.8 15:58 59.1 06:45 00.0 08.9 00.00 00.3 11.5 13:40 SSE 27 82.3 100.6 15:44 64.0 05:54 00.0 15.9 00.00 00.2 11.5 13:55 SSE 28 88.1 104.2 16:00 72.0 05:59 00.0 20.5 00.00 00.3 11.5 14:15 ESE 29 85.5 98.3 13:54 72.6 06:56 00.0 18.0 00.00 00.5 18.4 15:45 SSE 30 76.8 93.1 17:01 60.6 06:21 00.0 12.4 00.00 00.2 10.4 15:54 ESE ---------------------------------------------------------------------------------------------------------------------------------------------------------- 67.5 (68.8) 104.2 day 28 48.1 day 21 057.1 132.7 00.12 00.5 19.6 day 24 SSE Max >= 86: 9 Min <= 86: 30 Max Rain: 0.05 ON 4-06-09 Days of Rain: 5 (> .008in) 0 (> .08in) 0 (> 0.8in)