MONTHLY CLIMATOLOGICAL SUMMARY for APR. 2014 NAME: CITY: STATE: ELEV: LAT: LONG: TEMPERATURE ( °F), RAIN (in.), WIND SPEED (mph) HEAT COOL AVG MEAN DEG DEG WIND DOM DAY TEMP HIGH TIME LOW TIME DAYS DAYS RAIN SPEED HIGH TIME DIR ---------------------------------------------------------------------------------------------------------------------------------------------------------- 01 40.9 049.7 15:02 35.4 06:45 24.0 00.0 00.35 01.3 25.3 11:42 NNW 02 45.6 058.6 16:24 37.4 08:02 19.4 00.0 00.11 00.4 14.9 16:39 ENE 03 48.5 061.2 16:07 38.1 04:41 16.4 00.0 00.01 00.7 18.4 15:52 NE 04 46.6 059.0 15:55 39.2 07:23 18.4 00.0 00.00 00.5 14.9 17:01 NE 05 49.6 066.5 17:09 35.1 07:21 15.4 00.0 00.15 00.6 18.4 17:38 NE 06 58.2 076.8 16:05 43.4 04:52 06.8 00.0 00.00 00.7 21.9 16:14 ENE 07 62.9 082.8 16:38 47.4 07:55 02.0 00.0 00.00 00.5 11.5 14:36 NNE 08 66.9 084.1 16:18 55.0 04:44 00.0 01.9 00.00 00.5 11.5 13:10 ENE 09 65.3 080.4 16:37 53.4 07:25 00.0 00.4 00.00 00.6 14.9 14:27 NNE 10 65.5 083.9 16:30 52.6 05:21 00.0 00.6 00.00 00.5 13.8 12:19 N 11 64.6 082.0 13:34 53.0 07:14 00.3 00.0 00.00 00.4 14.9 13:44 NNE 12 58.6 074.4 16:58 46.7 07:33 06.3 00.0 00.00 00.6 11.5 13:17 NE 13 58.1 079.2 16:55 42.9 07:14 06.9 00.0 00.00 00.5 18.4 13:11 ENE 14 61.7 078.2 16:13 47.0 04:22 03.2 00.0 00.00 00.5 18.4 13:48 NE 15 64.0 081.4 17:02 50.7 06:21 00.9 00.0 00.00 00.5 14.9 13:17 E 16 63.7 080.0 14:24 51.4 07:25 01.2 00.0 00.00 00.4 11.5 16:32 SSE 17 65.2 080.8 17:00 52.3 07:17 00.0 00.3 00.00 00.8 17.3 16:20 E 18 63.6 079.4 16:24 51.2 07:34 01.3 00.0 00.00 00.6 17.3 13:58 E 19 60.7 074.8 15:45 50.1 00:00 04.2 00.0 00.00 00.8 14.9 16:01 E 20 61.3 079.9 16:55 45.8 07:19 03.6 00.0 00.00 00.4 11.5 12:56 E 21 61.3 072.6 12:22 52.9 04:12 03.6 00.0 00.00 00.6 17.3 12:22 E 22 51.1 061.2 15:48 44.0 08:40 13.8 00.0 00.03 01.1 17.3 17:39 SE 23 53.4 069.8 15:36 38.8 06:45 11.6 00.0 00.00 00.5 18.4 14:17 SSE 24 55.4 068.5 16:48 43.5 04:16 09.5 00.0 00.03 00.8 17.3 16:09 ESE 25 45.8 051.7 00:10 39.7 21:39 19.1 00.0 01.86 00.3 11.5 13:08 ESE 26 47.3 058.3 16:12 40.7 00:01 17.6 00.0 00.04 00.6 17.3 14:30 S 27 49.9 063.4 16:51 40.2 02:09 15.1 00.0 00.00 00.5 14.9 17:33 SSE 28 55.7 074.0 17:01 40.6 07:15 09.3 00.0 00.00 00.7 17.3 17:53 SSE 29 64.1 084.8 16:54 47.2 05:59 00.9 00.0 00.00 00.5 11.5 10:17 SSE 30 70.4 089.4 16:30 56.1 05:57 00.0 05.5 00.00 00.4 13.8 13:20 SSE ---------------------------------------------------------------------------------------------------------------------------------------------------------- 57.5 (59.3) 89.4 day 30 35.1 day 05 230.8 008.7 02.56 00.6 25.3 day 01 E Max >= 86: 1 Min <= 86: 30 Max Rain: 1.86 ON 25-04-14 Days of Rain: 8 (> .008in) 4 (> .08in) 1 (> 0.8in)