MONTHLY CLIMATOLOGICAL SUMMARY for APR. 2024 NAME: CITY: STATE: ELEV: LAT: LONG: TEMPERATURE ( °F), RAIN (in.), WIND SPEED (mph) HEAT COOL AVG MEAN DEG DEG WIND DOM DAY TEMP HIGH TIME LOW TIME DAYS DAYS RAIN SPEED HIGH TIME DIR -------------------------------------------------------------------------------------------------------- 01 51.0 069.0 17:00 36.8 05:01 13.9 00.0 00.01 00.7 17.3 16:02 SE 02 56.8 072.8 16:12 43.4 07:24 08.2 00.0 00.00 00.7 19.6 15:43 ENE 03 57.0 070.4 15:15 44.8 00:00 08.0 00.0 00.00 01.6 27.6 15:14 NE 04 38.5 046.3 11:00 33.4 14:39 26.4 00.0 00.45 00.6 26.4 12:36 NNW 05 37.8 046.1 15:53 33.5 04:44 27.1 00.0 00.37 00.2 10.3 16:31 N 06 43.5 056.9 15:13 32.1 07:25 21.5 00.0 00.01 00.7 23.0 12:14 ENE 07 47.0 060.4 16:26 34.9 07:05 17.9 00.0 00.00 00.9 19.6 13:16 ESE 08 53.2 071.5 15:51 38.2 04:05 11.7 00.0 00.00 00.6 24.1 13:59 ESE 09 56.7 073.3 16:18 42.2 07:49 08.3 00.0 00.00 00.6 19.6 12:37 SE 10 60.6 078.2 16:27 47.5 07:36 04.4 00.0 00.00 00.6 19.6 13:04 SE 11 64.4 082.3 16:57 51.3 05:40 00.5 00.0 00.00 00.4 16.1 14:12 ESE 12 58.0 068.3 14:41 49.6 23:26 07.0 00.0 00.00 01.0 20.7 14:41 SE 13 44.3 051.6 07:31 39.7 12:26 20.7 00.0 00.73 00.3 17.3 08:39 E 14 45.1 050.3 18:33 39.5 06:04 19.8 00.0 00.01 00.1 12.7 11:47 ESE 15 51.9 065.7 16:06 38.9 07:24 13.0 00.0 00.00 00.4 17.3 15:23 SSE 16 56.5 071.7 16:41 44.5 07:20 08.4 00.0 00.00 00.4 16.1 13:24 SE 17 60.6 077.0 15:35 48.0 06:53 04.3 00.0 00.00 00.3 17.3 15:17 SSE 18 63.0 078.7 16:21 49.9 06:40 02.0 00.0 00.00 00.5 20.7 13:26 SE 19 64.3 080.3 16:48 51.2 07:21 00.7 00.0 00.00 00.4 16.1 14:27 SE 20 63.7 080.6 17:02 50.1 06:47 01.2 00.0 00.00 00.4 13.8 15:00 SE 21 65.4 083.9 15:58 51.5 06:56 00.0 00.5 00.00 00.4 16.1 14:12 SSE 22 67.5 084.2 15:46 53.8 07:17 00.0 02.6 00.00 00.3 16.1 14:00 ESE 23 55.0 062.1 17:31 47.1 07:00 10.0 00.0 00.00 00.4 17.3 12:38 SE -------------------------------------------------------------------------------------------------------- 54.9 (56.2) 84.2 day 22 32.0 day 22 235.1 003.1 01.59 00.5 27.6 day 03 ESE Min <= 86: 23 Max Rain: 0.73 ON 13-04-24 Days of Rain: 6 (> .008in) 3 (> .08in) 0 (> 0.8in)