MONTHLY CLIMATOLOGICAL SUMMARY for MAR. 2017

NAME:    CITY:  STATE: 
ELEV:  LAT:  LONG: 

                            TEMPERATURE ( F), RAIN (in.), WIND SPEED (mph)

                                               HEAT     COOL           AVG
      MEAN                                     DEG      DEG            WIND                       DOM
DAY   TEMP    HIGH   TIME     LOW    TIME      DAYS     DAYS    RAIN   SPEED    HIGH    TIME      DIR
--------------------------------------------------------------------------------------------------------
1    46.0   060.4   14:42    34.1   03:36     04.8     00.0   00.00   00.5     18.4    13:58      SW
2    50.7   068.1   14:55    38.4   05:32     05.3     00.0   00.00   00.5     12.7    12:30     WSW
3    50.8   064.2   12:54    40.7   04:29     03.5     00.0   00.00   00.5     12.7    15:33      S 
4    47.4   056.4   14:24    40.6   06:48     00.5     00.0   00.56   00.6     10.3    16:12     ESE
5    38.7   043.2   12:00    33.9   23:10     04.2     00.0   00.60   00.6     19.6    13:22     SSE
6    40.5   050.3   15:35    34.1   04:52     06.4     00.0   00.13   00.4     10.3    13:24      S 
7    43.5   054.5   16:15    34.5   02:53     04.3     00.0   00.00   00.4     16.1    13:01     SSE
8    51.5   068.8   14:26    43.4   06:48     04.3     00.0   00.00   00.4     16.1    13:01     SSE
9    55.6   069.8   14:54    48.8   03:22     04.3     00.0   00.00   00.4     16.1    13:01     SSE
10   56.3   068.1   16:07    48.2   08:05     04.3     00.0   00.00   00.4     16.1    13:01     SSE
11    60.2   076.1   14:50    45.7   07:13     04.8     00.0   00.00   00.5     18.4    13:58      SW
12    59.6   077.4   15:07    46.3   08:02     05.3     00.0   00.00   00.5     12.7    12:30     WSW
13    61.5   080.9   16:32    46.3   05:29     03.5     00.0   00.00   00.5     12.7    15:33      S 
14    64.5   083.2   16:58    49.6   06:52     00.5     00.0   00.00   00.6     10.3    16:12     ESE
15    60.7   073.1   12:30    50.7   07:30     04.2     00.0   00.00   00.6     19.6    13:22     SSE
16    58.5   073.9   16:03    45.5   07:58     06.4     00.0   00.00   00.4     10.3    13:24      S 
17    60.7   077.8   14:40    48.2   08:05     04.3     00.0   00.00   00.4     16.1    13:01     SSE
18    57.2   070.3   17:07    50.3   00:00     07.8     00.0   00.00   00.2     10.3    17:51      SE
19    59.1   070.0   15:11    50.3   00:11     05.8     00.0   00.00   00.3     09.2    15:19      S 
20    54.5   062.3   12:44    49.9   08:03     10.4     00.0   00.29   00.5     21.9    18:54     SSE
21    52.9   060.9   16:58    45.6   00:00     12.0     00.0   01.27   01.2     25.3    11:18     SSE
22    47.0   056.2   14:29    41.4   00:00     17.9     00.0   00.75   00.6     14.9    11:37      SE
23    47.5   061.4   16:47    35.9   07:15     17.4     00.0   00.01   00.5     14.9    14:55     SSW
24    47.3   048.1   08:14    45.3   09:54     17.6     00.0   00.40   00.6     26.4    11:54     ESE
25    50.8   059.5   16:55    44.1   00:00     14.2     00.0   00.01   00.5     19.6    15:41     SSE
26    48.6   058.4   13:59    42.2   05:42     16.4     00.0   00.31   00.4     14.9    22:35     ESE
27    50.5   061.6   16:35    42.6   00:00     14.4     00.0   00.06   00.6     23.0    15:56      S 
28    52.8   071.2   15:45    38.8   07:36     12.2     00.0   00.00   00.7     23.0    14:22     SSW
29    57.3   072.9   13:18    43.6   07:05     07.7     00.0   00.00   00.5     12.7    16:18     SSW
30    53.2   063.3   13:58    40.5   00:00     11.7     00.0   00.07   01.2     23.0    11:03      S 
--------------------------------------------------------------------------------------------------------
60.8 (62.5)   83.2  day 14     45.5  day 16   028.9    000.0   01.29   00.5     19.6   day 15     SSE
Min <=  86: 7
Max Rain: 0.00 ON 0-03-17
Days of Rain: 0 (> .008in) 0 (> .08in) 0 (> 0.8in)