World Forecast Directory
El Dorado Weather Logo
U.S. Color IR Sat North America Color Background Satellite Thumb
Norcal Dual-Pol Radar Live Northern California Doppler Radar Thumbnail Image
Pacific NW Visible Sat Regional U.S. Radar
Pacific NW Radar Regional U.S. Radar
Storm Cell Tracking Live Northern California Radar and Satellite Thumbnail Image
Street Level Radar Live U.S. Google Map Radar Thumbnail Image
Live Lightning Radar Placerville California Lightning Detection Radar Thumbnail Image
Live Streaming Webcam Placerville California Live Streaming WebCam Thumbnail Image
Local Wx Station Data Sacramento, Northern Sierra Nevada & the Motherlode Area Current Weather Conditions

NOAA Climate Report From: Placerville, Ca. Weather Station (EDWPC)

Archives below start from 6/22/2006 to the present:
2018: Jan | Feb | Mar | Apr | May | Jun | Jul | Aug | Sep | Oct | Nov | Dec 
2017: Jan | Feb | Mar | Apr | May | Jun | Jul | Aug | Sep | Oct | Nov | Dec 
2016: Jan | Feb | Mar | Apr | May | Jun | Jul | Aug | Sep | Oct | Nov | Dec 
2015: Jan | Feb | Mar | Apr | May | Jun | Jul | Aug | Sep | Oct | Nov | Dec 
2014: Jan | Feb | Mar | Apr | May | Jun | Jul | Aug | Sep | Oct | Nov | Dec 
2013: Jan | Feb | Mar | Apr | May | Jun | Jul | Aug | Sep | Oct | Nov | Dec 
2012: Jan | Feb | Mar | Apr | May | Jun | Jul | Aug | Sep | Oct | Nov | Dec 
2011: Jan | Feb | Mar | Apr | May | Jun | Jul | Aug | Sep | Oct | Nov | Dec 
2010: Jan | Feb | Mar | Apr | May | Jun | Jul | Aug | Sep | Oct | Nov | Dec 
2009: Jan | Feb | Mar | Apr | May | Jun | Jul | Aug | Sep | Oct | Nov | Dec 
2008: Jan | Feb | Mar | Apr | May | Jun | Jul | Aug | Sep | Oct | Nov | Dec 
2007: Jan | Feb | Mar | Apr | May | Jun | Jul | Aug | Sep | Oct | Nov | Dec 
 2006: Jan | Feb | Mar | Apr | May | Jun | Jul | Aug | Sep | Oct | Nov | Dec 

Report for 2017 12 MONTHLY CLIMATOLOGICAL SUMMARY FOR 12/2017 HEAT COOL MEAN DEG DEG WIND SPEED DOM MEAN MEAN DAY TEMP HIGH TIME LOW TIME DAYS DAYS RAIN AVG HI TIME DIR BAROM HUM --------------------------------------------------------------------------------------- 1 47.9 63.7 1:36pm 39.1 7:08am 27 0 0.00 0 3 12:00am SSE1022.51 77 2 48.6 61.7 12:53pm 40.4 3:09am 26 0 0.00 0 3 12:00am SSE1020.59 75 3 44.8 55.1 1:48pm 34.5 11:59pm 30 0 0.24 0 3 12:00am WSW1024.29 79 4 43.3 60.4 1:16pm 32.7 1:24am 32 0 0.00 0 3 12:00am S1025.40 49 5 45.7 60.8 1:21pm 37.3 12:00am 29 0 0.00 0 3 12:00am W1027.52 52 6 45.1 63.4 1:32pm 35.3 7:14am 30 0 0.00 0 0 12:00am NW1030.08 64 7 50.2 69.0 1:00pm 38.1 3:47am 25 1 0.00 0 0 12:00am N1033.26 50 8 48.7 64.8 1:46pm 40.1 1:47am 26 0 0.00 0 0 12:00am NNW1033.65 60 9 49.9 68.1 1:05pm 40.7 7:33am 25 0 0.00 0 0 12:00am NW1030.60 59 10 50.4 69.1 1:12pm 41.1 7:20am 25 1 0.00 0 0 12:00am NW1029.14 54 11 50.0 66.8 1:44pm 41.4 7:17am 25 0 0.00 0 0 12:00am W1030.00 50 12 48.0 64.9 1:31pm 38.1 7:44am 27 0 0.00 0 0 12:00am W1028.93 56 13 47.3 64.3 1:50pm 37.6 7:40am 28 0 0.00 0 0 12:00am W1024.20 62 14 48.1 67.3 1:58pm 37.4 6:13am 27 0 0.00 0 1 11:17am W1023.93 72 15 50.6 65.9 1:36pm 41.7 7:38am 24 0 0.00 0 1 12:00am W1023.40 61 16 49.0 64.1 1:19pm 38.1 7:32am 26 0 0.00 0 1 12:00am NNW1015.90 48 17 44.7 59.0 12:55pm 35.4 6:23am 30 0 0.00 0 1 12:00am W1021.08 59 18 47.4 64.0 1:25pm 38.6 6:55am 28 0 0.00 0 1 12:00am W1026.44 58 19 48.1 61.4 1:29pm 39.6 5:09am 27 0 0.00 0 1 12:00am W1024.97 56 20 42.2 50.9 1:11pm 31.5 11:49pm 33 0 0.60 0 1 12:00am W1024.79 78 21 38.1 54.6 1:27pm 29.4 6:19am 37 0 0.00 0 1 12:00am W1028.11 68 22 40.5 51.1 12:51pm 32.0 4:21am 34 0 0.00 0 1 12:00am ENE1030.92 68 23 45.7 58.8 1:03pm 39.7 5:15am 29 0 0.00 0 0 12:00am ENE1028.27 64 24 46.8 55.7 1:52pm 41.2 2:22am 28 0 0.00 0 0 12:00am W1026.02 66 25 47.8 60.6 12:02pm 39.2 6:50am 27 0 0.00 0 0 12:00am W1025.40 64 26 46.6 63.2 1:35pm 36.4 7:47am 28 0 0.00 0 0 12:00am W1026.84 74 27 46.2 62.0 1:44pm 37.9 6:55am 29 0 0.00 0 0 12:00am NNE1028.78 72 28 46.6 63.7 2:08pm 37.0 6:47am 28 0 0.00 0 0 12:00am W1027.88 68 29 49.4 67.4 1:59pm 39.5 6:55am 26 0 0.00 0 0 12:00am WNW1025.92 58 30 49.8 66.7 2:08pm 41.6 4:04am 25 0 0.00 0 0 12:00am WNW1022.98 56 31 51.0 66.1 1:03pm 42.7 1:10am 24 0 0.00 0 0 12:00am NW1022.45 55 --------------------------------------------------------------------------------------- TOT 47.0 69.1 12/10/17 29.4 12/21/17 866 3 0.84 0 3 12/1/17 W1026.23 62 HEAT BASE: 75.0 COOL BASE: 64.0

Google



Contact Us | Mobile
Never base any life decisions on weather information from this site or anywhere over the Internet.
Site is dedicated to our Lord & Savior Jesus Christ (Yeshua Messiah) | Random Quotes

Copyright © 2018 El Dorado Weather, Inc. | Site Designed By:  El Dorado Weather