World Forecast Directory
El Dorado Weather Logo
U.S. Color IR Sat North America Color Background Satellite Thumb
Norcal Dual-Pol Radar Live Northern California Doppler Radar Thumbnail Image
Pacific NW Visible Sat Regional U.S. Radar
Pacific NW Radar Regional U.S. Radar
Storm Cell Tracking Live Northern California Radar and Satellite Thumbnail Image
Street Level Radar Live U.S. Google Map Radar Thumbnail Image
Live Lightning Radar Placerville California Lightning Detection Radar Thumbnail Image
Live Streaming Webcam Placerville California Live Streaming WebCam Thumbnail Image
Local Wx Station Data Sacramento, Northern Sierra Nevada & the Motherlode Area Current Weather Conditions

NOAA Climate Report From: Placerville, Ca. Weather Station (EDWPC)

Archives below start from 6/22/2006 to the present:
2017: Jan | Feb | Mar | Apr | May | Jun | Jul | Aug | Sep | Oct | Nov | Dec 
2016: Jan | Feb | Mar | Apr | May | Jun | Jul | Aug | Sep | Oct | Nov | Dec 
2015: Jan | Feb | Mar | Apr | May | Jun | Jul | Aug | Sep | Oct | Nov | Dec 
2014: Jan | Feb | Mar | Apr | May | Jun | Jul | Aug | Sep | Oct | Nov | Dec 
2013: Jan | Feb | Mar | Apr | May | Jun | Jul | Aug | Sep | Oct | Nov | Dec 
2012: Jan | Feb | Mar | Apr | May | Jun | Jul | Aug | Sep | Oct | Nov | Dec 
2011: Jan | Feb | Mar | Apr | May | Jun | Jul | Aug | Sep | Oct | Nov | Dec 
2010: Jan | Feb | Mar | Apr | May | Jun | Jul | Aug | Sep | Oct | Nov | Dec 
2009: Jan | Feb | Mar | Apr | May | Jun | Jul | Aug | Sep | Oct | Nov | Dec 
2008: Jan | Feb | Mar | Apr | May | Jun | Jul | Aug | Sep | Oct | Nov | Dec 
2007: Jan | Feb | Mar | Apr | May | Jun | Jul | Aug | Sep | Oct | Nov | Dec 
 2006: Jan | Feb | Mar | Apr | May | Jun | Jul | Aug | Sep | Oct | Nov | Dec 

Report for 2017 08 MONTHLY CLIMATOLOGICAL SUMMARY FOR 8/2017 HEAT COOL MEAN DEG DEG WIND SPEED DOM MEAN MEAN DAY TEMP HIGH TIME LOW TIME DAYS DAYS RAIN AVG HI TIME DIR BAROM HUM --------------------------------------------------------------------------------------- 1 86.9 106.9 4:34pm 71.0 6:46am 1 23 0.00 0 1 12:00am WSW1012.74 37 2 87.4 105.5 4:12pm 72.4 6:20am 0 23 0.00 0 1 12:00am W1013.11 35 3 85.5 101.3 2:45pm 72.8 3:00am 0 21 0.00 0 1 12:00am W1014.49 29 4 82.2 98.2 1:39pm 72.7 6:50am 1 18 0.00 0 1 12:00am W1014.38 33 5 77.9 89.3 6:02pm 70.9 11:58pm 1 14 0.00 0 1 12:00am W1013.58 41 6 77.3 97.2 4:32pm 61.8 7:33am 4 13 0.00 0 1 12:00am W1013.49 38 7 77.1 95.5 4:58pm 61.0 6:44am 4 13 0.00 0 2 5:04pm W1014.25 39 8 78.2 97.3 4:16pm 62.8 6:15am 4 14 0.00 0 1 12:00am W1014.11 43 9 77.7 95.8 3:38pm 63.5 4:56am 4 14 0.00 0 1 12:00am W1013.91 45 10 77.2 97.1 4:55pm 59.1 7:15am 5 14 0.00 0 1 12:00am W1014.35 49 11 79.9 99.2 4:09pm 63.7 5:28am 3 16 0.00 0 1 12:00am W1013.60 41 12 81.0 98.3 3:14pm 68.3 6:04am 2 17 0.00 0 1 12:00am W1012.90 35 13 77.5 94.9 4:37pm 63.2 7:21am 4 14 0.00 0 1 12:00am W1012.83 39 14 71.4 86.5 3:09pm 61.4 5:38am 6 8 0.00 0 1 12:00am W1011.68 54 15 69.2 86.7 3:51pm 55.2 7:02am 8 7 0.00 0 4 4:49pm W1012.48 60 16 73.0 90.3 4:25pm 58.8 7:23am 6 10 0.00 0 1 12:00am W1014.89 55 17 76.5 95.5 4:31pm 61.0 6:59am 5 13 0.00 0 1 12:00am W1016.11 53 18 78.2 95.8 4:53pm 62.4 7:29am 4 14 0.00 0 1 12:00am W1015.27 51 19 79.0 97.5 3:55pm 62.8 7:04am 4 15 0.00 0 1 12:00am W1012.49 49 20 77.0 94.3 4:33pm 62.8 6:39am 4 13 0.00 0 1 12:00am W1012.23 49 21 71.7 86.8 3:21pm 61.3 7:08am 5 8 0.00 0 1 12:00am W1016.17 59 22 77.4 94.6 3:47pm 61.8 7:04am 4 14 0.00 0 1 12:00am W1017.03 51 23 80.6 99.4 3:51pm 65.8 5:11am 3 17 0.00 0 1 12:00am W1014.09 44 24 78.9 95.6 3:27pm 67.4 4:38am 3 15 0.00 0 4 10:42am W1011.73 39 25 79.3 99.6 4:23pm 64.0 5:16am 4 15 0.00 0 1 12:00am W1011.88 35 26 86.9 106.3 3:18pm 71.3 12:40am 0 23 0.00 0 1 12:00am NW1014.23 27 27 87.3 106.8 3:29pm 72.2 7:47am 0 23 0.00 0 1 12:00am W1014.28 24 28 89.4 110.0 3:28pm 74.5 4:40am 0 25 0.00 0 1 12:00am W1011.69 24 29 86.6 102.7 4:11pm 72.5 6:50am 0 23 0.00 0 1 12:00am W1011.05 27 30 82.3 101.8 4:02pm 69.4 6:52am 2 18 0.00 0 1 12:00am W1011.65 31 31 81.5 103.7 4:06pm 63.3 7:07am 3 18 0.00 0 1 12:00am W1011.69 29 --------------------------------------------------------------------------------------- TOT 79.7 110.0 8/28/17 55.2 8/15/17 95 495 0.00 0 4 8/15/17 W1013.55 41 HEAT BASE: 75.0 COOL BASE: 64.0

Google



Contact Us | Mobile
Never base any life decisions on weather information from this site or anywhere over the Internet.
Site is dedicated to our Lord & Savior Jesus Christ (Yeshua Messiah) | Random Quotes

Copyright © 2017 El Dorado Weather, Inc. | Site Designed By:  El Dorado Weather
LightningRing