World Forecast Directory
El Dorado Weather Logo
U.S. Color IR Sat North America Color Background Satellite Thumb
Norcal Dual-Pol Radar Live Northern California Doppler Radar Thumbnail Image
Pacific NW Visible Sat Regional U.S. Radar
Pacific NW Radar Regional U.S. Radar
Storm Cell Tracking Live Northern California Radar and Satellite Thumbnail Image
Street Level Radar Live U.S. Google Map Radar Thumbnail Image
Live Lightning Radar Placerville California Lightning Detection Radar Thumbnail Image
Live Streaming Webcam Placerville California Live Streaming WebCam Thumbnail Image
Local Wx Station Data Sacramento, Northern Sierra Nevada & the Motherlode Area Current Weather Conditions

NOAA Climate Report From: Placerville, Ca. Weather Station (EDWPC)

Archives below start from 6/22/2006 to the present:
2017: Jan | Feb | Mar | Apr | May | Jun | Jul | Aug | Sep | Oct | Nov | Dec 
2016: Jan | Feb | Mar | Apr | May | Jun | Jul | Aug | Sep | Oct | Nov | Dec 
2015: Jan | Feb | Mar | Apr | May | Jun | Jul | Aug | Sep | Oct | Nov | Dec 
2014: Jan | Feb | Mar | Apr | May | Jun | Jul | Aug | Sep | Oct | Nov | Dec 
2013: Jan | Feb | Mar | Apr | May | Jun | Jul | Aug | Sep | Oct | Nov | Dec 
2012: Jan | Feb | Mar | Apr | May | Jun | Jul | Aug | Sep | Oct | Nov | Dec 
2011: Jan | Feb | Mar | Apr | May | Jun | Jul | Aug | Sep | Oct | Nov | Dec 
2010: Jan | Feb | Mar | Apr | May | Jun | Jul | Aug | Sep | Oct | Nov | Dec 
2009: Jan | Feb | Mar | Apr | May | Jun | Jul | Aug | Sep | Oct | Nov | Dec 
2008: Jan | Feb | Mar | Apr | May | Jun | Jul | Aug | Sep | Oct | Nov | Dec 
2007: Jan | Feb | Mar | Apr | May | Jun | Jul | Aug | Sep | Oct | Nov | Dec 
 2006: Jan | Feb | Mar | Apr | May | Jun | Jul | Aug | Sep | Oct | Nov | Dec 

Report for 2016 12 MONTHLY CLIMATOLOGICAL SUMMARY FOR 12/2016 HEAT COOL MEAN DEG DEG WIND SPEED DOM MEAN MEAN DAY TEMP HIGH TIME LOW TIME DAYS DAYS RAIN AVG HI TIME DIR BAROM HUM --------------------------------------------------------------------------------------- 1 43.4 56.0 12:29pm 35.6 7:27am 32 0 0.00 0 0 12:00am NNW1022.57 76 2 44.1 59.6 12:06pm 34.3 7:32am 31 0 0.00 0 0 12:00am N1025.67 53 3 44.2 58.1 1:32pm 35.6 3:41am 31 0 0.00 0 0 12:00am NNE1027.51 67 4 46.1 58.7 11:28am 38.6 4:55am 29 0 0.00 0 0 12:00am NW1024.94 77 5 44.6 55.5 11:01am 37.3 7:28am 30 0 0.00 0 0 12:00am NW1021.69 76 6 40.0 47.4 2:11pm 33.9 11:56pm 35 0 0.00 0 0 12:00am NW1022.02 82 7 39.5 49.0 10:59am 32.5 2:00am 35 0 0.04 0 0 12:00am WNW1025.00 74 8 48.2 54.1 2:17pm 40.9 12:00am 27 0 0.35 0 0 12:00am SW1024.77 92 9 53.0 57.2 3:50pm 50.4 12:00am 22 0 0.37 0 0 12:00am NW1026.23 92 10 53.9 55.1 4:57pm 49.8 10:49pm 21 0 2.44 1 9 10:12am NW1021.62 94 11 47.4 52.1 1:57pm 41.6 7:57am 28 0 0.00 0 1 12:00am WSW1024.41 92 12 46.4 58.5 12:56pm 38.8 7:01am 29 0 0.00 0 1 12:00am NW1024.05 86 13 48.5 55.1 2:38pm 41.6 1:27am 26 0 0.13 0 1 12:00am NW1023.50 85 14 52.8 57.7 1:25pm 49.2 8:05am 22 0 0.03 0 0 12:00am SW1020.85 84 15 53.7 56.2 6:39am 51.8 8:50am 21 0 3.07 1 0 12:00am NW1012.19 87 16 41.4 52.0 12:00am 33.2 11:46pm 34 0 0.28 0 0 12:00am NW1015.14 85 17 36.6 49.2 12:37pm 30.1 7:28am 38 0 0.00 0 0 12:00am NW1027.65 79 18 36.7 51.2 1:17pm 28.5 6:59am 38 0 0.00 0 0 12:00am NW1031.43 78 19 40.2 53.9 1:14pm 31.4 7:01am 35 0 0.00 0 2 12:14pm N1033.20 72 20 45.0 60.3 12:38pm 35.7 5:09am 30 0 0.00 0 2 12:00am NNW1029.31 69 21 46.6 58.3 3:14pm 40.7 12:31am 28 0 0.00 0 2 12:00am NNE1023.10 78 22 45.5 63.3 1:36pm 36.7 6:57am 29 0 0.00 0 2 12:00am NW1019.66 78 23 42.9 45.8 1:26pm 39.2 11:38pm 32 0 0.69 0 2 12:00am NW1014.64 88 24 37.5 46.1 1:39pm 31.3 11:58pm 38 0 0.00 0 2 12:00am NNW1015.33 87 25 35.4 47.2 1:25pm 29.0 6:50am 40 0 0.01 0 2 12:00am NW1022.98 78 26 39.1 54.4 1:46pm 30.4 3:25am 36 0 0.00 0 2 12:00am W1029.53 60 27 43.1 59.2 1:36pm 35.2 12:00am 31 0 0.00 0 1 3:26pm NW1030.86 67 28 45.4 61.3 12:35pm 35.9 7:20am 30 0 0.00 0 0 12:00am NW1028.88 74 29 49.6 67.0 1:49pm 39.2 7:31am 25 0 0.00 0 0 12:00am NNW1026.20 65 30 49.4 63.2 12:05pm 42.2 5:13am 26 0 0.00 0 0 12:00am NW1019.51 58 31 42.5 46.0 2:50pm 39.6 11:27pm 33 0 0.01 0 0 12:00am NW1017.00 87 --------------------------------------------------------------------------------------- TOT 44.6 67.0 12/29/16 28.5 12/18/16 942 0 7.42 0 9 12/10/16 NW1023.63 78 HEAT BASE: 75.0 COOL BASE: 64.0

Google



Contact Us | Mobile
Never base any life decisions on weather information from this site or anywhere over the Internet.
Site is dedicated to our Lord & Savior Jesus Christ (Yeshua Messiah) | Random Quotes

Copyright © 2017 El Dorado Weather, Inc. | Site Designed By:  El Dorado Weather
LightningRing