World Forecast Directory
El Dorado Weather Logo
U.S. Color IR Sat North America Color Background Satellite Thumb
Norcal Dual-Pol Radar Live Northern California Doppler Radar Thumbnail Image
Pacific NW Visible Sat Regional U.S. Radar
Pacific NW Radar Regional U.S. Radar
Storm Cell Tracking Live Northern California Radar and Satellite Thumbnail Image
Street Level Radar Live U.S. Google Map Radar Thumbnail Image
Live Lightning Radar Placerville California Lightning Detection Radar Thumbnail Image
Live Streaming Webcam Placerville California Live Streaming WebCam Thumbnail Image
Local Wx Station Data Sacramento, Northern Sierra Nevada & the Motherlode Area Current Weather Conditions

NOAA Climate Report From: Placerville, Ca. Weather Station (EDWPC)

Archives below start from 6/22/2006 to the present:
2017: Jan | Feb | Mar | Apr | May | Jun | Jul | Aug | Sep | Oct | Nov | Dec 
2016: Jan | Feb | Mar | Apr | May | Jun | Jul | Aug | Sep | Oct | Nov | Dec 
2015: Jan | Feb | Mar | Apr | May | Jun | Jul | Aug | Sep | Oct | Nov | Dec 
2014: Jan | Feb | Mar | Apr | May | Jun | Jul | Aug | Sep | Oct | Nov | Dec 
2013: Jan | Feb | Mar | Apr | May | Jun | Jul | Aug | Sep | Oct | Nov | Dec 
2012: Jan | Feb | Mar | Apr | May | Jun | Jul | Aug | Sep | Oct | Nov | Dec 
2011: Jan | Feb | Mar | Apr | May | Jun | Jul | Aug | Sep | Oct | Nov | Dec 
2010: Jan | Feb | Mar | Apr | May | Jun | Jul | Aug | Sep | Oct | Nov | Dec 
2009: Jan | Feb | Mar | Apr | May | Jun | Jul | Aug | Sep | Oct | Nov | Dec 
2008: Jan | Feb | Mar | Apr | May | Jun | Jul | Aug | Sep | Oct | Nov | Dec 
2007: Jan | Feb | Mar | Apr | May | Jun | Jul | Aug | Sep | Oct | Nov | Dec 
 2006: Jan | Feb | Mar | Apr | May | Jun | Jul | Aug | Sep | Oct | Nov | Dec 

Report for 2016 10 MONTHLY CLIMATOLOGICAL SUMMARY FOR 10/2016 HEAT COOL MEAN DEG DEG WIND SPEED DOM MEAN MEAN DAY TEMP HIGH TIME LOW TIME DAYS DAYS RAIN AVG HI TIME DIR BAROM HUM --------------------------------------------------------------------------------------- 1 57.3 73.6 12:55pm 43.8 6:41am 18 2 0.00 0 2 12:00am NNW1020.86 45 2 52.5 65.7 1:13pm 44.9 7:52am 22 0 0.14 0 2 12:00am WNW1019.51 67 3 51.4 59.2 3:10pm 44.5 5:46am 24 0 0.00 0 2 12:00am SSW1021.59 75 4 55.4 70.4 3:26pm 45.9 3:01am 20 1 0.00 0 2 12:00am NNW1018.78 65 5 56.9 74.1 2:56pm 46.4 3:46am 18 2 0.00 0 2 12:00am NNW1019.79 54 6 61.0 78.5 3:35pm 49.3 2:45am 14 3 0.00 0 2 12:00am NW1019.52 40 7 65.8 84.6 3:01pm 52.2 2:35am 11 6 0.00 0 2 12:00am WNW1018.23 35 8 69.8 89.5 2:51pm 57.7 4:17am 8 8 0.00 0 2 12:00am WNW1016.19 29 9 71.1 89.4 3:33pm 59.8 7:30am 7 8 0.00 0 4 11:58am WNW1016.63 23 10 65.9 83.5 2:39pm 54.7 5:58am 10 5 0.00 0 4 12:00am WNW1016.60 33 11 60.0 77.5 3:24pm 47.1 7:36am 15 3 0.00 0 4 12:00am WNW1019.02 54 12 60.5 78.4 1:39pm 50.1 7:36am 15 3 0.00 0 4 12:00am WNW1020.09 54 13 60.6 73.4 2:07pm 50.4 3:26am 14 2 0.00 0 4 12:00am WNW1019.48 53 14 55.8 57.5 6:34am 54.5 2:50am 19 0 1.29 0 4 12:00am SSW1017.48 85 15 58.7 65.4 3:55pm 55.0 10:16pm 16 0 1.06 1 6 11:39am WNW1014.96 87 16 56.0 58.4 2:42pm 53.7 11:49pm 19 0 3.61 1 3 12:00am WNW1012.38 94 17 55.6 67.1 2:38pm 48.0 11:59pm 19 0 0.01 0 3 12:00am WNW1019.61 79 18 53.9 69.9 2:45pm 43.8 6:58am 21 1 0.00 0 3 12:00am N1023.80 72 19 57.3 74.1 3:00pm 45.1 7:44am 18 2 0.00 0 4 4:43pm NNE1024.32 58 20 62.4 81.1 2:30pm 49.8 7:57am 13 4 0.00 0 3 1:24am NW1022.40 57 21 63.9 81.7 2:32pm 52.6 7:09am 12 4 0.00 0 1 12:00am WNW1017.09 58 22 63.0 77.2 1:10pm 54.0 7:45am 12 3 0.00 0 1 12:00am NW1014.57 57 23 63.1 77.5 1:31pm 54.4 6:30am 12 3 0.02 0 0 12:00am NW1015.21 57 24 57.9 67.0 2:49pm 52.3 7:28am 17 0 0.26 0 0 12:00am WNW1017.84 77 25 58.0 64.0 1:44pm 54.3 4:41am 17 0 0.05 0 0 12:00am SW1021.28 84 26 62.5 78.0 2:32pm 52.7 7:37am 13 3 0.00 0 0 12:00am NW1019.82 59 27 56.3 59.4 9:10am 53.5 2:39am 19 0 0.74 0 0 12:00am SSW1018.24 80 28 57.3 59.1 1:39pm 54.5 11:54pm 18 0 0.96 0 0 12:00am NW1016.12 94 29 57.7 62.5 2:29pm 54.4 12:02am 17 0 0.00 0 0 12:00am NW1017.99 90 30 54.6 58.6 11:47am 50.6 2:38pm 20 0 0.76 0 0 12:00am NW1016.09 90 31 51.7 56.7 3:40pm 45.3 7:56am 23 0 0.07 0 0 12:00am NW1021.18 87 --------------------------------------------------------------------------------------- TOT 59.2 89.5 10/8/16 43.8 10/1/16 504 65 8.97 0 6 10/15/16 WNW1018.63 64 HEAT BASE: 75.0 COOL BASE: 64.0

Google



Contact Us | Mobile
Never base any life decisions on weather information from this site or anywhere over the Internet.
Site is dedicated to our Lord & Savior Jesus Christ (Yeshua Messiah) | Random Quotes

Copyright © 2017 El Dorado Weather, Inc. | Site Designed By:  El Dorado Weather
LightningRing