World Forecast Directory
El Dorado Weather Logo
U.S. Color IR Sat North America Color Background Satellite Thumb
Norcal Dual-Pol Radar Live Northern California Doppler Radar Thumbnail Image
Pacific NW Visible Sat Regional U.S. Radar
Pacific NW Radar Regional U.S. Radar
Storm Cell Tracking Live Northern California Radar and Satellite Thumbnail Image
Street Level Radar Live U.S. Google Map Radar Thumbnail Image
Live Lightning Radar Placerville California Lightning Detection Radar Thumbnail Image
Live Streaming Webcam Placerville California Live Streaming WebCam Thumbnail Image
Local Wx Station Data Sacramento, Northern Sierra Nevada & the Motherlode Area Current Weather Conditions

NOAA Climate Report From: Placerville, Ca. Weather Station (EDWPC)

Archives below start from 6/22/2006 to the present:
2017: Jan | Feb | Mar | Apr | May | Jun | Jul | Aug | Sep | Oct | Nov | Dec 
2016: Jan | Feb | Mar | Apr | May | Jun | Jul | Aug | Sep | Oct | Nov | Dec 
2015: Jan | Feb | Mar | Apr | May | Jun | Jul | Aug | Sep | Oct | Nov | Dec 
2014: Jan | Feb | Mar | Apr | May | Jun | Jul | Aug | Sep | Oct | Nov | Dec 
2013: Jan | Feb | Mar | Apr | May | Jun | Jul | Aug | Sep | Oct | Nov | Dec 
2012: Jan | Feb | Mar | Apr | May | Jun | Jul | Aug | Sep | Oct | Nov | Dec 
2011: Jan | Feb | Mar | Apr | May | Jun | Jul | Aug | Sep | Oct | Nov | Dec 
2010: Jan | Feb | Mar | Apr | May | Jun | Jul | Aug | Sep | Oct | Nov | Dec 
2009: Jan | Feb | Mar | Apr | May | Jun | Jul | Aug | Sep | Oct | Nov | Dec 
2008: Jan | Feb | Mar | Apr | May | Jun | Jul | Aug | Sep | Oct | Nov | Dec 
2007: Jan | Feb | Mar | Apr | May | Jun | Jul | Aug | Sep | Oct | Nov | Dec 
 2006: Jan | Feb | Mar | Apr | May | Jun | Jul | Aug | Sep | Oct | Nov | Dec 

Report for 2016 08 MONTHLY CLIMATOLOGICAL SUMMARY FOR 8/2016 HEAT COOL MEAN DEG DEG WIND SPEED DOM MEAN MEAN DAY TEMP HIGH TIME LOW TIME DAYS DAYS RAIN AVG HI TIME DIR BAROM HUM --------------------------------------------------------------------------------------- 1 77.4 96.7 4:42pm 62.5 5:54am 4 14 0.00 0 0 12:00am W1014.69 30 2 78.2 98.0 3:30pm 61.5 6:36am 4 14 0.00 0 0 12:00am W1015.81 32 3 68.8 69.7 12:00am 67.9 12:57am 0 0 0.00 0 0 12:00am N1015.44 43 4 74.4 93.3 3:34pm 61.1 7:39am 5 11 0.00 0 4 11:40am W1012.93 37 5 67.8 86.3 4:03pm 50.2 7:43am 10 7 0.00 0 4 12:00am W1013.31 48 6 71.9 87.3 3:36pm 58.1 3:35am 7 10 0.00 0 3 10:45am W1012.34 37 7 72.7 88.7 4:13pm 56.5 6:31am 6 10 0.00 0 4 2:22pm W1012.36 38 8 74.2 90.6 3:34pm 59.8 7:10am 5 11 0.00 0 5 2:35pm W1011.19 31 9 74.0 90.4 4:19pm 57.9 7:27am 6 11 0.00 0 5 3:26pm W1010.81 31 10 75.2 89.6 3:53pm 63.6 2:47am 4 11 0.00 0 9 12:19pm W1012.72 33 11 76.2 92.4 3:54pm 62.0 6:47am 5 12 0.00 0 9 12:00am W1016.04 36 12 79.3 95.0 4:08pm 66.5 6:48am 3 15 0.00 0 9 12:00am WSW1016.96 32 13 81.9 98.5 2:15pm 67.8 4:23am 2 18 0.00 0 9 12:00am W1015.19 28 14 83.3 98.6 3:14pm 70.7 2:02am 1 19 0.00 0 9 12:00am W1013.10 24 15 79.0 94.5 3:28pm 65.4 6:12am 3 15 0.00 0 1 12:00am W1013.52 29 16 80.0 96.3 3:52pm 66.8 4:26am 3 16 0.00 0 1 12:00am W1012.65 32 17 80.5 95.8 4:33pm 67.0 7:01am 2 17 0.00 0 1 12:00am W1011.21 31 18 80.2 95.1 4:05pm 67.3 6:28am 2 16 0.00 0 4 1:40pm W1011.27 32 19 78.0 92.4 4:32pm 66.4 7:00am 3 14 0.00 0 3 12:00am W1012.77 37 20 76.8 93.3 3:23pm 62.8 6:25am 4 13 0.00 0 3 12:00am W1013.87 35 21 75.1 89.6 4:00pm 61.7 6:20am 4 11 0.00 0 3 12:00am W1013.42 33 22 72.7 88.5 3:14pm 63.2 7:59am 5 9 0.00 0 3 12:00am W1014.34 41 23 72.0 88.4 4:11pm 58.0 5:34am 6 9 0.00 0 3 12:00am W1018.33 37 24 73.0 90.5 4:29pm 59.0 4:01am 6 10 0.00 0 3 12:00am W1018.23 29 25 74.6 90.3 2:46pm 59.9 7:19am 5 11 0.00 0 3 12:00am W1013.74 27 26 70.4 85.6 3:11pm 59.9 3:07am 7 8 0.00 0 2 12:00am W1014.05 41 27 67.6 86.0 5:22pm 53.4 7:11am 9 7 0.00 0 2 12:00am W1016.69 55 28 71.5 93.3 4:01pm 53.9 6:05am 8 10 0.00 0 2 12:00am W1019.18 49 29 74.2 93.9 3:24pm 59.2 7:12am 6 11 0.00 0 2 12:00am W1018.42 36 30 74.6 93.7 4:33pm 60.5 5:46am 6 11 0.00 0 2 12:00am W1015.67 36 31 73.3 90.0 3:51pm 61.5 11:58pm 5 10 0.00 0 2 12:00am W1014.07 38 --------------------------------------------------------------------------------------- TOT 75.3 98.6 8/14/16 50.2 8/5/16 145 361 0.00 0 9 8/10/16 W1014.32 35 HEAT BASE: 75.0 COOL BASE: 64.0

Google



Contact Us | Mobile
Never base any life decisions on weather information from this site or anywhere over the Internet.
Site is dedicated to our Lord & Savior Jesus Christ (Yeshua Messiah) | Random Quotes

Copyright © 2017 El Dorado Weather, Inc. | Site Designed By:  El Dorado Weather
LightningRing