World Forecast Directory
El Dorado Weather Logo
U.S. Color IR Sat North America Color Background Satellite Thumb
Norcal Dual-Pol Radar Live Northern California Doppler Radar Thumbnail Image
Pacific NW Visible Sat Regional U.S. Radar
Pacific NW Radar Regional U.S. Radar
Storm Cell Tracking Live Northern California Radar and Satellite Thumbnail Image
Street Level Radar Live U.S. Google Map Radar Thumbnail Image
Live Lightning Radar Placerville California Lightning Detection Radar Thumbnail Image
Live Streaming Webcam Placerville California Live Streaming WebCam Thumbnail Image
Local Wx Station Data Sacramento, Northern Sierra Nevada & the Motherlode Area Current Weather Conditions

NOAA Climate Report From: Placerville, Ca. Weather Station (EDWPC)

Archives below start from 6/22/2006 to the present:
2017: Jan | Feb | Mar | Apr | May | Jun | Jul | Aug | Sep | Oct | Nov | Dec 
2016: Jan | Feb | Mar | Apr | May | Jun | Jul | Aug | Sep | Oct | Nov | Dec 
2015: Jan | Feb | Mar | Apr | May | Jun | Jul | Aug | Sep | Oct | Nov | Dec 
2014: Jan | Feb | Mar | Apr | May | Jun | Jul | Aug | Sep | Oct | Nov | Dec 
2013: Jan | Feb | Mar | Apr | May | Jun | Jul | Aug | Sep | Oct | Nov | Dec 
2012: Jan | Feb | Mar | Apr | May | Jun | Jul | Aug | Sep | Oct | Nov | Dec 
2011: Jan | Feb | Mar | Apr | May | Jun | Jul | Aug | Sep | Oct | Nov | Dec 
2010: Jan | Feb | Mar | Apr | May | Jun | Jul | Aug | Sep | Oct | Nov | Dec 
2009: Jan | Feb | Mar | Apr | May | Jun | Jul | Aug | Sep | Oct | Nov | Dec 
2008: Jan | Feb | Mar | Apr | May | Jun | Jul | Aug | Sep | Oct | Nov | Dec 
2007: Jan | Feb | Mar | Apr | May | Jun | Jul | Aug | Sep | Oct | Nov | Dec 
 2006: Jan | Feb | Mar | Apr | May | Jun | Jul | Aug | Sep | Oct | Nov | Dec 

Report for 2016 05 MONTHLY CLIMATOLOGICAL SUMMARY FOR 5/2016 HEAT COOL MEAN DEG DEG WIND SPEED DOM MEAN MEAN DAY TEMP HIGH TIME LOW TIME DAYS DAYS RAIN AVG HI TIME DIR BAROM HUM --------------------------------------------------------------------------------------- 1 62.8 80.3 4:50pm 50.9 6:23am 12 4 0.00 0 6 12:00am WSW1014.08 45 2 65.0 82.4 3:59pm 52.3 5:22am 10 6 0.00 0 6 12:00am NNW1018.38 46 3 64.8 79.8 2:04pm 55.0 3:08am 9 5 0.00 0 6 12:00am NNW1016.78 54 4 62.6 72.1 2:46pm 55.0 11:58pm 11 3 0.00 0 6 12:00am NNW1013.00 64 5 52.2 56.0 3:42pm 48.5 11:58pm 22 0 0.00 0 6 12:00am NNW1014.25 83 6 53.5 60.8 4:43pm 48.3 12:30am 20 0 0.14 0 0 12:00am NNW1014.01 85 7 53.1 57.1 2:26pm 50.8 8:23am 21 0 0.14 0 0 12:00am NNW1016.86 90 8 56.4 63.6 12:59pm 50.2 4:52am 17 0 0.01 0 0 12:00am NW1017.26 83 9 60.8 75.5 3:42pm 50.3 4:03am 13 3 0.00 0 0 12:00am NNW1016.57 76 10 63.9 81.9 5:10pm 50.0 4:56am 11 6 0.00 0 0 12:00am NNW1016.44 63 11 67.9 86.4 4:01pm 55.0 7:05am 9 7 0.00 0 0 12:00am NNW1017.48 42 12 71.1 89.9 4:58pm 56.9 1:40am 7 10 0.00 0 1 3:23pm NW1017.46 53 13 65.5 81.5 4:07pm 51.7 11:59pm 10 5 0.00 0 2 2:06pm NNW1016.37 62 14 57.2 71.8 3:16pm 44.5 6:05am 17 2 0.00 0 1 12:00am NW1018.69 69 15 60.5 77.9 4:09pm 46.1 6:10am 14 4 0.00 0 1 12:00am N1016.43 66 16 64.7 82.6 4:44pm 50.9 6:32am 11 6 0.00 0 1 12:00am NNE1015.29 55 17 69.3 87.9 4:28pm 53.9 5:28am 8 9 0.00 0 1 12:00am N1014.82 45 18 71.9 90.1 5:26pm 59.2 4:02am 6 10 0.00 0 1 12:00am NNW1015.32 39 19 64.4 78.4 4:43pm 54.1 11:59pm 10 4 0.00 0 1 12:00am NNW1010.75 51 20 49.9 59.9 4:10pm 45.4 8:28pm 24 0 0.02 1 1 12:00am N1011.25 69 21 50.4 61.1 5:07pm 42.7 6:31am 23 0 0.05 0 1 12:00am NNW1019.02 72 22 51.6 65.7 4:55pm 39.1 6:41am 22 0 0.01 0 0 12:00am N1021.09 70 23 53.4 66.2 3:50pm 41.4 6:01am 20 0 0.00 0 0 12:00am N1016.37 67 24 53.3 69.4 3:19pm 45.6 5:38am 20 1 0.18 0 0 12:00am NNW1017.01 80 25 58.4 75.3 4:48pm 44.3 6:21am 15 3 0.00 0 0 12:00am N1020.55 73 26 62.5 80.8 4:38pm 48.2 6:12am 12 5 0.00 0 0 12:00am N1019.22 66 27 66.1 83.6 5:03pm 52.7 6:46am 10 7 0.00 0 5 2:34pm NE1014.94 53 28 68.7 85.1 3:45pm 55.4 5:31am 8 8 0.00 0 0 12:00am NNE1012.53 42 29 70.9 87.9 3:56pm 57.8 6:03am 7 9 0.00 0 0 12:00am NE1015.24 43 30 72.2 92.1 5:30pm 57.5 5:04am 6 11 0.00 0 0 12:00am ENE1015.73 44 31 76.4 96.1 4:14pm 60.6 5:46am 4 14 0.00 0 0 12:00am ENE1012.34 45 --------------------------------------------------------------------------------------- TOT 62.0 96.1 5/31/16 39.1 5/22/16 410 140 0.55 0 6 5/1/16 NNW1015.98 61 HEAT BASE: 75.0 COOL BASE: 64.0

Google



Contact Us | Mobile
Never base any life decisions on weather information from this site or anywhere over the Internet.
Site is dedicated to our Lord & Savior Jesus Christ (Yeshua Messiah) | Random Quotes

Copyright © 2017 El Dorado Weather, Inc. | Site Designed By:  El Dorado Weather
LightningRing