World Forecast Directory
El Dorado Weather Logo
U.S. Color IR Sat North America Color Background Satellite Thumb
Norcal Dual-Pol Radar Live Northern California Doppler Radar Thumbnail Image
Pacific NW Visible Sat Regional U.S. Radar
Pacific NW Radar Regional U.S. Radar
Storm Cell Tracking Live Northern California Radar and Satellite Thumbnail Image
Street Level Radar Live U.S. Google Map Radar Thumbnail Image
Live Lightning Radar Placerville California Lightning Detection Radar Thumbnail Image
Live Streaming Webcam Placerville California Live Streaming WebCam Thumbnail Image
Local Wx Station Data Sacramento, Northern Sierra Nevada & the Motherlode Area Current Weather Conditions

NOAA Climate Report From: Placerville, Ca. Weather Station (EDWPC)

Archives below start from 6/22/2006 to the present:
2017: Jan | Feb | Mar | Apr | May | Jun | Jul | Aug | Sep | Oct | Nov | Dec 
2016: Jan | Feb | Mar | Apr | May | Jun | Jul | Aug | Sep | Oct | Nov | Dec 
2015: Jan | Feb | Mar | Apr | May | Jun | Jul | Aug | Sep | Oct | Nov | Dec 
2014: Jan | Feb | Mar | Apr | May | Jun | Jul | Aug | Sep | Oct | Nov | Dec 
2013: Jan | Feb | Mar | Apr | May | Jun | Jul | Aug | Sep | Oct | Nov | Dec 
2012: Jan | Feb | Mar | Apr | May | Jun | Jul | Aug | Sep | Oct | Nov | Dec 
2011: Jan | Feb | Mar | Apr | May | Jun | Jul | Aug | Sep | Oct | Nov | Dec 
2010: Jan | Feb | Mar | Apr | May | Jun | Jul | Aug | Sep | Oct | Nov | Dec 
2009: Jan | Feb | Mar | Apr | May | Jun | Jul | Aug | Sep | Oct | Nov | Dec 
2008: Jan | Feb | Mar | Apr | May | Jun | Jul | Aug | Sep | Oct | Nov | Dec 
2007: Jan | Feb | Mar | Apr | May | Jun | Jul | Aug | Sep | Oct | Nov | Dec 
 2006: Jan | Feb | Mar | Apr | May | Jun | Jul | Aug | Sep | Oct | Nov | Dec 

Report for 2016 04 MONTHLY CLIMATOLOGICAL SUMMARY FOR 4/2016 HEAT COOL MEAN DEG DEG WIND SPEED DOM MEAN MEAN DAY TEMP HIGH TIME LOW TIME DAYS DAYS RAIN AVG HI TIME DIR BAROM HUM --------------------------------------------------------------------------------------- 1 55.1 71.4 4:26pm 42.9 7:31am 19 1 0.00 0 0 12:00am WSW1023.46 72 2 59.3 75.4 3:27pm 47.1 6:56am 15 3 0.00 0 0 12:00am WSW1023.75 68 3 61.2 77.2 3:40pm 49.8 7:13am 13 4 0.00 0 1 7:16pm WSW1021.43 60 4 58.5 74.6 2:31pm 46.7 3:56am 15 3 0.00 0 0 12:00am W1024.25 62 5 60.3 79.9 3:51pm 45.7 5:57am 14 4 0.00 0 0 12:00am NNW1024.39 50 6 66.9 87.7 4:33pm 52.2 7:42am 10 8 0.00 0 0 12:00am NW1021.85 43 7 60.9 72.6 2:32pm 52.5 7:19am 13 2 0.00 0 0 12:00am W1016.02 53 8 59.2 73.2 1:29pm 50.3 3:37am 15 2 0.06 0 0 12:00am W1014.16 69 9 52.1 54.4 12:00am 50.6 11:14pm 22 0 1.30 0 2 3:17pm W1015.45 92 10 52.9 58.0 2:00pm 49.2 5:42am 21 0 0.07 0 2 12:00am W1015.78 89 11 56.8 66.8 1:53pm 50.5 2:49am 17 0 0.00 0 2 12:00am W1021.39 81 12 55.4 63.0 4:07pm 49.6 11:53pm 18 0 0.00 0 2 12:00am W1024.39 80 13 53.8 66.9 3:14pm 44.9 6:23am 20 0 0.00 0 6 10:09pm W1023.64 69 14 50.4 60.3 2:51pm 42.2 11:56pm 23 0 0.24 0 1 12:00am W1021.98 68 15 51.9 71.4 3:48pm 36.1 6:47am 22 1 0.00 0 1 12:00am NW1022.12 62 16 59.1 79.2 4:55pm 43.9 5:10am 15 4 0.00 0 1 12:00am N1021.80 46 17 62.8 84.0 4:09pm 46.9 7:07am 13 6 0.00 0 1 12:00am W1020.36 46 18 66.7 86.0 3:56pm 53.5 4:23am 10 7 0.00 0 3 2:26pm W1020.16 43 19 66.7 85.3 3:15pm 53.7 6:49am 10 7 0.00 0 0 12:00am W1016.90 47 20 61.5 78.3 4:17pm 49.4 5:04am 13 4 0.00 0 0 12:00am WNW1016.18 45 21 57.3 70.3 2:28pm 46.6 4:20am 17 1 0.01 0 0 12:00am WNW1015.12 67 22 49.2 54.2 12:00am 44.0 10:24pm 25 0 1.20 0 0 12:00am NW1015.62 88 23 51.7 66.8 4:48pm 41.4 6:38am 22 0 0.00 0 0 12:00am N1024.40 74 24 53.5 68.2 2:55pm 42.9 11:53pm 20 1 0.29 0 0 12:00am WNW1018.47 70 25 48.1 65.7 4:53pm 36.6 7:04am 26 0 0.00 0 9 2:55pm NNW1017.64 70 26 52.2 64.6 2:01pm 41.1 3:37am 22 0 0.00 0 1 12:00am WNW1019.49 61 27 49.2 61.3 12:37pm 42.0 7:05am 25 0 0.24 0 1 12:00am NW1015.76 76 28 54.9 74.9 4:34pm 39.4 6:12am 19 3 0.01 0 1 12:00am NNW1014.38 68 29 58.0 73.4 4:01pm 46.4 6:34am 16 2 0.05 0 10 12:14pm NW1016.70 63 30 57.5 78.1 4:35pm 40.3 6:20am 17 4 0.01 0 6 12:00am SW1014.48 59 --------------------------------------------------------------------------------------- TOT 56.8 87.7 4/6/16 36.1 4/15/16 524 69 3.48 0 10 4/29/16 W1019.40 65 HEAT BASE: 75.0 COOL BASE: 64.0

Google



Contact Us | Mobile
Never base any life decisions on weather information from this site or anywhere over the Internet.
Site is dedicated to our Lord & Savior Jesus Christ (Yeshua Messiah) | Random Quotes

Copyright © 2017 El Dorado Weather, Inc. | Site Designed By:  El Dorado Weather
LightningRing