World Forecast Directory
El Dorado Weather Logo
U.S. Color IR Sat North America Color Background Satellite Thumb
Norcal Dual-Pol Radar Live Northern California Doppler Radar Thumbnail Image
Pacific NW Visible Sat Regional U.S. Radar
Pacific NW Radar Regional U.S. Radar
Storm Cell Tracking Live Northern California Radar and Satellite Thumbnail Image
Street Level Radar Live U.S. Google Map Radar Thumbnail Image
Live Lightning Radar Placerville California Lightning Detection Radar Thumbnail Image
Live Streaming Webcam Placerville California Live Streaming WebCam Thumbnail Image
Local Wx Station Data Sacramento, Northern Sierra Nevada & the Motherlode Area Current Weather Conditions

NOAA Climate Report From: Placerville, Ca. Weather Station (EDWPC)

Archives below start from 6/22/2006 to the present:
2017: Jan | Feb | Mar | Apr | May | Jun | Jul | Aug | Sep | Oct | Nov | Dec 
2016: Jan | Feb | Mar | Apr | May | Jun | Jul | Aug | Sep | Oct | Nov | Dec 
2015: Jan | Feb | Mar | Apr | May | Jun | Jul | Aug | Sep | Oct | Nov | Dec 
2014: Jan | Feb | Mar | Apr | May | Jun | Jul | Aug | Sep | Oct | Nov | Dec 
2013: Jan | Feb | Mar | Apr | May | Jun | Jul | Aug | Sep | Oct | Nov | Dec 
2012: Jan | Feb | Mar | Apr | May | Jun | Jul | Aug | Sep | Oct | Nov | Dec 
2011: Jan | Feb | Mar | Apr | May | Jun | Jul | Aug | Sep | Oct | Nov | Dec 
2010: Jan | Feb | Mar | Apr | May | Jun | Jul | Aug | Sep | Oct | Nov | Dec 
2009: Jan | Feb | Mar | Apr | May | Jun | Jul | Aug | Sep | Oct | Nov | Dec 
2008: Jan | Feb | Mar | Apr | May | Jun | Jul | Aug | Sep | Oct | Nov | Dec 
2007: Jan | Feb | Mar | Apr | May | Jun | Jul | Aug | Sep | Oct | Nov | Dec 
 2006: Jan | Feb | Mar | Apr | May | Jun | Jul | Aug | Sep | Oct | Nov | Dec 

Report for 2016 03 MONTHLY CLIMATOLOGICAL SUMMARY FOR 3/2016 HEAT COOL MEAN DEG DEG WIND SPEED DOM MEAN MEAN DAY TEMP HIGH TIME LOW TIME DAYS DAYS RAIN AVG HI TIME DIR BAROM HUM --------------------------------------------------------------------------------------- 1 57.6 71.1 2:48pm 47.9 7:12am 16 2 0.00 0 6 12:45pm NE1023.41 49 2 57.7 72.9 11:17am 46.6 5:26am 16 2 0.00 0 6 12:00am NE1021.88 54 3 55.6 61.4 11:08am 49.4 6:48am 18 0 0.00 0 6 12:00am NNW1021.96 76 4 54.7 65.1 11:55am 51.4 4:04am 19 0 0.79 0 6 12:00am NE1018.80 86 5 52.7 56.8 11:25am 47.1 11:19pm 21 0 1.57 1 0 12:00am NNW1012.93 89 6 45.7 54.6 11:49am 40.4 11:42pm 28 0 1.07 1 0 12:00am ENE1015.87 87 7 42.2 46.1 1:13pm 39.1 6:49am 32 0 1.16 0 0 12:00am NE1013.43 90 8 43.6 53.1 2:53pm 34.6 6:08am 30 0 0.00 0 0 12:00am NE1022.25 85 9 51.1 61.3 3:27pm 41.7 12:00am 23 0 0.02 0 0 12:00am ENE1022.83 82 10 53.6 60.8 2:13pm 49.8 8:30pm 20 0 0.03 0 0 12:00am N1019.86 83 11 45.6 50.1 6:37am 42.3 3:39pm 28 0 1.46 1 12 11:12am N1014.02 90 12 45.6 52.4 12:38pm 41.3 5:41am 28 0 0.45 1 7 12:00am NNE1023.69 85 13 46.6 48.2 11:42pm 45.1 1:24am 26 0 1.44 1 7 12:00am NE1021.07 93 14 48.4 57.8 4:05pm 39.4 11:58pm 25 0 0.31 0 7 12:00am ESE1025.41 82 15 48.4 64.8 3:39pm 35.9 7:00am 25 0 0.00 0 7 12:00am SW1026.67 66 16 52.7 69.9 3:40pm 40.6 1:29am 21 1 0.00 0 0 12:00am SE1021.88 67 17 56.9 73.1 1:07pm 45.2 6:29am 17 2 0.00 0 0 12:00am SSE1017.61 66 18 58.1 75.4 4:15pm 47.6 3:36am 16 3 0.00 0 1 6:41pm S1017.69 66 19 57.0 71.9 1:46pm 45.8 5:35am 17 2 0.00 0 0 12:00am S1019.30 70 20 54.1 65.3 12:11pm 46.7 7:33am 20 0 0.44 0 0 12:00am S1020.85 82 21 48.5 58.4 2:03pm 43.3 11:43pm 25 0 1.81 0 0 12:00am SW1021.72 86 22 46.2 58.0 1:44pm 39.2 11:58pm 28 0 0.00 0 0 12:00am SW1026.05 78 23 49.2 65.8 3:45pm 34.9 4:51am 25 0 0.00 0 0 12:00am SW1028.56 63 24 53.3 69.6 4:30pm 41.7 7:27am 21 1 0.00 0 1 3:08pm WNW1026.21 65 25 54.7 71.2 3:56pm 44.4 7:05am 19 2 0.00 0 0 12:00am W1019.74 64 26 55.1 70.7 3:04pm 42.8 5:56am 19 2 0.00 0 0 12:00am SW1017.44 56 27 54.6 66.9 3:48pm 44.3 7:02am 19 0 0.00 0 0 12:00am SW1019.34 71 28 45.5 54.5 3:37pm 38.1 8:05am 28 0 0.00 0 0 12:00am WSW1014.93 68 29 45.5 60.1 3:25pm 32.6 6:10am 28 0 0.00 0 0 12:00am WSW1014.79 62 30 50.7 67.4 4:21pm 38.9 2:11am 23 0 0.00 0 0 12:00am NW1018.03 61 31 53.0 70.1 4:00pm 38.8 7:22am 21 1 0.00 0 0 12:00am WSW1021.67 68 --------------------------------------------------------------------------------------- TOT 51.1 75.4 3/18/16 32.6 3/29/16 702 19 10.55 0 12 3/11/16 NE1020.35 74 HEAT BASE: 75.0 COOL BASE: 64.0

Google



Contact Us | Mobile
Never base any life decisions on weather information from this site or anywhere over the Internet.
Site is dedicated to our Lord & Savior Jesus Christ (Yeshua Messiah) | Random Quotes

Copyright © 2017 El Dorado Weather, Inc. | Site Designed By:  El Dorado Weather
LightningRing