World Forecast Directory
El Dorado Weather Logo
U.S. Color IR Sat North America Color Background Satellite Thumb
Norcal Dual-Pol Radar Live Northern California Doppler Radar Thumbnail Image
Pacific NW Visible Sat Regional U.S. Radar
Pacific NW Radar Regional U.S. Radar
Storm Cell Tracking Live Northern California Radar and Satellite Thumbnail Image
Street Level Radar Live U.S. Google Map Radar Thumbnail Image
Live Lightning Radar Placerville California Lightning Detection Radar Thumbnail Image
Live Streaming Webcam Placerville California Live Streaming WebCam Thumbnail Image
Local Wx Station Data Sacramento, Northern Sierra Nevada & the Motherlode Area Current Weather Conditions

NOAA Climate Report From: Placerville, Ca. Weather Station (EDWPC)

Archives below start from 6/22/2006 to the present:
2017: Jan | Feb | Mar | Apr | May | Jun | Jul | Aug | Sep | Oct | Nov | Dec 
2016: Jan | Feb | Mar | Apr | May | Jun | Jul | Aug | Sep | Oct | Nov | Dec 
2015: Jan | Feb | Mar | Apr | May | Jun | Jul | Aug | Sep | Oct | Nov | Dec 
2014: Jan | Feb | Mar | Apr | May | Jun | Jul | Aug | Sep | Oct | Nov | Dec 
2013: Jan | Feb | Mar | Apr | May | Jun | Jul | Aug | Sep | Oct | Nov | Dec 
2012: Jan | Feb | Mar | Apr | May | Jun | Jul | Aug | Sep | Oct | Nov | Dec 
2011: Jan | Feb | Mar | Apr | May | Jun | Jul | Aug | Sep | Oct | Nov | Dec 
2010: Jan | Feb | Mar | Apr | May | Jun | Jul | Aug | Sep | Oct | Nov | Dec 
2009: Jan | Feb | Mar | Apr | May | Jun | Jul | Aug | Sep | Oct | Nov | Dec 
2008: Jan | Feb | Mar | Apr | May | Jun | Jul | Aug | Sep | Oct | Nov | Dec 
2007: Jan | Feb | Mar | Apr | May | Jun | Jul | Aug | Sep | Oct | Nov | Dec 
 2006: Jan | Feb | Mar | Apr | May | Jun | Jul | Aug | Sep | Oct | Nov | Dec 

Report for 2016 02 MONTHLY CLIMATOLOGICAL SUMMARY FOR 2/2016 HEAT COOL MEAN DEG DEG WIND SPEED DOM MEAN MEAN DAY TEMP HIGH TIME LOW TIME DAYS DAYS RAIN AVG HI TIME DIR BAROM HUM --------------------------------------------------------------------------------------- 1 37.6 50.6 1:36pm 27.7 7:23am 36 0 0.00 0 0 12:00am NNE1024.25 64 2 36.9 42.0 4:26pm 32.3 10:36pm 37 0 0.10 0 0 12:00am WSW1029.06 80 3 40.3 50.6 1:56pm 31.0 4:00am 33 0 0.00 0 0 12:00am NW1033.10 75 4 44.8 60.1 1:42pm 36.2 5:27am 29 0 0.00 0 0 12:00am NNE1033.70 74 5 46.7 62.3 10:37am 35.5 6:32am 27 0 0.00 0 3 8:26am WNW1032.25 69 6 50.3 66.1 1:22pm 37.9 7:04am 21 0 0.00 0 2 12:00am N1032.07 58 7 52.8 69.7 1:51pm 40.8 6:29am 21 1 0.00 0 2 12:00am WNW1028.41 61 8 58.1 75.2 1:18pm 47.7 12:58am 16 3 0.00 0 2 12:00am WNW1027.13 53 9 59.0 76.7 2:25pm 47.2 6:17am 15 3 0.00 0 2 12:00am WNW1026.43 47 10 58.0 73.2 11:21am 48.5 6:13am 16 2 0.00 0 2 12:00am NNE1026.30 47 11 56.9 73.3 12:26pm 47.0 4:46am 17 2 0.00 0 3 11:36am NW1024.82 52 12 56.5 71.9 1:42pm 47.5 5:50am 17 2 0.00 0 2 12:00am NNE1025.60 51 13 55.7 71.0 1:05pm 44.2 7:31am 18 2 0.00 0 2 12:00am NNE1026.61 53 14 56.7 73.6 1:31pm 46.5 4:28am 17 2 0.00 0 2 12:00am N1026.64 56 15 56.6 73.2 1:32pm 43.4 5:56am 17 2 0.00 0 2 12:00am N1023.59 66 16 59.9 76.2 2:52pm 47.3 5:46am 14 4 0.00 0 2 12:00am NW1016.66 52 17 59.1 67.1 11:42am 45.0 7:34pm 15 0 1.55 1 4 8:50pm NW1008.57 47 18 42.1 49.3 2:00am 37.7 12:33pm 20 0 0.03 0 0 12:00am N1021.48 82 19 46.0 56.6 12:00pm 37.7 12:33pm 38 0 0.01 0 1 3:56pm NE1023.34 75 20 47.4 61.7 1:38pm 37.2 5:52am 26 0 0.00 0 0 12:00am E1026.32 77 21 49.3 65.2 1:13pm 38.2 7:18am 25 0 0.00 0 0 12:00am ESE1027.55 72 22 50.5 67.6 2:31pm 38.5 3:47am 23 1 0.00 0 0 12:00am E1025.43 59 23 52.7 69.7 1:54pm 40.8 7:29am 21 1 0.00 0 0 12:00am NE1021.68 62 24 55.6 72.0 2:01pm 43.8 7:08am 18 2 0.00 0 0 12:00am E1023.78 61 25 57.0 73.4 1:11pm 45.5 7:02am 17 2 0.00 0 0 12:00am E1023.31 56 26 57.1 69.6 11:56am 46.5 6:23am 17 1 0.00 0 0 12:00am NE1023.18 61 27 53.3 64.0 3:32pm 44.2 11:56pm 21 0 0.00 0 3 10:38am NE1024.45 76 28 51.7 65.7 1:22pm 42.3 4:53am 22 0 0.00 0 3 12:00am NE1025.44 61 29 56.6 75.4 1:54pm 44.0 5:14am 17 3 0.00 0 3 12:00am ESE1024.72 48 --------------------------------------------------------------------------------------- TOT 52.2 76.7 2/9/16 27.7 2/1/16 632 33 1.69 0 4 2/17/16 NE1025.46 61 HEAT BASE: 75.0 COOL BASE: 64.0

Google



Contact Us | Mobile
Never base any life decisions on weather information from this site or anywhere over the Internet.
Site is dedicated to our Lord & Savior Jesus Christ (Yeshua Messiah) | Random Quotes

Copyright © 2017 El Dorado Weather, Inc. | Site Designed By:  El Dorado Weather
LightningRing