World Forecast Directory
El Dorado Weather Logo
U.S. Color IR Sat North America Color Background Satellite Thumb
Norcal Dual-Pol Radar Live Northern California Doppler Radar Thumbnail Image
Pacific NW Visible Sat Regional U.S. Radar
Pacific NW Radar Regional U.S. Radar
Storm Cell Tracking Live Northern California Radar and Satellite Thumbnail Image
Street Level Radar Live U.S. Google Map Radar Thumbnail Image
Live Lightning Radar Placerville California Lightning Detection Radar Thumbnail Image
Live Streaming Webcam Placerville California Live Streaming WebCam Thumbnail Image
Local Wx Station Data Sacramento, Northern Sierra Nevada & the Motherlode Area Current Weather Conditions

NOAA Climate Report From: Placerville, Ca. Weather Station (EDWPC)

Archives below start from 6/22/2006 to the present:
2017: Jan | Feb | Mar | Apr | May | Jun | Jul | Aug | Sep | Oct | Nov | Dec 
2016: Jan | Feb | Mar | Apr | May | Jun | Jul | Aug | Sep | Oct | Nov | Dec 
2015: Jan | Feb | Mar | Apr | May | Jun | Jul | Aug | Sep | Oct | Nov | Dec 
2014: Jan | Feb | Mar | Apr | May | Jun | Jul | Aug | Sep | Oct | Nov | Dec 
2013: Jan | Feb | Mar | Apr | May | Jun | Jul | Aug | Sep | Oct | Nov | Dec 
2012: Jan | Feb | Mar | Apr | May | Jun | Jul | Aug | Sep | Oct | Nov | Dec 
2011: Jan | Feb | Mar | Apr | May | Jun | Jul | Aug | Sep | Oct | Nov | Dec 
2010: Jan | Feb | Mar | Apr | May | Jun | Jul | Aug | Sep | Oct | Nov | Dec 
2009: Jan | Feb | Mar | Apr | May | Jun | Jul | Aug | Sep | Oct | Nov | Dec 
2008: Jan | Feb | Mar | Apr | May | Jun | Jul | Aug | Sep | Oct | Nov | Dec 
2007: Jan | Feb | Mar | Apr | May | Jun | Jul | Aug | Sep | Oct | Nov | Dec 
 2006: Jan | Feb | Mar | Apr | May | Jun | Jul | Aug | Sep | Oct | Nov | Dec 

Report for 2015 12 MONTHLY CLIMATOLOGICAL SUMMARY FOR 12/2015 HEAT COOL MEAN DEG DEG WIND SPEED DOM MEAN MEAN DAY TEMP HIGH TIME LOW TIME DAYS DAYS RAIN AVG HI TIME DIR BAROM HUM --------------------------------------------------------------------------------------- 1 43.7 58.8 1:06pm 34.4 12:57am 30 0 0.00 0 2 12:00am SW1027.14 62 2 47.9 57.3 12:50pm 39.4 12:22am 26 0 0.00 0 2 12:00am SW1025.82 67 3 47.1 62.7 11:13am 42.5 5:39am 27 0 0.74 0 2 12:00am ESE1020.40 69 4 44.9 58.0 1:12pm 36.7 11:55pm 29 0 0.01 0 0 12:00am W1027.09 80 5 44.7 56.5 2:38pm 36.6 6:27am 29 0 0.00 0 0 12:00am SW1028.95 65 6 50.6 59.1 2:06pm 44.0 3:47am 23 0 0.02 0 0 12:00am ESE1029.28 61 7 52.7 61.1 1:46pm 47.5 11:55pm 21 0 0.00 0 0 12:00am SSW1028.55 72 8 49.5 60.1 1:25pm 44.1 6:11am 24 0 0.00 0 0 12:00am SW1026.74 82 9 50.7 59.2 12:35pm 43.1 3:19am 23 0 0.00 0 0 12:00am SE1023.23 82 10 47.8 50.8 7:14am 44.1 11:36pm 26 0 0.79 1 0 12:00am WSW1015.23 89 11 42.0 49.1 1:23pm 35.6 11:55pm 32 0 0.12 0 0 12:00am WSW1015.96 87 12 41.6 50.6 12:40pm 32.5 6:56am 32 0 0.00 0 0 12:00am NW1024.26 78 13 41.2 45.5 8:19am 32.5 11:56pm 33 0 0.76 1 0 12:00am WSW1018.50 85 14 36.0 49.9 1:33pm 28.6 11:59pm 38 0 0.02 0 0 12:00am NW1022.46 77 15 36.2 53.9 1:26pm 26.4 6:59am 38 0 0.00 0 0 12:00am NNW1024.89 62 16 37.5 51.8 1:12pm 28.7 12:57am 36 0 0.00 0 0 12:00am W1028.19 66 17 41.2 52.1 3:09pm 34.0 12:11am 33 0 0.00 0 0 12:00am NW1028.22 71 18 43.6 60.1 12:59pm 33.4 2:56am 30 0 0.02 0 0 12:00am W1021.89 68 19 41.7 47.5 1:54pm 34.1 11:56pm 32 0 0.27 0 0 12:00am S1019.38 87 20 38.0 44.4 3:21pm 32.2 5:57am 36 0 0.14 0 0 12:00am S1026.38 86 21 45.1 47.8 11:26pm 41.6 12:00am 29 0 2.08 0 0 12:00am W1020.42 93 22 49.2 51.2 10:51am 44.8 11:55pm 25 0 0.93 0 3 10:15am W1011.72 94 23 41.7 50.9 1:27pm 32.1 11:27pm 32 0 0.02 0 0 12:00am WNW1017.50 84 24 35.7 39.8 1:04pm 30.8 11:43pm 38 0 0.32 0 0 12:00am W1017.92 91 25 33.8 44.9 12:43pm 28.0 11:41pm 40 0 0.11 0 0 12:00am WNW1027.27 87 26 34.9 49.7 1:30pm 26.1 7:18am 39 0 0.00 0 0 12:00am WNW1033.36 69 27 36.1 45.5 12:22pm 28.6 7:42am 38 0 0.00 0 0 12:00am S1027.81 73 28 34.7 38.7 4:11pm 29.6 11:58pm 39 0 0.07 0 2 2:45pm NNW1020.88 87 29 34.7 48.0 12:53pm 26.9 7:34am 39 0 0.00 0 0 12:00am W1023.58 81 30 36.4 47.5 1:46pm 29.4 2:20am 37 0 0.00 0 0 12:00am NW1028.09 78 31 36.5 51.4 1:17pm 28.4 7:14am 37 0 0.00 0 0 12:00am N1026.90 70 --------------------------------------------------------------------------------------- TOT 41.9 62.7 12/3/15 26.1 12/26/15 990 0 6.42 0 3 12/22/15 W1023.80 77 HEAT BASE: 75.0 COOL BASE: 64.0

Google



Contact Us | Mobile
Never base any life decisions on weather information from this site or anywhere over the Internet.
Site is dedicated to our Lord & Savior Jesus Christ (Yeshua Messiah) | Random Quotes

Copyright © 2017 El Dorado Weather, Inc. | Site Designed By:  El Dorado Weather
LightningRing