World Forecast Directory
El Dorado Weather Logo
U.S. Color IR Sat North America Color Background Satellite Thumb
Norcal Dual-Pol Radar Live Northern California Doppler Radar Thumbnail Image
Pacific NW Visible Sat Regional U.S. Radar
Pacific NW Radar Regional U.S. Radar
Storm Cell Tracking Live Northern California Radar and Satellite Thumbnail Image
Street Level Radar Live U.S. Google Map Radar Thumbnail Image
Live Lightning Radar Placerville California Lightning Detection Radar Thumbnail Image
Live Streaming Webcam Placerville California Live Streaming WebCam Thumbnail Image
Local Wx Station Data Sacramento, Northern Sierra Nevada & the Motherlode Area Current Weather Conditions

NOAA Climate Report From: Placerville, Ca. Weather Station (EDWPC)

Archives below start from 6/22/2006 to the present:
2017: Jan | Feb | Mar | Apr | May | Jun | Jul | Aug | Sep | Oct | Nov | Dec 
2016: Jan | Feb | Mar | Apr | May | Jun | Jul | Aug | Sep | Oct | Nov | Dec 
2015: Jan | Feb | Mar | Apr | May | Jun | Jul | Aug | Sep | Oct | Nov | Dec 
2014: Jan | Feb | Mar | Apr | May | Jun | Jul | Aug | Sep | Oct | Nov | Dec 
2013: Jan | Feb | Mar | Apr | May | Jun | Jul | Aug | Sep | Oct | Nov | Dec 
2012: Jan | Feb | Mar | Apr | May | Jun | Jul | Aug | Sep | Oct | Nov | Dec 
2011: Jan | Feb | Mar | Apr | May | Jun | Jul | Aug | Sep | Oct | Nov | Dec 
2010: Jan | Feb | Mar | Apr | May | Jun | Jul | Aug | Sep | Oct | Nov | Dec 
2009: Jan | Feb | Mar | Apr | May | Jun | Jul | Aug | Sep | Oct | Nov | Dec 
2008: Jan | Feb | Mar | Apr | May | Jun | Jul | Aug | Sep | Oct | Nov | Dec 
2007: Jan | Feb | Mar | Apr | May | Jun | Jul | Aug | Sep | Oct | Nov | Dec 
 2006: Jan | Feb | Mar | Apr | May | Jun | Jul | Aug | Sep | Oct | Nov | Dec 

Report for 2015 09 MONTHLY CLIMATOLOGICAL SUMMARY FOR 9/2015 HEAT COOL MEAN DEG DEG WIND SPEED DOM MEAN MEAN DAY TEMP HIGH TIME LOW TIME DAYS DAYS RAIN AVG HI TIME DIR BAROM HUM --------------------------------------------------------------------------------------- 1 73.3 90.9 4:04pm 59.8 3:48am 5 11 0.00 0 3 12:00am E1012.97 34 2 68.6 84.2 4:35pm 55.5 6:28am 8 7 0.00 0 3 12:00am E1013.86 46 3 64.6 80.0 3:39pm 53.1 7:04am 10 5 0.00 0 3 12:00am E1013.40 53 4 62.6 79.0 4:29pm 51.1 7:23am 12 4 0.00 0 9 12:57pm E1012.72 45 5 62.9 82.9 4:04pm 47.9 7:24am 12 6 0.00 0 6 12:00am SSE1016.33 33 6 68.4 87.5 3:42pm 53.4 7:11am 9 8 0.00 0 6 12:00am E1016.60 26 7 72.7 92.5 4:15pm 57.3 3:00am 6 11 0.00 0 6 12:00am E1015.54 19 8 77.5 97.8 4:10pm 62.3 4:35am 4 15 0.00 0 6 12:00am E1014.01 17 9 83.3 102.5 3:49pm 69.8 7:24am 1 21 0.00 0 3 12:00am ENE1012.67 18 10 82.3 98.7 12:22pm 71.0 5:51am 0 19 0.00 0 3 12:00am ENE1012.67 22 11 81.9 99.5 1:50pm 71.2 11:57pm 0 19 0.00 0 3 12:00am SSE1013.66 24 12 75.9 87.0 2:39pm 70.1 2:50am 1 13 0.00 0 3 12:00am ESE1013.95 29 13 75.5 88.9 2:53pm 67.7 5:02am 2 13 0.00 0 3 12:00am ESE1011.09 31 14 68.2 80.2 2:26pm 59.1 11:55pm 7 6 0.00 1 0 12:00am ESE1008.84 49 15 60.0 71.4 3:19pm 54.1 9:43am 14 1 0.00 0 0 12:00am ESE1013.15 66 16 56.6 67.7 2:27pm 46.4 5:51am 17 1 0.01 0 0 12:00am ESE1018.59 62 17 62.1 78.2 4:23pm 50.3 7:37am 12 4 0.00 0 0 12:00am SSE1019.24 62 18 65.4 85.5 4:18pm 49.9 6:59am 11 7 0.00 0 0 12:00am ESE1016.13 48 19 72.0 92.6 3:38pm 57.6 5:08am 7 11 0.00 0 0 12:00am ESE1013.53 30 20 76.9 97.1 4:22pm 62.4 4:33am 4 14 0.00 0 0 12:00am SE1013.60 20 21 78.3 97.6 3:20pm 65.6 3:51am 3 16 0.00 0 0 12:00am ESE1010.55 18 22 72.5 87.9 3:24pm 58.2 11:59pm 5 10 0.00 0 7 5:23pm SE1012.47 26 23 68.8 89.4 2:14pm 52.7 7:31am 9 9 0.00 0 3 12:00am SE1016.45 34 24 74.7 93.9 2:40pm 61.4 2:03am 5 12 0.00 0 3 12:00am SE1015.57 23 25 76.8 94.6 3:15pm 64.3 6:59am 3 14 0.00 0 3 12:00am SE1014.04 23 26 75.8 93.0 3:11pm 62.5 6:50am 4 13 0.00 0 3 12:00am SE1013.26 29 27 73.4 89.1 2:00pm 63.6 7:21am 4 11 0.00 0 5 2:10pm SE1011.47 34 28 72.1 89.3 3:18pm 61.9 7:25am 5 9 0.00 0 2 12:00am SE1013.17 35 29 65.2 77.9 12:52pm 56.1 5:38am 9 4 0.00 0 2 12:00am SE1016.06 35 30 60.6 67.0 3:53pm 55.9 6:55am 13 0 0.01 0 2 12:00am NNE1017.17 53 --------------------------------------------------------------------------------------- TOT 71.0 102.5 9/9/15 46.4 9/16/15 203 294 0.02 0 9 9/4/15 ESE1014.08 35 HEAT BASE: 75.0 COOL BASE: 64.0

Google



Contact Us | Mobile
Never base any life decisions on weather information from this site or anywhere over the Internet.
Site is dedicated to our Lord & Savior Jesus Christ (Yeshua Messiah) | Random Quotes

Copyright © 2017 El Dorado Weather, Inc. | Site Designed By:  El Dorado Weather
LightningRing