World Forecast Directory
El Dorado Weather Logo
U.S. Color IR Sat North America Color Background Satellite Thumb
Norcal Dual-Pol Radar Live Northern California Doppler Radar Thumbnail Image
Pacific NW Visible Sat Regional U.S. Radar
Pacific NW Radar Regional U.S. Radar
Storm Cell Tracking Live Northern California Radar and Satellite Thumbnail Image
Street Level Radar Live U.S. Google Map Radar Thumbnail Image
Live Lightning Radar Placerville California Lightning Detection Radar Thumbnail Image
Live Streaming Webcam Placerville California Live Streaming WebCam Thumbnail Image
Local Wx Station Data Sacramento, Northern Sierra Nevada & the Motherlode Area Current Weather Conditions

NOAA Climate Report From: Placerville, Ca. Weather Station (EDWPC)

Archives below start from 6/22/2006 to the present:
2017: Jan | Feb | Mar | Apr | May | Jun | Jul | Aug | Sep | Oct | Nov | Dec 
2016: Jan | Feb | Mar | Apr | May | Jun | Jul | Aug | Sep | Oct | Nov | Dec 
2015: Jan | Feb | Mar | Apr | May | Jun | Jul | Aug | Sep | Oct | Nov | Dec 
2014: Jan | Feb | Mar | Apr | May | Jun | Jul | Aug | Sep | Oct | Nov | Dec 
2013: Jan | Feb | Mar | Apr | May | Jun | Jul | Aug | Sep | Oct | Nov | Dec 
2012: Jan | Feb | Mar | Apr | May | Jun | Jul | Aug | Sep | Oct | Nov | Dec 
2011: Jan | Feb | Mar | Apr | May | Jun | Jul | Aug | Sep | Oct | Nov | Dec 
2010: Jan | Feb | Mar | Apr | May | Jun | Jul | Aug | Sep | Oct | Nov | Dec 
2009: Jan | Feb | Mar | Apr | May | Jun | Jul | Aug | Sep | Oct | Nov | Dec 
2008: Jan | Feb | Mar | Apr | May | Jun | Jul | Aug | Sep | Oct | Nov | Dec 
2007: Jan | Feb | Mar | Apr | May | Jun | Jul | Aug | Sep | Oct | Nov | Dec 
 2006: Jan | Feb | Mar | Apr | May | Jun | Jul | Aug | Sep | Oct | Nov | Dec 

Report for 2015 08 MONTHLY CLIMATOLOGICAL SUMMARY FOR 8/2015 HEAT COOL MEAN DEG DEG WIND SPEED DOM MEAN MEAN DAY TEMP HIGH TIME LOW TIME DAYS DAYS RAIN AVG HI TIME DIR BAROM HUM --------------------------------------------------------------------------------------- 1 75.2 91.8 4:47pm 61.1 6:34am 4 13 0.00 0 0 12:00am ENE1015.31 44 2 75.9 94.2 4:59pm 62.3 7:07am 3 13 0.00 0 0 12:00am ENE1013.84 41 3 71.2 90.9 4:57pm 56.7 7:00am 6 9 0.00 0 0 12:00am ENE1014.45 51 4 64.7 80.1 4:55pm 55.5 4:26am 9 4 0.00 0 0 12:00am NE1016.86 57 5 69.9 91.3 4:00pm 51.2 6:51am 9 10 0.00 0 0 12:00am ENE1017.65 51 6 71.7 82.6 4:17pm 60.1 6:38am 5 9 0.00 0 0 12:00am ENE1013.45 42 7 74.4 91.0 4:39pm 63.5 3:12am 4 12 0.00 0 0 12:00am ENE1012.43 41 8 71.2 89.0 4:46pm 56.2 6:42am 7 10 0.00 0 0 12:00am ENE1014.24 46 9 74.1 92.5 3:40pm 58.2 6:37am 5 12 0.00 0 0 12:00am ENE1014.16 41 10 72.5 86.8 4:12pm 61.1 7:23am 5 10 0.00 0 0 12:00am ENE1013.54 45 11 69.8 89.2 3:49pm 54.3 6:58am 8 9 0.00 0 0 12:00am ENE1014.47 45 12 71.2 89.9 5:01pm 55.9 6:38am 7 10 0.00 0 0 12:00am ENE1018.19 39 13 71.5 91.2 3:45pm 56.1 5:54am 7 10 0.00 0 0 12:00am ENE1018.11 39 14 70.5 90.6 4:43pm 54.7 5:15am 7 10 0.00 0 0 12:00am ENE1018.65 41 15 76.9 97.6 5:13pm 60.2 6:55am 5 14 0.00 0 2 6:16pm ENE1016.49 28 16 81.6 100.8 4:36pm 66.1 6:31am 2 19 0.00 0 1 12:00am ENE1013.84 18 17 83.9 103.2 2:25pm 69.1 6:50am 1 21 0.00 0 1 12:00am ENE1011.83 18 18 79.1 98.0 4:28pm 64.3 7:02am 2 16 0.00 0 1 12:00am ENE1012.67 27 19 74.8 94.8 3:58pm 60.5 7:23am 5 12 0.00 0 1 12:00am ENE1013.40 32 20 70.6 89.0 4:03pm 54.1 7:21am 7 10 0.00 0 1 12:00am E1012.75 45 21 70.1 86.0 2:17pm 57.3 7:35am 7 9 0.00 0 1 12:00am E1012.46 49 22 71.6 87.9 3:24pm 55.3 6:15am 7 10 0.00 0 0 12:00am E1013.79 47 23 71.4 88.3 4:03pm 55.9 6:51am 7 10 0.00 0 0 12:00am E1016.22 45 24 74.2 91.3 3:01pm 59.6 6:20am 5 12 0.00 0 0 12:00am E1017.11 33 25 76.2 93.2 3:13pm 62.0 7:18am 4 13 0.00 0 0 12:00am E1016.02 28 26 77.9 94.3 3:44pm 64.9 1:48am 3 15 0.00 0 2 6:41pm E1017.00 26 27 79.8 95.8 4:01pm 66.4 4:12am 2 17 0.00 0 2 12:00am ENE1017.50 25 28 79.9 95.7 2:02pm 67.1 4:53am 1 17 0.00 0 2 12:00am E1014.05 30 29 69.7 81.7 2:35pm 61.5 5:44am 5 7 0.00 0 2 12:00am E1016.48 53 30 66.9 85.2 4:40pm 51.6 7:11am 9 7 0.00 0 2 12:00am ENE1017.37 46 31 70.7 90.5 4:08pm 55.1 6:32am 7 10 0.00 0 7 12:22pm ENE1014.35 33 --------------------------------------------------------------------------------------- TOT 73.5 103.2 8/17/15 51.2 8/5/15 166 362 0.00 0 7 8/31/15 ENE1015.04 39 HEAT BASE: 75.0 COOL BASE: 64.0

Google



Contact Us | Mobile
Never base any life decisions on weather information from this site or anywhere over the Internet.
Site is dedicated to our Lord & Savior Jesus Christ (Yeshua Messiah) | Random Quotes

Copyright © 2017 El Dorado Weather, Inc. | Site Designed By:  El Dorado Weather
LightningRing