World Forecast Directory
El Dorado Weather Logo
U.S. Color IR Sat North America Color Background Satellite Thumb
Norcal Dual-Pol Radar Live Northern California Doppler Radar Thumbnail Image
Pacific NW Visible Sat Regional U.S. Radar
Pacific NW Radar Regional U.S. Radar
Storm Cell Tracking Live Northern California Radar and Satellite Thumbnail Image
Street Level Radar Live U.S. Google Map Radar Thumbnail Image
Live Lightning Radar Placerville California Lightning Detection Radar Thumbnail Image
Live Streaming Webcam Placerville California Live Streaming WebCam Thumbnail Image
Local Wx Station Data Sacramento, Northern Sierra Nevada & the Motherlode Area Current Weather Conditions

NOAA Climate Report From: Placerville, Ca. Weather Station (EDWPC)

Archives below start from 6/22/2006 to the present:
2017: Jan | Feb | Mar | Apr | May | Jun | Jul | Aug | Sep | Oct | Nov | Dec 
2016: Jan | Feb | Mar | Apr | May | Jun | Jul | Aug | Sep | Oct | Nov | Dec 
2015: Jan | Feb | Mar | Apr | May | Jun | Jul | Aug | Sep | Oct | Nov | Dec 
2014: Jan | Feb | Mar | Apr | May | Jun | Jul | Aug | Sep | Oct | Nov | Dec 
2013: Jan | Feb | Mar | Apr | May | Jun | Jul | Aug | Sep | Oct | Nov | Dec 
2012: Jan | Feb | Mar | Apr | May | Jun | Jul | Aug | Sep | Oct | Nov | Dec 
2011: Jan | Feb | Mar | Apr | May | Jun | Jul | Aug | Sep | Oct | Nov | Dec 
2010: Jan | Feb | Mar | Apr | May | Jun | Jul | Aug | Sep | Oct | Nov | Dec 
2009: Jan | Feb | Mar | Apr | May | Jun | Jul | Aug | Sep | Oct | Nov | Dec 
2008: Jan | Feb | Mar | Apr | May | Jun | Jul | Aug | Sep | Oct | Nov | Dec 
2007: Jan | Feb | Mar | Apr | May | Jun | Jul | Aug | Sep | Oct | Nov | Dec 
 2006: Jan | Feb | Mar | Apr | May | Jun | Jul | Aug | Sep | Oct | Nov | Dec 

Report for 2015 07 MONTHLY CLIMATOLOGICAL SUMMARY FOR 7/2015 HEAT COOL MEAN DEG DEG WIND SPEED DOM MEAN MEAN DAY TEMP HIGH TIME LOW TIME DAYS DAYS RAIN AVG HI TIME DIR BAROM HUM --------------------------------------------------------------------------------------- 1 84.4 100.4 5:01pm 74.5 4:56am 0 22 0.00 0 0 12:00am NE1012.33 31 2 80.0 97.0 2:25pm 69.9 11:59pm 0 17 0.03 0 0 12:00am NE1013.90 38 3 78.9 98.1 4:51pm 64.7 5:50am 3 16 0.02 0 0 12:00am NE1013.62 42 4 81.6 97.6 5:26pm 69.0 6:36am 1 19 0.00 0 0 12:00am NE1010.66 42 5 75.1 92.1 5:05pm 62.0 6:41am 4 12 0.00 0 0 12:00am NE1013.29 49 6 72.8 91.9 4:45pm 57.6 6:07am 6 11 0.00 0 6 8:30pm NE1017.22 51 7 70.8 87.1 4:07pm 57.1 6:49am 6 9 0.00 0 2 4:13pm NE1015.53 54 8 66.6 81.9 4:52pm 55.5 7:23am 9 6 0.00 0 2 12:00am NE1011.86 59 9 60.7 72.5 5:47pm 53.3 5:57am 13 2 0.00 0 2 12:00am NE1012.93 74 10 62.8 79.4 5:15pm 54.7 12:32am 11 3 0.01 0 2 12:00am NE1015.35 71 11 67.3 85.2 4:16pm 52.5 6:29am 9 8 0.00 0 1 12:00am NE1016.48 58 12 68.7 85.7 4:44pm 54.7 5:37am 8 8 0.00 0 1 12:00am NE1018.02 54 13 72.0 90.7 5:21pm 55.8 5:40am 7 11 0.00 0 5 5:37pm NE1016.32 50 14 72.1 90.3 3:59pm 57.4 6:32am 6 10 0.00 0 3 12:00am NE1012.91 48 15 74.5 93.9 4:25pm 57.1 4:58am 6 13 0.00 0 3 12:00am NE1012.61 44 16 78.3 95.0 4:13pm 63.7 6:36am 3 16 0.00 0 3 12:00am NE1012.73 37 17 79.3 97.8 5:14pm 61.7 6:40am 3 17 0.00 0 5 4:48pm NE1010.55 36 18 75.9 94.5 4:25pm 59.7 6:17am 4 13 0.00 0 2 12:00am ENE1013.35 34 19 75.1 90.9 3:59pm 58.7 5:41am 5 13 0.00 0 5 2:17pm ENE1018.77 42 20 79.9 95.5 4:31pm 66.6 5:24am 2 17 0.00 0 1 12:00am ENE1016.19 44 21 79.0 93.3 4:31pm 68.4 6:48am 1 16 0.00 0 1 12:00am ENE1012.08 44 22 72.8 87.5 5:21pm 59.6 11:59pm 5 10 0.00 0 1 12:00am ENE1010.92 37 23 67.6 85.8 4:20pm 54.1 5:22am 9 8 0.00 0 1 12:00am ENE1016.11 41 24 69.7 89.1 4:25pm 53.8 4:06am 8 9 0.00 0 1 12:00am ENE1020.02 38 25 72.3 88.8 5:07pm 58.0 5:33am 6 10 0.00 0 1 12:00am ENE1018.41 29 26 73.2 89.4 4:37pm 57.4 5:22am 5 11 0.00 0 7 1:42pm ENE1014.34 35 27 75.3 94.7 4:45pm 56.2 6:51am 5 13 0.00 0 3 12:00am E1014.11 32 28 80.1 100.2 4:10pm 62.9 4:23am 3 17 0.00 0 3 12:00am ENE1012.75 25 29 85.6 104.7 5:26pm 69.7 6:05am 1 23 0.00 0 3 12:00am ENE1013.25 19 30 85.0 102.5 4:58pm 72.2 6:20am 0 22 0.00 0 0 12:00am ENE1015.15 23 31 80.6 93.7 3:26pm 68.5 11:54pm 0 18 0.00 0 0 12:00am ENE1015.11 36 --------------------------------------------------------------------------------------- TOT 74.8 104.7 7/29/15 52.5 7/11/15 148 401 0.06 0 7 7/26/15 NE1014.40 42 HEAT BASE: 75.0 COOL BASE: 64.0

Google



Contact Us | Mobile
Never base any life decisions on weather information from this site or anywhere over the Internet.
Site is dedicated to our Lord & Savior Jesus Christ (Yeshua Messiah) | Random Quotes

Copyright © 2017 El Dorado Weather, Inc. | Site Designed By:  El Dorado Weather
LightningRing