World Forecast Directory
El Dorado Weather Logo
U.S. Color IR Sat North America Color Background Satellite Thumb
Norcal Dual-Pol Radar Live Northern California Doppler Radar Thumbnail Image
Pacific NW Visible Sat Regional U.S. Radar
Pacific NW Radar Regional U.S. Radar
Storm Cell Tracking Live Northern California Radar and Satellite Thumbnail Image
Street Level Radar Live U.S. Google Map Radar Thumbnail Image
Live Lightning Radar Placerville California Lightning Detection Radar Thumbnail Image
Live Streaming Webcam Placerville California Live Streaming WebCam Thumbnail Image
Local Wx Station Data Sacramento, Northern Sierra Nevada & the Motherlode Area Current Weather Conditions

NOAA Climate Report From: Placerville, Ca. Weather Station (EDWPC)

Archives below start from 6/22/2006 to the present:
2017: Jan | Feb | Mar | Apr | May | Jun | Jul | Aug | Sep | Oct | Nov | Dec 
2016: Jan | Feb | Mar | Apr | May | Jun | Jul | Aug | Sep | Oct | Nov | Dec 
2015: Jan | Feb | Mar | Apr | May | Jun | Jul | Aug | Sep | Oct | Nov | Dec 
2014: Jan | Feb | Mar | Apr | May | Jun | Jul | Aug | Sep | Oct | Nov | Dec 
2013: Jan | Feb | Mar | Apr | May | Jun | Jul | Aug | Sep | Oct | Nov | Dec 
2012: Jan | Feb | Mar | Apr | May | Jun | Jul | Aug | Sep | Oct | Nov | Dec 
2011: Jan | Feb | Mar | Apr | May | Jun | Jul | Aug | Sep | Oct | Nov | Dec 
2010: Jan | Feb | Mar | Apr | May | Jun | Jul | Aug | Sep | Oct | Nov | Dec 
2009: Jan | Feb | Mar | Apr | May | Jun | Jul | Aug | Sep | Oct | Nov | Dec 
2008: Jan | Feb | Mar | Apr | May | Jun | Jul | Aug | Sep | Oct | Nov | Dec 
2007: Jan | Feb | Mar | Apr | May | Jun | Jul | Aug | Sep | Oct | Nov | Dec 
 2006: Jan | Feb | Mar | Apr | May | Jun | Jul | Aug | Sep | Oct | Nov | Dec 

Report for 2014 12 MONTHLY CLIMATOLOGICAL SUMMARY FOR 12/2014 HEAT COOL MEAN DEG DEG WIND SPEED DOM MEAN MEAN DAY TEMP HIGH TIME LOW TIME DAYS DAYS RAIN AVG HI TIME DIR BAROM HUM --------------------------------------------------------------------------------------- 1 52.8 64.9 12:22pm 48.0 3:49am 21 0 0.00 0 0 12:00am ESE1022.55 82 2 50.3 54.3 8:29pm 46.7 9:35am 24 0 0.43 0 0 12:00am NNE1014.02 85 3 53.9 56.8 12:29pm 51.8 6:54am 20 0 0.88 1 6 11:24am NNE1013.11 89 4 53.1 58.6 12:26pm 49.0 11:18pm 21 0 0.25 0 5 12:00am NE1018.36 92 5 52.9 58.3 1:36pm 48.5 3:54am 21 0 0.21 0 5 12:00am NE1021.47 90 6 54.3 63.0 1:27pm 48.2 11:55pm 19 0 0.08 0 5 12:00am NE1026.21 86 7 51.9 61.7 1:17pm 45.7 5:15am 22 0 0.00 0 0 12:00am SE1026.44 78 8 52.0 63.3 1:31pm 46.4 5:44am 22 0 0.00 0 0 12:00am NNE1025.51 68 9 50.5 62.4 11:35am 45.1 2:00am 23 0 0.00 0 0 12:00am E1024.81 73 10 51.6 61.1 11:56pm 42.5 5:07am 22 0 0.00 0 3 12:51pm NNE1017.83 74 11 52.4 62.8 2:48am 43.0 10:16pm 21 0 2.95 1 2 12:00am E1007.25 71 12 43.4 47.4 11:18am 39.4 8:32am 30 0 0.84 0 2 12:00am NNE1015.83 90 13 41.8 49.9 12:48pm 36.8 9:34pm 32 0 0.00 0 2 12:00am S1025.89 89 14 42.2 49.8 10:49am 35.9 3:31am 32 0 0.00 0 0 12:00am NNE1023.42 82 15 44.4 49.0 3:00pm 41.6 2:13am 29 0 0.40 1 0 12:00am NNE1018.42 80 16 47.9 54.6 2:15pm 43.1 11:16pm 26 0 0.38 0 0 12:00am NNE1017.20 79 17 43.0 45.1 12:04pm 41.0 8:35pm 31 0 0.39 0 0 12:00am NNE1021.15 92 18 45.2 54.6 11:42am 38.5 6:44am 29 0 0.00 0 0 12:00am ESE1025.48 83 19 45.7 48.3 8:34am 41.6 12:00am 28 0 0.83 0 6 3:35pm NE1025.47 86 20 48.1 50.7 2:40pm 45.9 5:48am 26 0 0.23 0 3 12:00am NE1026.84 93 21 51.9 56.8 1:51pm 47.9 12:00am 22 0 0.02 0 3 12:00am NE1028.64 93 22 50.4 64.4 12:27pm 42.9 7:29am 23 0 0.01 0 3 12:00am SW1026.87 86 23 48.7 59.7 2:43pm 39.9 6:40am 25 0 0.01 0 3 12:00am SE1026.08 86 24 44.1 48.6 11:05am 34.7 11:58pm 30 0 0.19 0 3 12:00am SSE1020.07 91 25 37.9 51.9 1:01pm 29.6 6:54am 36 0 0.00 0 1 12:00am SW1022.36 75 26 38.9 52.9 11:58am 29.6 1:31am 35 0 0.00 0 1 12:00am SSE1025.59 63 27 39.4 53.5 1:07pm 30.0 4:45am 34 0 0.00 0 1 12:00am SSE1031.69 68 28 41.0 56.4 1:03pm 33.1 6:59am 33 0 0.00 0 1 12:00am SW1029.77 65 29 38.3 48.5 1:01pm 31.1 7:49am 36 0 0.00 0 1 12:00am SSE1025.79 78 30 37.2 49.2 1:28pm 28.6 11:58pm 37 0 0.00 1 19 10:51am E1025.33 54 31 37.3 55.0 1:10pm 24.9 6:40am 37 0 0.00 0 1 12:00am WSW1025.17 39 --------------------------------------------------------------------------------------- TOT 46.5 64.9 12/1/14 24.9 12/31/14 845 0 8.10 0 19 12/30/14 NNE1022.72 79 HEAT BASE: 75.0 COOL BASE: 64.0

Google



Contact Us | Mobile
Never base any life decisions on weather information from this site or anywhere over the Internet.
Site is dedicated to our Lord & Savior Jesus Christ (Yeshua Messiah) | Random Quotes

Copyright © 2017 El Dorado Weather, Inc. | Site Designed By:  El Dorado Weather
LightningRing