World Forecast Directory
El Dorado Weather Logo
U.S. Color IR Sat North America Color Background Satellite Thumb
Norcal Dual-Pol Radar Live Northern California Doppler Radar Thumbnail Image
Pacific NW Visible Sat Regional U.S. Radar
Pacific NW Radar Regional U.S. Radar
Storm Cell Tracking Live Northern California Radar and Satellite Thumbnail Image
Street Level Radar Live U.S. Google Map Radar Thumbnail Image
Live Lightning Radar Placerville California Lightning Detection Radar Thumbnail Image
Live Streaming Webcam Placerville California Live Streaming WebCam Thumbnail Image
Local Wx Station Data Sacramento, Northern Sierra Nevada & the Motherlode Area Current Weather Conditions

NOAA Climate Report From: Placerville, Ca. Weather Station (EDWPC)

Archives below start from 6/22/2006 to the present:
2017: Jan | Feb | Mar | Apr | May | Jun | Jul | Aug | Sep | Oct | Nov | Dec 
2016: Jan | Feb | Mar | Apr | May | Jun | Jul | Aug | Sep | Oct | Nov | Dec 
2015: Jan | Feb | Mar | Apr | May | Jun | Jul | Aug | Sep | Oct | Nov | Dec 
2014: Jan | Feb | Mar | Apr | May | Jun | Jul | Aug | Sep | Oct | Nov | Dec 
2013: Jan | Feb | Mar | Apr | May | Jun | Jul | Aug | Sep | Oct | Nov | Dec 
2012: Jan | Feb | Mar | Apr | May | Jun | Jul | Aug | Sep | Oct | Nov | Dec 
2011: Jan | Feb | Mar | Apr | May | Jun | Jul | Aug | Sep | Oct | Nov | Dec 
2010: Jan | Feb | Mar | Apr | May | Jun | Jul | Aug | Sep | Oct | Nov | Dec 
2009: Jan | Feb | Mar | Apr | May | Jun | Jul | Aug | Sep | Oct | Nov | Dec 
2008: Jan | Feb | Mar | Apr | May | Jun | Jul | Aug | Sep | Oct | Nov | Dec 
2007: Jan | Feb | Mar | Apr | May | Jun | Jul | Aug | Sep | Oct | Nov | Dec 
 2006: Jan | Feb | Mar | Apr | May | Jun | Jul | Aug | Sep | Oct | Nov | Dec 

Report for 2014 11 MONTHLY CLIMATOLOGICAL SUMMARY FOR 11/2014 HEAT COOL MEAN DEG DEG WIND SPEED DOM MEAN MEAN DAY TEMP HIGH TIME LOW TIME DAYS DAYS RAIN AVG HI TIME DIR BAROM HUM --------------------------------------------------------------------------------------- 1 48.9 56.8 3:56pm 43.9 11:53pm 25 0 0.71 0 1 12:00am NE1015.23 81 2 48.0 62.4 1:01pm 37.9 5:24am 26 0 0.00 0 0 12:00am SE1023.11 70 3 49.6 65.0 1:19pm 39.2 5:59am 24 0 0.00 0 0 12:00am NE1026.88 55 4 52.5 68.5 12:50pm 42.6 2:04am 21 1 0.00 0 0 12:00am SE1028.85 60 5 56.9 71.9 1:23pm 46.5 6:04am 17 2 0.00 0 0 12:00am NE1025.38 62 6 60.9 79.2 1:09pm 51.0 3:51am 13 3 0.00 0 0 12:00am NE1025.69 50 7 60.4 78.6 12:44pm 50.6 6:58am 14 4 0.00 0 0 12:00am ESE1024.24 52 8 60.8 78.6 1:11pm 50.2 5:22am 13 4 0.00 0 0 12:00am SSE1022.04 57 9 61.5 79.7 1:15pm 51.1 6:53am 13 4 0.00 0 0 12:00am SE1016.55 52 10 59.2 76.3 12:48pm 49.0 6:51am 15 3 0.00 0 0 12:00am NE1012.63 55 11 50.6 54.8 2:54pm 44.2 7:11am 23 0 0.00 0 0 12:00am NE1016.25 80 12 51.1 58.3 2:16pm 45.8 7:24am 23 0 0.00 0 0 12:00am N1019.32 77 13 52.2 54.1 2:51pm 50.2 4:47am 22 0 0.38 0 0 12:00am NNW1020.04 90 14 15 50.0 61.7 12:06pm 41.0 11:57pm 24 0 0.00 0 0 12:00am NE1023.88 79 16 46.9 60.7 12:29pm 37.4 3:11am 27 0 0.00 0 0 12:00am NE1027.11 68 17 43.3 46.0 12:00am 41.8 6:12am 10 0 0.00 0 0 12:00am WSW1027.80 71 18 52.4 66.3 11:33am 41.8 6:12am 21 0 0.00 0 0 12:00am NNW1025.09 49 19 53.1 58.5 12:20pm 49.3 2:41am 21 0 0.03 0 3 5:47pm N1021.98 49 20 47.3 51.1 12:00am 43.3 11:22pm 27 0 0.44 0 0 12:00am NNW1021.88 82 21 48.1 58.5 1:13pm 38.8 5:49am 26 0 0.01 0 0 12:00am ENE1022.64 83 22 49.1 53.8 1:02pm 39.9 11:59pm 25 0 0.53 0 0 12:00am N1023.89 91 23 43.2 55.4 12:53pm 35.2 6:35am 30 0 0.00 0 0 12:00am ENE1029.54 84 24 46.5 63.7 1:06pm 36.8 4:19am 27 0 0.01 0 0 12:00am ENE1032.30 68 25 50.9 67.6 1:27pm 41.2 5:40am 23 0 0.00 0 1 2:50pm E1033.97 62 26 54.1 72.7 12:59pm 43.7 5:06am 20 2 0.00 0 0 12:00am E1029.19 59 27 56.1 70.4 1:28pm 47.6 11:59pm 18 1 0.00 0 0 12:00am E1024.10 55 28 52.8 69.3 10:55am 44.8 7:26am 21 0 0.03 0 0 12:00am E1017.88 58 29 49.3 53.8 1:53pm 46.0 3:04am 24 0 0.25 0 0 12:00am N1014.31 85 30 48.0 50.3 11:31am 45.3 8:01am 26 0 0.35 0 0 12:00am N1016.43 88 --------------------------------------------------------------------------------------- TOT 52.2 79.7 11/9/14 35.2 11/23/14 618 24 2.74 0 3 11/19/14 NE1022.88 68 HEAT BASE: 75.0 COOL BASE: 64.0

Google



Contact Us | Mobile
Never base any life decisions on weather information from this site or anywhere over the Internet.
Site is dedicated to our Lord & Savior Jesus Christ (Yeshua Messiah) | Random Quotes

Copyright © 2017 El Dorado Weather, Inc. | Site Designed By:  El Dorado Weather
LightningRing