World Forecast Directory
El Dorado Weather Logo
U.S. Color IR Sat North America Color Background Satellite Thumb
Norcal Dual-Pol Radar Live Northern California Doppler Radar Thumbnail Image
Pacific NW Visible Sat Regional U.S. Radar
Pacific NW Radar Regional U.S. Radar
Storm Cell Tracking Live Northern California Radar and Satellite Thumbnail Image
Street Level Radar Live U.S. Google Map Radar Thumbnail Image
Live Lightning Radar Placerville California Lightning Detection Radar Thumbnail Image
Live Streaming Webcam Placerville California Live Streaming WebCam Thumbnail Image
Local Wx Station Data Sacramento, Northern Sierra Nevada & the Motherlode Area Current Weather Conditions

NOAA Climate Report From: Placerville, Ca. Weather Station (EDWPC)

Archives below start from 6/22/2006 to the present:
2017: Jan | Feb | Mar | Apr | May | Jun | Jul | Aug | Sep | Oct | Nov | Dec 
2016: Jan | Feb | Mar | Apr | May | Jun | Jul | Aug | Sep | Oct | Nov | Dec 
2015: Jan | Feb | Mar | Apr | May | Jun | Jul | Aug | Sep | Oct | Nov | Dec 
2014: Jan | Feb | Mar | Apr | May | Jun | Jul | Aug | Sep | Oct | Nov | Dec 
2013: Jan | Feb | Mar | Apr | May | Jun | Jul | Aug | Sep | Oct | Nov | Dec 
2012: Jan | Feb | Mar | Apr | May | Jun | Jul | Aug | Sep | Oct | Nov | Dec 
2011: Jan | Feb | Mar | Apr | May | Jun | Jul | Aug | Sep | Oct | Nov | Dec 
2010: Jan | Feb | Mar | Apr | May | Jun | Jul | Aug | Sep | Oct | Nov | Dec 
2009: Jan | Feb | Mar | Apr | May | Jun | Jul | Aug | Sep | Oct | Nov | Dec 
2008: Jan | Feb | Mar | Apr | May | Jun | Jul | Aug | Sep | Oct | Nov | Dec 
2007: Jan | Feb | Mar | Apr | May | Jun | Jul | Aug | Sep | Oct | Nov | Dec 
 2006: Jan | Feb | Mar | Apr | May | Jun | Jul | Aug | Sep | Oct | Nov | Dec 

Report for 2014 08 MONTHLY CLIMATOLOGICAL SUMMARY FOR 8/2014 HEAT COOL MEAN DEG DEG WIND SPEED DOM MEAN MEAN DAY TEMP HIGH TIME LOW TIME DAYS DAYS RAIN AVG HI TIME DIR BAROM HUM --------------------------------------------------------------------------------------- 1 86.5 104.7 3:40pm 74.7 7:19am 0 25 0.00 0 2 12:00am WNW1012.41 21 2 83.1 99.9 3:39pm 69.5 6:23am 0 21 0.00 0 1 12:00am WNW1012.91 20 3 74.2 87.8 2:26pm 66.5 7:00am 2 12 0.00 0 1 12:00am WNW1014.15 37 4 71.5 79.5 2:18pm 66.3 9:19am 2 8 0.00 0 1 12:00am WNW1015.52 52 5 69.3 77.2 4:12pm 65.0 11:53pm 4 5 0.00 0 1 12:00am WNW1018.40 63 6 75.1 89.9 4:58pm 63.3 5:15am 3 11 0.00 0 5 12:10pm WNW1017.26 54 7 77.6 94.3 4:07pm 64.0 6:55am 3 15 0.00 0 5 12:00am NW1014.42 48 8 79.3 96.3 3:56pm 65.4 7:00am 2 16 0.00 0 5 12:00am WNW1012.89 41 9 76.9 94.4 4:30pm 61.4 7:08am 3 14 0.00 0 5 12:00am NW1013.77 37 10 72.8 91.3 3:22pm 56.7 6:52am 6 11 0.00 0 0 12:00am NW1015.53 44 11 77.1 96.8 5:01pm 62.8 6:59am 4 14 0.05 0 5 11:19am WNW1014.58 34 12 72.6 89.0 3:56pm 62.3 4:49am 5 10 0.00 0 2 12:00am WNW1015.17 39 13 70.5 88.0 4:50pm 55.5 5:44am 7 9 0.00 0 2 12:00am NW1015.76 48 14 74.1 91.0 3:57pm 60.1 6:15am 5 12 0.00 0 4 2:15pm NW1015.12 45 15 77.1 95.7 4:16pm 61.8 6:57am 4 14 0.00 0 1 12:00am NW1016.09 36 16 77.7 96.6 4:19pm 62.6 7:00am 4 15 0.00 0 1 12:00am NW1017.01 30 17 76.9 95.7 4:40pm 61.9 6:41am 4 14 0.00 0 1 12:00am NW1015.96 26 18 75.4 93.2 4:06pm 60.8 4:10am 5 13 0.00 0 3 10:13am NW1011.73 29 19 70.2 87.9 4:53pm 55.2 6:42am 7 9 0.00 0 3 12:00am NW1011.01 49 20 67.3 84.9 4:11pm 54.0 7:19am 9 7 0.00 0 3 12:00am NW1013.79 59 21 70.9 89.5 3:59pm 55.0 6:45am 7 10 0.00 0 3 12:00am NW1015.43 51 22 72.5 89.0 3:37pm 59.9 6:36am 5 10 0.00 1 4 2:17pm NW1014.21 43 23 72.2 89.9 4:53pm 56.7 6:31am 6 11 0.00 0 4 12:00am NW1013.73 42 24 73.7 91.1 4:32pm 61.1 7:17am 5 11 0.00 0 4 12:00am WNW1011.79 41 25 68.5 85.0 4:41pm 56.5 6:04am 7 7 0.00 0 4 12:00am NW1012.93 51 26 70.2 88.4 4:34pm 54.4 6:48am 7 10 0.00 0 4 12:00am NW1016.55 51 27 75.6 93.7 4:50pm 60.4 7:21am 4 13 0.00 0 4 12:00am NW1018.46 39 28 78.6 95.6 3:58pm 65.5 5:43am 3 16 0.00 0 0 12:00am WNW1017.30 32 29 76.6 91.5 4:31pm 67.1 7:51am 2 14 0.00 0 0 12:00am WNW1013.85 36 30 77.4 95.2 4:32pm 63.5 6:59am 3 15 0.00 0 0 12:00am NW1012.90 30 31 75.0 94.3 4:31pm 59.7 4:37am 5 13 0.00 0 4 11:27am NW1012.92 30 --------------------------------------------------------------------------------------- TOT 74.8 104.7 8/1/14 54.0 8/20/14 134 385 0.05 0 5 8/6/14 NW1014.57 40 HEAT BASE: 75.0 COOL BASE: 64.0

Google



Contact Us | Mobile
Never base any life decisions on weather information from this site or anywhere over the Internet.
Site is dedicated to our Lord & Savior Jesus Christ (Yeshua Messiah) | Random Quotes

Copyright © 2017 El Dorado Weather, Inc. | Site Designed By:  El Dorado Weather
LightningRing