World Forecast Directory
El Dorado Weather Logo
U.S. Color IR Sat North America Color Background Satellite Thumb
Norcal Dual-Pol Radar Live Northern California Doppler Radar Thumbnail Image
Pacific NW Visible Sat Regional U.S. Radar
Pacific NW Radar Regional U.S. Radar
Storm Cell Tracking Live Northern California Radar and Satellite Thumbnail Image
Street Level Radar Live U.S. Google Map Radar Thumbnail Image
Live Lightning Radar Placerville California Lightning Detection Radar Thumbnail Image
Live Streaming Webcam Placerville California Live Streaming WebCam Thumbnail Image
Local Wx Station Data Sacramento, Northern Sierra Nevada & the Motherlode Area Current Weather Conditions

NOAA Climate Report From: Placerville, Ca. Weather Station (EDWPC)

Archives below start from 6/22/2006 to the present:
2017: Jan | Feb | Mar | Apr | May | Jun | Jul | Aug | Sep | Oct | Nov | Dec 
2016: Jan | Feb | Mar | Apr | May | Jun | Jul | Aug | Sep | Oct | Nov | Dec 
2015: Jan | Feb | Mar | Apr | May | Jun | Jul | Aug | Sep | Oct | Nov | Dec 
2014: Jan | Feb | Mar | Apr | May | Jun | Jul | Aug | Sep | Oct | Nov | Dec 
2013: Jan | Feb | Mar | Apr | May | Jun | Jul | Aug | Sep | Oct | Nov | Dec 
2012: Jan | Feb | Mar | Apr | May | Jun | Jul | Aug | Sep | Oct | Nov | Dec 
2011: Jan | Feb | Mar | Apr | May | Jun | Jul | Aug | Sep | Oct | Nov | Dec 
2010: Jan | Feb | Mar | Apr | May | Jun | Jul | Aug | Sep | Oct | Nov | Dec 
2009: Jan | Feb | Mar | Apr | May | Jun | Jul | Aug | Sep | Oct | Nov | Dec 
2008: Jan | Feb | Mar | Apr | May | Jun | Jul | Aug | Sep | Oct | Nov | Dec 
2007: Jan | Feb | Mar | Apr | May | Jun | Jul | Aug | Sep | Oct | Nov | Dec 
 2006: Jan | Feb | Mar | Apr | May | Jun | Jul | Aug | Sep | Oct | Nov | Dec 

Report for 2014 07 MONTHLY CLIMATOLOGICAL SUMMARY FOR 7/2014 HEAT COOL MEAN DEG DEG WIND SPEED DOM MEAN MEAN DAY TEMP HIGH TIME LOW TIME DAYS DAYS RAIN AVG HI TIME DIR BAROM HUM --------------------------------------------------------------------------------------- 1 81.3 97.7 4:24pm 66.6 6:44am 1 19 0.00 0 3 12:00am WSW1009.49 28 2 77.4 98.1 4:02pm 60.3 5:18am 4 16 0.00 0 3 12:00am WSW1011.17 33 3 77.2 97.3 4:28pm 60.3 6:54am 4 15 0.00 0 2 12:00am WSW1012.83 37 4 79.8 97.4 4:16pm 66.3 3:20am 2 18 0.00 0 2 12:00am W1014.64 26 5 79.4 99.0 4:53pm 62.4 5:23am 3 18 0.00 0 2 12:00am N1017.50 21 6 81.3 100.1 4:22pm 64.9 3:17am 2 20 0.00 0 2 12:00am W1016.20 21 7 79.8 97.9 4:26pm 67.9 6:11am 1 18 0.00 0 0 12:00am W1012.97 24 8 81.4 98.5 5:00pm 68.2 7:23am 1 20 0.00 0 0 12:00am WSW1012.48 26 9 77.6 96.7 4:38pm 62.2 6:14am 3 16 0.00 0 4 10:09am WSW1012.99 35 10 73.9 91.3 5:27pm 60.8 6:50am 4 12 0.00 0 2 12:00am W1013.14 44 11 72.2 91.0 3:57pm 59.0 7:09am 5 11 0.00 0 2 12:00am W1016.33 47 12 73.3 92.4 4:33pm 56.8 6:22am 5 12 0.00 0 2 12:00am W1017.97 45 13 80.4 98.5 4:47pm 64.4 5:55am 2 19 0.00 0 2 12:00am N1015.15 36 14 84.5 101.9 3:41pm 70.6 5:47am 0 23 0.00 0 2 12:00am W1012.58 29 15 77.4 91.2 2:46pm 68.6 7:15am 1 16 0.00 0 2 12:00am NNW1015.05 33 16 71.8 85.6 4:15pm 60.5 11:59pm 4 10 0.00 0 0 12:00am W1015.89 50 17 68.4 85.5 5:16pm 55.8 6:50am 7 8 0.00 0 0 12:00am W1016.16 57 18 70.6 89.1 4:16pm 55.5 6:21am 6 10 0.00 0 4 5:10pm W1016.35 47 19 75.0 94.0 4:27pm 57.4 6:10am 5 14 0.00 0 4 12:00am W1014.79 45 20 71.7 84.0 1:33pm 64.5 11:59pm 3 10 0.03 0 4 12:00am WNW1014.91 54 21 70.2 85.7 3:32pm 58.2 6:25am 6 9 0.00 0 4 12:00am WNW1017.84 56 22 69.7 87.0 4:30pm 59.0 5:07am 6 9 0.00 0 4 12:00am WNW1019.05 58 23 67.8 86.9 5:18pm 54.0 4:28am 8 8 0.00 0 3 12:00am WNW1020.96 56 24 74.4 93.4 3:44pm 58.1 4:09am 5 13 0.00 0 3 12:00am N1015.68 35 25 80.1 99.5 4:47pm 65.2 5:33am 2 18 0.00 0 3 12:00am WNW1012.76 27 26 82.5 100.7 4:25pm 68.2 6:40am 1 21 0.00 0 3 12:00am WNW1014.19 20 27 82.9 100.2 1:38pm 69.6 6:33am 0 21 0.00 0 2 12:00am WNW1015.16 21 28 80.1 96.7 5:06pm 67.3 5:54am 1 18 0.00 0 2 12:00am WNW1017.03 25 29 80.0 99.1 3:54pm 68.7 8:49am 1 18 0.00 0 2 12:00am WNW1017.65 23 30 81.4 100.1 3:44pm 66.1 6:37am 1 20 0.00 0 2 12:00am NW1015.77 24 31 83.7 101.6 4:33pm 69.9 7:08am 0 22 0.00 0 2 12:00am WNW1013.99 27 --------------------------------------------------------------------------------------- TOT 77.0 101.9 7/14/14 54.0 7/23/14 96 480 0.03 0 4 7/9/14 W1015.11 36 HEAT BASE: 75.0 COOL BASE: 64.0

Google



Contact Us | Mobile
Never base any life decisions on weather information from this site or anywhere over the Internet.
Site is dedicated to our Lord & Savior Jesus Christ (Yeshua Messiah) | Random Quotes

Copyright © 2017 El Dorado Weather, Inc. | Site Designed By:  El Dorado Weather
LightningRing