World Forecast Directory
El Dorado Weather Logo
U.S. Color IR Sat North America Color Background Satellite Thumb
Norcal Dual-Pol Radar Live Northern California Doppler Radar Thumbnail Image
Pacific NW Visible Sat Regional U.S. Radar
Pacific NW Radar Regional U.S. Radar
Storm Cell Tracking Live Northern California Radar and Satellite Thumbnail Image
Street Level Radar Live U.S. Google Map Radar Thumbnail Image
Live Lightning Radar Placerville California Lightning Detection Radar Thumbnail Image
Live Streaming Webcam Placerville California Live Streaming WebCam Thumbnail Image
Local Wx Station Data Sacramento, Northern Sierra Nevada & the Motherlode Area Current Weather Conditions

NOAA Climate Report From: Placerville, Ca. Weather Station (EDWPC)

Archives below start from 6/22/2006 to the present:
2017: Jan | Feb | Mar | Apr | May | Jun | Jul | Aug | Sep | Oct | Nov | Dec 
2016: Jan | Feb | Mar | Apr | May | Jun | Jul | Aug | Sep | Oct | Nov | Dec 
2015: Jan | Feb | Mar | Apr | May | Jun | Jul | Aug | Sep | Oct | Nov | Dec 
2014: Jan | Feb | Mar | Apr | May | Jun | Jul | Aug | Sep | Oct | Nov | Dec 
2013: Jan | Feb | Mar | Apr | May | Jun | Jul | Aug | Sep | Oct | Nov | Dec 
2012: Jan | Feb | Mar | Apr | May | Jun | Jul | Aug | Sep | Oct | Nov | Dec 
2011: Jan | Feb | Mar | Apr | May | Jun | Jul | Aug | Sep | Oct | Nov | Dec 
2010: Jan | Feb | Mar | Apr | May | Jun | Jul | Aug | Sep | Oct | Nov | Dec 
2009: Jan | Feb | Mar | Apr | May | Jun | Jul | Aug | Sep | Oct | Nov | Dec 
2008: Jan | Feb | Mar | Apr | May | Jun | Jul | Aug | Sep | Oct | Nov | Dec 
2007: Jan | Feb | Mar | Apr | May | Jun | Jul | Aug | Sep | Oct | Nov | Dec 
 2006: Jan | Feb | Mar | Apr | May | Jun | Jul | Aug | Sep | Oct | Nov | Dec 

Report for 2014 05 MONTHLY CLIMATOLOGICAL SUMMARY FOR 5/2014 HEAT COOL MEAN DEG DEG WIND SPEED DOM MEAN MEAN DAY TEMP HIGH TIME LOW TIME DAYS DAYS RAIN AVG HI TIME DIR BAROM HUM --------------------------------------------------------------------------------------- 1 69.2 87.8 2:18pm 54.6 4:21am 8 9 0.00 0 4 12:00am ESE1021.21 37 2 67.6 84.2 3:22pm 54.8 6:21am 8 8 0.00 0 4 12:00am ESE1019.76 37 3 59.1 72.8 3:39pm 46.9 6:38am 14 3 0.00 0 4 12:00am SE1017.88 49 4 55.1 68.1 5:21pm 43.6 6:17am 18 1 0.00 0 1 12:00am SE1018.92 65 5 53.1 64.9 4:10pm 45.8 6:18am 20 0 0.00 0 0 12:00am SE1017.83 66 6 54.1 70.2 5:05pm 44.3 7:02am 19 1 0.00 0 0 12:00am SE1014.20 63 7 55.0 70.6 4:48pm 41.6 6:42am 18 2 0.00 0 0 12:00am SE1015.88 61 8 54.3 62.1 2:34pm 47.0 4:59am 19 0 0.07 0 5 1:29pm SE1019.78 71 9 57.1 70.6 4:39pm 48.2 11:58pm 16 2 0.06 0 2 12:00am SSE1021.89 70 10 53.3 69.1 4:00pm 41.4 6:25am 19 1 0.00 0 2 12:00am SE1020.34 60 11 57.8 78.1 4:57pm 39.6 6:28am 16 5 0.00 0 2 12:00am S1020.36 43 12 64.4 83.8 4:47pm 48.8 7:05am 11 7 0.00 0 2 12:00am SE1021.26 31 13 69.7 88.8 5:00pm 55.6 1:48am 8 10 0.00 0 2 12:00am SE1022.27 30 14 72.4 90.8 4:11pm 58.0 5:04am 6 11 0.00 0 2 12:00am SE1021.92 33 15 73.8 92.0 2:43pm 61.2 12:46am 4 12 0.00 0 0 12:00am SE1020.53 33 16 70.6 89.2 4:44pm 56.4 7:00am 7 10 0.00 0 0 12:00am SSE1018.47 29 17 63.8 79.8 3:49pm 53.2 6:27am 10 5 0.00 0 4 4:22pm S1015.78 43 18 60.0 75.5 4:55pm 48.8 5:45am 13 3 0.00 0 4 12:00am S1015.76 55 19 55.5 69.7 1:49pm 47.3 2:39am 17 1 0.00 0 4 12:00am S1015.48 63 20 52.7 64.4 4:28pm 46.0 2:57am 20 0 0.03 0 4 12:00am SSE1017.47 73 21 56.7 76.6 4:31pm 44.9 6:11am 16 3 0.20 0 4 12:00am SSE1016.55 76 22 64.8 83.1 4:54pm 51.1 1:17am 10 7 0.00 0 1 12:00am SSE1016.02 61 23 69.3 87.5 3:48pm 54.1 6:04am 7 9 0.00 0 1 12:00am SSE1016.14 48 24 71.0 88.7 4:51pm 55.9 5:55am 6 10 0.00 0 1 12:00am SSE1015.06 50 25 73.3 91.4 4:47pm 58.9 6:19am 5 12 0.00 0 1 12:00am SSE1014.80 48 26 72.9 91.0 4:12pm 58.8 6:24am 5 12 0.00 0 2 4:03pm S1015.99 39 27 67.8 86.4 3:39pm 51.0 6:40am 8 8 0.00 0 2 12:00am S1017.06 37 28 62.5 79.5 3:58pm 47.7 6:20am 11 5 0.00 0 2 12:00am SW1017.59 37 29 64.1 83.8 4:27pm 46.5 6:18am 11 7 0.00 0 2 12:00am S1015.36 30 30 66.3 82.8 4:05pm 53.5 11:56pm 9 7 0.00 0 2 12:00am S1014.65 30 31 63.7 85.4 5:14pm 44.6 6:17am 12 7 0.00 0 2 12:00am SSE1015.46 40 --------------------------------------------------------------------------------------- TOT 62.9 92.0 5/15/14 39.6 5/11/14 370 178 0.36 0 5 5/8/14 SSE1017.85 49 HEAT BASE: 75.0 COOL BASE: 64.0

Google



Contact Us | Mobile
Never base any life decisions on weather information from this site or anywhere over the Internet.
Site is dedicated to our Lord & Savior Jesus Christ (Yeshua Messiah) | Random Quotes

Copyright © 2017 El Dorado Weather, Inc. | Site Designed By:  El Dorado Weather
LightningRing