World Forecast Directory
El Dorado Weather Logo
U.S. Color IR Sat North America Color Background Satellite Thumb
Norcal Dual-Pol Radar Live Northern California Doppler Radar Thumbnail Image
Pacific NW Visible Sat Regional U.S. Radar
Pacific NW Radar Regional U.S. Radar
Storm Cell Tracking Live Northern California Radar and Satellite Thumbnail Image
Street Level Radar Live U.S. Google Map Radar Thumbnail Image
Live Lightning Radar Placerville California Lightning Detection Radar Thumbnail Image
Live Streaming Webcam Placerville California Live Streaming WebCam Thumbnail Image
Local Wx Station Data Sacramento, Northern Sierra Nevada & the Motherlode Area Current Weather Conditions

NOAA Climate Report From: Placerville, Ca. Weather Station (EDWPC)

Archives below start from 6/22/2006 to the present:
2017: Jan | Feb | Mar | Apr | May | Jun | Jul | Aug | Sep | Oct | Nov | Dec 
2016: Jan | Feb | Mar | Apr | May | Jun | Jul | Aug | Sep | Oct | Nov | Dec 
2015: Jan | Feb | Mar | Apr | May | Jun | Jul | Aug | Sep | Oct | Nov | Dec 
2014: Jan | Feb | Mar | Apr | May | Jun | Jul | Aug | Sep | Oct | Nov | Dec 
2013: Jan | Feb | Mar | Apr | May | Jun | Jul | Aug | Sep | Oct | Nov | Dec 
2012: Jan | Feb | Mar | Apr | May | Jun | Jul | Aug | Sep | Oct | Nov | Dec 
2011: Jan | Feb | Mar | Apr | May | Jun | Jul | Aug | Sep | Oct | Nov | Dec 
2010: Jan | Feb | Mar | Apr | May | Jun | Jul | Aug | Sep | Oct | Nov | Dec 
2009: Jan | Feb | Mar | Apr | May | Jun | Jul | Aug | Sep | Oct | Nov | Dec 
2008: Jan | Feb | Mar | Apr | May | Jun | Jul | Aug | Sep | Oct | Nov | Dec 
2007: Jan | Feb | Mar | Apr | May | Jun | Jul | Aug | Sep | Oct | Nov | Dec 
 2006: Jan | Feb | Mar | Apr | May | Jun | Jul | Aug | Sep | Oct | Nov | Dec 

Report for 2014 04 MONTHLY CLIMATOLOGICAL SUMMARY FOR 4/2014 HEAT COOL MEAN DEG DEG WIND SPEED DOM MEAN MEAN DAY TEMP HIGH TIME LOW TIME DAYS DAYS RAIN AVG HI TIME DIR BAROM HUM --------------------------------------------------------------------------------------- 1 39.5 48.2 2:56pm 33.9 6:19am 33 0 0.35 0 0 12:00am W1017.21 86 2 44.1 57.1 4:18pm 35.9 7:42am 29 0 0.11 0 1 6:45pm NE1020.21 77 3 47.0 59.7 4:04pm 36.6 4:25am 26 0 0.01 0 1 12:00am N1022.29 70 4 45.1 57.5 3:52pm 37.7 7:02am 28 0 0.00 0 1 12:00am N1020.01 75 5 48.1 65.0 4:56pm 33.6 7:16am 25 0 0.15 0 1 12:00am NNE1022.93 71 6 56.7 75.3 3:48pm 41.9 4:15am 16 3 0.00 0 1 12:00am N1024.60 60 7 61.4 81.3 4:36pm 45.8 7:53am 13 5 0.00 0 1 12:00am N1023.39 54 8 65.4 82.6 4:17pm 53.5 4:23am 10 7 0.00 0 6 4:39pm N1021.51 44 9 63.8 78.9 4:22pm 51.9 7:10am 10 5 0.00 0 0 12:00am N1019.45 50 10 64.1 82.4 4:28pm 51.1 5:14am 11 6 0.00 0 0 12:00am NNE1017.63 46 11 63.0 80.5 1:30pm 51.5 7:01am 11 5 0.00 0 5 3:43pm NNE1014.32 53 12 57.1 73.0 4:56pm 45.2 7:10am 16 2 0.00 0 1 12:00am NNE1013.62 69 13 56.6 77.8 4:53pm 41.4 7:09am 17 3 0.00 0 1 12:00am NE1017.88 65 14 60.3 76.8 4:12pm 45.4 4:20am 13 5 0.00 0 1 12:00am NE1020.43 47 15 62.6 79.9 4:55pm 49.2 6:02am 11 5 0.00 0 1 12:00am NE1017.26 51 16 62.2 78.5 2:15pm 49.9 7:00am 12 5 0.00 0 0 12:00am SSE1013.79 46 17 63.6 79.4 4:58pm 50.7 7:15am 10 6 0.00 0 2 5:56pm ENE1012.21 53 18 61.4 77.2 4:17pm 48.9 7:32am 12 4 0.00 0 1 12:00am ENE1013.49 64 19 58.5 72.6 3:38pm 48.4 7:24am 14 2 0.00 0 1 12:00am E1018.89 57 20 59.9 78.5 4:53pm 44.2 7:17am 14 5 0.00 0 1 12:00am NE1021.93 44 21 59.9 71.1 12:17pm 51.4 3:53am 13 2 0.00 0 3 3:58pm N1018.92 46 22 49.7 59.8 3:46pm 42.5 8:30am 23 0 0.03 0 1 12:00am E1019.48 64 23 51.9 68.4 3:34pm 37.2 6:43am 21 1 0.00 0 1 12:00am S1021.85 55 24 54.0 67.0 4:40pm 42.0 4:10am 19 1 0.04 0 1 12:00am ESE1020.03 63 25 44.3 50.2 12:00am 38.2 9:14pm 28 0 1.86 0 0 12:00am NNE1014.14 91 26 45.8 56.8 4:04pm 39.2 12:00am 27 0 0.01 0 0 12:00am ESE1017.73 78 27 48.4 61.9 4:49pm 38.7 1:54am 24 0 0.00 0 0 12:00am SE1022.05 72 28 54.2 72.5 4:26pm 39.1 6:44am 19 2 0.00 0 0 12:00am S1024.66 59 29 62.6 83.3 4:51pm 45.7 5:53am 12 6 0.00 0 0 12:00am ESE1023.67 46 30 69.0 87.9 4:27pm 54.6 5:50am 8 9 0.00 0 6 2:13pm ESE1021.42 33 --------------------------------------------------------------------------------------- TOT 56.0 87.9 4/30/14 33.6 4/5/14 523 92 2.56 0 6 4/8/14 NE1019.18 60 HEAT BASE: 75.0 COOL BASE: 64.0

Google



Contact Us | Mobile
Never base any life decisions on weather information from this site or anywhere over the Internet.
Site is dedicated to our Lord & Savior Jesus Christ (Yeshua Messiah) | Random Quotes

Copyright © 2017 El Dorado Weather, Inc. | Site Designed By:  El Dorado Weather
LightningRing