World Forecast Directory
El Dorado Weather Logo
U.S. Color IR Sat North America Color Background Satellite Thumb
Norcal Dual-Pol Radar Live Northern California Doppler Radar Thumbnail Image
Pacific NW Visible Sat Regional U.S. Radar
Pacific NW Radar Regional U.S. Radar
Storm Cell Tracking Live Northern California Radar and Satellite Thumbnail Image
Street Level Radar Live U.S. Google Map Radar Thumbnail Image
Live Lightning Radar Placerville California Lightning Detection Radar Thumbnail Image
Live Streaming Webcam Placerville California Live Streaming WebCam Thumbnail Image
Local Wx Station Data Sacramento, Northern Sierra Nevada & the Motherlode Area Current Weather Conditions

NOAA Climate Report From: Placerville, Ca. Weather Station (EDWPC)

Archives below start from 6/22/2006 to the present:
2017: Jan | Feb | Mar | Apr | May | Jun | Jul | Aug | Sep | Oct | Nov | Dec 
2016: Jan | Feb | Mar | Apr | May | Jun | Jul | Aug | Sep | Oct | Nov | Dec 
2015: Jan | Feb | Mar | Apr | May | Jun | Jul | Aug | Sep | Oct | Nov | Dec 
2014: Jan | Feb | Mar | Apr | May | Jun | Jul | Aug | Sep | Oct | Nov | Dec 
2013: Jan | Feb | Mar | Apr | May | Jun | Jul | Aug | Sep | Oct | Nov | Dec 
2012: Jan | Feb | Mar | Apr | May | Jun | Jul | Aug | Sep | Oct | Nov | Dec 
2011: Jan | Feb | Mar | Apr | May | Jun | Jul | Aug | Sep | Oct | Nov | Dec 
2010: Jan | Feb | Mar | Apr | May | Jun | Jul | Aug | Sep | Oct | Nov | Dec 
2009: Jan | Feb | Mar | Apr | May | Jun | Jul | Aug | Sep | Oct | Nov | Dec 
2008: Jan | Feb | Mar | Apr | May | Jun | Jul | Aug | Sep | Oct | Nov | Dec 
2007: Jan | Feb | Mar | Apr | May | Jun | Jul | Aug | Sep | Oct | Nov | Dec 
 2006: Jan | Feb | Mar | Apr | May | Jun | Jul | Aug | Sep | Oct | Nov | Dec 

Report for 2014 02 MONTHLY CLIMATOLOGICAL SUMMARY FOR 2/2014 HEAT COOL MEAN DEG DEG WIND SPEED DOM MEAN MEAN DAY TEMP HIGH TIME LOW TIME DAYS DAYS RAIN AVG HI TIME DIR BAROM HUM --------------------------------------------------------------------------------------- 1 40.4 54.9 1:03pm 29.7 6:16am 32 0 0.00 0 3 12:00am ESE1022.95 46 2 40.1 48.3 12:49pm 34.2 12:03am 33 0 0.00 0 3 12:00am E1018.69 61 3 40.9 52.0 12:59pm 33.7 11:48pm 32 0 0.00 0 3 12:00am S1020.01 66 4 39.4 51.3 1:08pm 31.5 3:34am 33 0 0.00 0 3 12:00am SE1023.11 63 5 40.1 50.7 12:48pm 29.8 7:25am 33 0 0.00 0 3 12:00am E1024.31 63 6 40.1 44.2 12:40pm 36.5 7:23am 33 0 0.23 0 1 12:00am NNE1019.52 87 7 41.9 43.8 10:56am 40.6 5:29pm 31 0 0.86 1 1 12:00am NNE1021.94 92 8 47.1 49.4 9:00pm 43.6 12:00am 26 0 2.57 1 1 12:00am NE1023.95 93 9 49.7 50.6 11:06am 49.0 12:00am 23 0 2.55 1 3 10:50am E1023.46 94 10 50.8 57.8 1:35pm 46.1 10:42pm 22 0 0.56 0 1 12:00am E1025.88 89 11 49.5 61.7 1:08pm 40.2 7:32am 23 0 0.00 0 1 12:00am E1026.35 76 12 49.8 61.4 1:27pm 39.9 6:16am 23 0 0.00 0 1 12:00am E1027.02 70 13 54.5 66.1 1:53pm 46.3 7:03am 18 0 0.00 0 1 12:00am SE1024.75 67 14 53.6 62.0 1:49pm 47.1 7:01am 19 0 0.00 0 3 4:23pm E1023.01 81 15 51.2 62.1 1:51pm 45.3 5:36am 22 0 0.09 0 3 7:43pm NE1019.80 80 16 50.0 59.6 3:08pm 42.9 11:50pm 23 0 0.20 0 1 12:00am ESE1023.61 78 17 47.6 60.7 2:18pm 40.3 3:12am 25 0 0.00 0 1 12:00am S1023.78 69 18 48.4 60.4 12:57pm 38.5 4:11am 24 0 0.00 0 1 12:00am ESE1023.80 54 19 48.0 60.3 2:45pm 39.5 11:12pm 25 0 0.00 0 1 12:00am ESE1023.77 68 20 48.6 61.0 11:05am 38.6 6:34am 24 0 0.00 0 1 12:00am ESE1024.96 59 21 51.0 65.5 12:42pm 41.5 7:19am 22 0 0.00 0 1 12:00am S1021.30 50 22 52.2 66.8 2:23pm 42.3 2:37am 21 1 0.00 0 0 12:00am SSE1018.30 53 23 53.5 69.1 1:36pm 43.3 12:38am 19 1 0.00 0 0 12:00am E1018.72 54 24 55.4 69.0 1:21pm 44.9 2:05am 17 2 0.00 0 0 12:00am E1018.33 50 25 56.5 70.3 1:06pm 46.8 7:22am 16 2 0.00 0 0 12:00am ESE1016.69 44 26 49.9 59.5 2:41pm 45.6 6:21am 23 0 0.78 1 2 11:25am NNE1015.03 76 27 48.0 55.5 3:21pm 44.1 10:48pm 25 0 0.20 0 1 12:00am ESE1013.61 83 28 46.0 51.3 4:07am 42.0 11:52pm 27 0 1.34 0 1 12:00am NNE1002.64 84 --------------------------------------------------------------------------------------- TOT 48.0 70.3 2/25/14 29.7 2/1/14 694 5 9.38 0 3 2/1/14 E1021.05 70 HEAT BASE: 75.0 COOL BASE: 64.0

Google



Contact Us | Mobile
Never base any life decisions on weather information from this site or anywhere over the Internet.
Site is dedicated to our Lord & Savior Jesus Christ (Yeshua Messiah) | Random Quotes

Copyright © 2017 El Dorado Weather, Inc. | Site Designed By:  El Dorado Weather
LightningRing