World Forecast Directory
El Dorado Weather Logo
U.S. Color IR Sat North America Color Background Satellite Thumb
Norcal Dual-Pol Radar Live Northern California Doppler Radar Thumbnail Image
Pacific NW Visible Sat Regional U.S. Radar
Pacific NW Radar Regional U.S. Radar
Storm Cell Tracking Live Northern California Radar and Satellite Thumbnail Image
Street Level Radar Live U.S. Google Map Radar Thumbnail Image
Live Lightning Radar Placerville California Lightning Detection Radar Thumbnail Image
Live Streaming Webcam Placerville California Live Streaming WebCam Thumbnail Image
Local Wx Station Data Sacramento, Northern Sierra Nevada & the Motherlode Area Current Weather Conditions

NOAA Climate Report From: Placerville, Ca. Weather Station (EDWPC)

Archives below start from 6/22/2006 to the present:
2017: Jan | Feb | Mar | Apr | May | Jun | Jul | Aug | Sep | Oct | Nov | Dec 
2016: Jan | Feb | Mar | Apr | May | Jun | Jul | Aug | Sep | Oct | Nov | Dec 
2015: Jan | Feb | Mar | Apr | May | Jun | Jul | Aug | Sep | Oct | Nov | Dec 
2014: Jan | Feb | Mar | Apr | May | Jun | Jul | Aug | Sep | Oct | Nov | Dec 
2013: Jan | Feb | Mar | Apr | May | Jun | Jul | Aug | Sep | Oct | Nov | Dec 
2012: Jan | Feb | Mar | Apr | May | Jun | Jul | Aug | Sep | Oct | Nov | Dec 
2011: Jan | Feb | Mar | Apr | May | Jun | Jul | Aug | Sep | Oct | Nov | Dec 
2010: Jan | Feb | Mar | Apr | May | Jun | Jul | Aug | Sep | Oct | Nov | Dec 
2009: Jan | Feb | Mar | Apr | May | Jun | Jul | Aug | Sep | Oct | Nov | Dec 
2008: Jan | Feb | Mar | Apr | May | Jun | Jul | Aug | Sep | Oct | Nov | Dec 
2007: Jan | Feb | Mar | Apr | May | Jun | Jul | Aug | Sep | Oct | Nov | Dec 
 2006: Jan | Feb | Mar | Apr | May | Jun | Jul | Aug | Sep | Oct | Nov | Dec 

Report for 2014 01 MONTHLY CLIMATOLOGICAL SUMMARY FOR 1/2014 HEAT COOL MEAN DEG DEG WIND SPEED DOM MEAN MEAN DAY TEMP HIGH TIME LOW TIME DAYS DAYS RAIN AVG HI TIME DIR BAROM HUM --------------------------------------------------------------------------------------- 1 48.5 62.9 12:58pm 39.9 5:40am 24 0 0.00 0 0 12:00am E1025.43 41 2 51.7 68.4 12:57pm 41.7 7:30am 21 1 0.00 0 1 10:54am S1023.71 44 3 51.4 66.8 1:35pm 42.2 7:02am 21 0 0.00 0 1 12:00am S1020.18 44 4 48.3 63.4 1:04pm 40.3 7:53am 25 0 0.00 0 1 12:00am S1020.18 53 5 48.8 65.1 1:05pm 37.5 5:46am 24 0 0.00 0 1 12:00am S1025.49 42 6 50.9 62.6 12:22pm 42.5 3:29am 22 0 0.00 0 1 12:00am NNW1027.26 38 7 49.3 61.2 1:48pm 41.6 6:11am 24 0 0.00 0 3 11:55am E1024.84 39 8 44.4 53.0 12:30pm 37.7 7:52am 28 0 0.00 0 3 12:00am ESE1025.35 70 9 44.7 56.3 1:50pm 38.4 2:18am 28 0 0.00 0 3 12:00am E1026.55 77 10 46.5 61.9 1:38pm 38.1 7:28am 25 0 0.00 0 3 12:00am SSE1027.34 65 11 44.3 51.0 11:36am 39.6 2:35am 28 0 0.06 0 3 12:00am NE1026.64 81 12 42.8 57.2 1:20pm 33.1 7:33am 30 0 0.01 0 6 3:10pm S1029.94 71 13 44.4 59.7 3:03pm 32.8 7:35am 28 0 0.00 0 1 12:00am SE1033.98 59 14 48.6 64.2 1:02pm 37.9 3:15am 24 0 0.00 0 1 12:00am E1033.41 50 15 51.3 70.3 1:32pm 39.3 8:03am 22 1 0.00 0 1 12:00am SSW1030.01 47 16 53.1 71.7 1:27pm 41.5 3:59am 20 2 0.00 0 1 12:00am SE1026.43 26 17 55.3 73.3 1:04pm 43.9 6:49am 18 2 0.00 0 0 12:00am S1025.13 24 18 54.3 69.7 1:02pm 44.5 7:47am 18 1 0.00 0 0 12:00am E1023.63 26 19 54.2 70.5 1:20pm 44.8 3:11am 19 1 0.00 0 0 12:00am E1023.23 26 20 54.8 69.3 1:38pm 46.2 11:51pm 18 1 0.00 0 0 12:00am E1025.20 21 21 54.8 72.4 1:23pm 44.2 7:07am 18 2 0.00 0 0 12:00am SE1026.46 21 22 49.8 65.1 12:29pm 39.3 7:05am 23 0 0.00 0 0 12:00am E1020.98 28 23 51.5 64.8 1:50pm 39.0 5:21am 21 0 0.00 0 0 12:00am E1017.67 33 24 59.3 71.2 1:16pm 49.9 11:34pm 13 2 0.00 0 0 12:00am E1024.62 20 25 55.8 69.4 11:27am 45.9 10:35pm 17 2 0.00 0 0 12:00am E1025.77 26 26 51.1 64.5 3:14pm 43.7 11:00pm 22 0 0.00 0 0 12:00am E1022.61 32 27 50.7 63.2 1:41pm 41.6 7:33am 22 0 0.00 0 2 12:32pm SE1023.43 35 28 54.2 67.9 1:01pm 47.8 6:26am 19 0 0.00 0 2 12:00am E1025.75 41 29 50.7 53.1 10:08am 46.5 3:03am 22 0 0.42 0 2 12:00am E1022.67 79 30 47.0 54.5 1:58pm 40.7 11:56pm 26 0 0.16 0 2 12:00am E1015.18 80 31 41.4 51.9 1:25pm 33.9 11:59pm 31 0 0.04 0 3 7:43pm SE1019.46 73 --------------------------------------------------------------------------------------- TOT 50.1 73.3 1/17/14 32.8 1/13/14 702 16 0.69 0 6 1/12/14 E1024.76 46 HEAT BASE: 75.0 COOL BASE: 64.0

Google



Contact Us | Mobile
Never base any life decisions on weather information from this site or anywhere over the Internet.
Site is dedicated to our Lord & Savior Jesus Christ (Yeshua Messiah) | Random Quotes

Copyright © 2017 El Dorado Weather, Inc. | Site Designed By:  El Dorado Weather
LightningRing