World Forecast Directory
El Dorado Weather Logo
U.S. Color IR Sat North America Color Background Satellite Thumb
Norcal Dual-Pol Radar Live Northern California Doppler Radar Thumbnail Image
Pacific NW Visible Sat Regional U.S. Radar
Pacific NW Radar Regional U.S. Radar
Storm Cell Tracking Live Northern California Radar and Satellite Thumbnail Image
Street Level Radar Live U.S. Google Map Radar Thumbnail Image
Live Lightning Radar Placerville California Lightning Detection Radar Thumbnail Image
Live Streaming Webcam Placerville California Live Streaming WebCam Thumbnail Image
Local Wx Station Data Sacramento, Northern Sierra Nevada & the Motherlode Area Current Weather Conditions

NOAA Climate Report From: Placerville, Ca. Weather Station (EDWPC)

Archives below start from 6/22/2006 to the present:
2017: Jan | Feb | Mar | Apr | May | Jun | Jul | Aug | Sep | Oct | Nov | Dec 
2016: Jan | Feb | Mar | Apr | May | Jun | Jul | Aug | Sep | Oct | Nov | Dec 
2015: Jan | Feb | Mar | Apr | May | Jun | Jul | Aug | Sep | Oct | Nov | Dec 
2014: Jan | Feb | Mar | Apr | May | Jun | Jul | Aug | Sep | Oct | Nov | Dec 
2013: Jan | Feb | Mar | Apr | May | Jun | Jul | Aug | Sep | Oct | Nov | Dec 
2012: Jan | Feb | Mar | Apr | May | Jun | Jul | Aug | Sep | Oct | Nov | Dec 
2011: Jan | Feb | Mar | Apr | May | Jun | Jul | Aug | Sep | Oct | Nov | Dec 
2010: Jan | Feb | Mar | Apr | May | Jun | Jul | Aug | Sep | Oct | Nov | Dec 
2009: Jan | Feb | Mar | Apr | May | Jun | Jul | Aug | Sep | Oct | Nov | Dec 
2008: Jan | Feb | Mar | Apr | May | Jun | Jul | Aug | Sep | Oct | Nov | Dec 
2007: Jan | Feb | Mar | Apr | May | Jun | Jul | Aug | Sep | Oct | Nov | Dec 
 2006: Jan | Feb | Mar | Apr | May | Jun | Jul | Aug | Sep | Oct | Nov | Dec 

Report for 2013 12 MONTHLY CLIMATOLOGICAL SUMMARY FOR 12/2013 HEAT COOL MEAN DEG DEG WIND SPEED DOM MEAN MEAN DAY TEMP HIGH TIME LOW TIME DAYS DAYS RAIN AVG HI TIME DIR BAROM HUM --------------------------------------------------------------------------------------- 1 50.3 65.4 1:14pm 41.4 7:50am 22 0 0.00 0 3 10:42am ENE1028.95 55 2 50.9 63.4 1:51pm 43.3 7:43am 22 0 0.00 0 1 12:00am N1022.19 57 3 40.5 47.3 1:18pm 29.2 11:50pm 32 0 0.01 0 1 12:00am E1014.50 68 4 31.8 43.2 11:35am 24.9 6:42am 41 0 0.00 0 1 12:00am ENE1020.04 56 5 32.5 46.1 1:15pm 26.3 3:19am 40 0 0.00 0 1 12:00am NE1023.86 54 6 32.1 42.0 11:15am 25.3 6:31am 41 0 0.00 0 5 11:27am ENE1023.93 65 7 29.7 35.6 12:50pm 23.5 11:59pm 43 0 0.32 0 1 12:00am NE1022.38 90 8 27.6 39.0 1:19pm 21.4 7:48am 45 0 0.34 0 0 12:00am NE1029.23 76 9 30.5 42.2 1:22pm 21.8 3:51am 42 0 0.07 0 0 12:00am NE1033.01 70 10 35.9 50.0 1:26pm 25.7 6:42am 37 0 0.00 0 0 12:00am NE1030.36 61 11 40.5 56.1 1:16pm 29.5 6:07am 32 0 0.00 0 1 10:36pm SE1027.66 59 12 45.2 61.6 1:18pm 36.2 6:17am 28 0 0.00 0 0 12:00am NE1027.22 42 13 42.8 58.3 1:17pm 33.9 5:22am 30 0 0.00 0 0 12:00am SE1028.39 45 14 44.0 59.9 1:22pm 34.4 12:42am 29 0 0.00 0 0 12:00am NE1032.03 51 15 47.3 65.6 1:20pm 38.5 4:23am 25 0 0.00 0 0 12:00am NE1030.31 47 16 51.8 69.2 12:40pm 42.1 7:05am 21 1 0.00 0 0 12:00am ENE1026.48 44 17 54.2 70.1 12:54pm 44.0 6:14am 19 1 0.00 0 1 9:52pm NE1023.73 41 18 52.0 61.1 12:10pm 43.5 11:59pm 21 0 0.00 0 1 12:00am ENE1015.08 46 19 44.1 55.9 1:47pm 36.2 11:58pm 29 0 0.00 0 1 12:00am SE1011.45 60 20 40.5 55.1 1:02pm 31.1 7:35am 32 0 0.00 0 1 12:00am ENE1018.06 45 21 42.3 55.3 1:14pm 34.5 7:27am 31 0 0.00 0 1 12:00am SSE1020.60 60 22 44.4 58.8 12:32pm 34.2 2:50am 28 0 0.00 0 1 12:00am ENE1027.30 61 23 48.4 63.0 1:20pm 39.4 6:38am 24 0 0.00 0 1 12:00am SSE1031.72 55 24 48.9 63.2 1:05pm 40.4 11:56pm 24 0 0.00 0 1 12:00am E1028.87 53 25 50.1 67.7 1:05pm 38.9 7:51am 23 1 0.00 0 0 12:00am SSE1028.84 45 26 52.1 68.2 1:15pm 43.3 4:03am 21 1 0.00 0 0 12:00am E1027.53 34 27 50.1 63.5 11:48am 41.7 11:59pm 23 0 0.00 0 0 12:00am E1026.21 36 28 49.4 65.3 1:02pm 36.4 7:51am 23 0 0.00 0 0 12:00am S1022.07 32 29 46.6 61.2 1:27pm 36.4 7:42am 26 0 0.00 0 0 12:00am SSE1024.81 40 30 50.5 65.1 12:58pm 40.2 6:38am 22 0 0.00 0 0 12:00am E1027.19 35 31 49.6 64.6 12:25pm 42.0 2:14am 23 0 0.00 0 0 12:00am E1026.31 36 --------------------------------------------------------------------------------------- TOT 43.8 70.1 12/17/13 21.4 12/8/13 900 4 0.74 0 5 12/6/13 E1025.23 52 HEAT BASE: 75.0 COOL BASE: 64.0

Google



Contact Us | Mobile
Never base any life decisions on weather information from this site or anywhere over the Internet.
Site is dedicated to our Lord & Savior Jesus Christ (Yeshua Messiah) | Random Quotes

Copyright © 2017 El Dorado Weather, Inc. | Site Designed By:  El Dorado Weather
LightningRing