World Forecast Directory
El Dorado Weather Logo
U.S. Color IR Sat North America Color Background Satellite Thumb
Norcal Dual-Pol Radar Live Northern California Doppler Radar Thumbnail Image
Pacific NW Visible Sat Regional U.S. Radar
Pacific NW Radar Regional U.S. Radar
Storm Cell Tracking Live Northern California Radar and Satellite Thumbnail Image
Street Level Radar Live U.S. Google Map Radar Thumbnail Image
Live Lightning Radar Placerville California Lightning Detection Radar Thumbnail Image
Live Streaming Webcam Placerville California Live Streaming WebCam Thumbnail Image
Local Wx Station Data Sacramento, Northern Sierra Nevada & the Motherlode Area Current Weather Conditions

NOAA Climate Report From: Placerville, Ca. Weather Station (EDWPC)

Archives below start from 6/22/2006 to the present:
2017: Jan | Feb | Mar | Apr | May | Jun | Jul | Aug | Sep | Oct | Nov | Dec 
2016: Jan | Feb | Mar | Apr | May | Jun | Jul | Aug | Sep | Oct | Nov | Dec 
2015: Jan | Feb | Mar | Apr | May | Jun | Jul | Aug | Sep | Oct | Nov | Dec 
2014: Jan | Feb | Mar | Apr | May | Jun | Jul | Aug | Sep | Oct | Nov | Dec 
2013: Jan | Feb | Mar | Apr | May | Jun | Jul | Aug | Sep | Oct | Nov | Dec 
2012: Jan | Feb | Mar | Apr | May | Jun | Jul | Aug | Sep | Oct | Nov | Dec 
2011: Jan | Feb | Mar | Apr | May | Jun | Jul | Aug | Sep | Oct | Nov | Dec 
2010: Jan | Feb | Mar | Apr | May | Jun | Jul | Aug | Sep | Oct | Nov | Dec 
2009: Jan | Feb | Mar | Apr | May | Jun | Jul | Aug | Sep | Oct | Nov | Dec 
2008: Jan | Feb | Mar | Apr | May | Jun | Jul | Aug | Sep | Oct | Nov | Dec 
2007: Jan | Feb | Mar | Apr | May | Jun | Jul | Aug | Sep | Oct | Nov | Dec 
 2006: Jan | Feb | Mar | Apr | May | Jun | Jul | Aug | Sep | Oct | Nov | Dec 

Report for 2013 11 MONTHLY CLIMATOLOGICAL SUMMARY FOR 11/2013 HEAT COOL MEAN DEG DEG WIND SPEED DOM MEAN MEAN DAY TEMP HIGH TIME LOW TIME DAYS DAYS RAIN AVG HI TIME DIR BAROM HUM --------------------------------------------------------------------------------------- 1 57.1 74.9 1:37pm 46.3 5:01am 16 2 0.00 0 0 12:00am NE1022.79 44 2 57.4 72.0 1:45pm 47.0 7:46am 15 2 0.00 0 0 12:00am ENE1017.83 40 3 47.9 57.9 2:34pm 37.5 7:10am 25 0 0.00 0 0 12:00am SE1017.15 54 4 48.1 64.6 1:05pm 36.7 4:25am 25 0 0.00 0 1 3:50pm ESE1017.70 45 5 49.7 64.6 12:28pm 38.9 6:52am 23 0 0.00 0 1 12:00am ENE1024.85 36 6 54.3 69.4 12:30pm 43.0 6:10am 18 1 0.00 0 1 12:00am NE1027.41 40 7 58.6 72.7 1:02pm 49.3 11:55pm 14 2 0.00 0 1 12:00am ENE1023.46 29 8 57.1 72.3 12:28pm 47.5 5:17am 16 2 0.00 0 2 11:44am ENE1019.88 32 9 56.8 71.8 12:56pm 45.7 6:41am 16 2 0.00 0 2 12:00am ENE1019.59 39 10 57.9 73.3 12:50pm 48.2 2:28am 15 2 0.00 0 2 12:00am ENE1021.54 32 11 57.9 72.8 1:12pm 48.9 1:31am 15 2 0.00 0 2 12:00am ENE1023.02 24 12 58.2 69.1 11:34am 51.3 11:54pm 15 1 0.00 0 2 12:00am ENE1026.43 31 13 58.1 75.9 12:50pm 49.1 4:57am 15 3 0.00 0 0 12:00am SE1024.42 39 14 54.5 66.9 12:54pm 45.8 11:55pm 18 1 0.00 0 0 12:00am ENE1018.63 46 15 48.8 62.0 1:08pm 39.8 6:57am 24 0 0.00 0 0 12:00am SE1011.47 55 16 47.2 58.6 12:45pm 40.5 5:12am 25 0 0.00 0 9 1:08pm E1013.57 57 17 47.9 61.9 1:24pm 37.3 6:38am 25 0 0.00 0 0 12:00am E1020.26 62 18 48.9 60.7 11:55am 40.7 7:13am 24 0 0.00 0 0 12:00am E1022.83 65 19 49.0 56.4 12:00pm 43.8 3:45am 23 0 0.29 0 5 10:45pm E1020.88 77 20 48.5 51.1 1:51pm 45.1 11:54pm 24 0 1.03 0 5 6:04am ENE1016.19 92 21 48.5 58.9 12:57pm 42.6 7:18am 24 0 0.01 1 5 9:58am N1016.66 60 22 51.4 65.2 12:47pm 40.5 7:52am 21 0 0.00 0 2 12:00am N1018.92 28 23 44.7 59.4 1:23pm 36.4 5:52am 28 0 0.00 0 2 12:00am ENE1021.32 68 24 45.7 58.3 1:03pm 37.4 7:36am 27 0 0.00 0 2 12:00am NE1026.18 66 25 47.4 60.7 12:55pm 39.1 3:08am 25 0 0.00 0 2 12:00am NE1029.39 64 26 48.4 61.7 1:08pm 40.4 3:54am 24 0 0.00 0 2 12:00am NNE1025.86 65 27 52.1 66.4 12:31pm 43.3 3:49am 21 0 0.00 0 0 12:00am N1017.64 48 28 53.5 67.8 12:38pm 46.3 11:54pm 19 1 0.00 0 0 12:00am ENE1018.03 46 29 52.0 66.0 12:50pm 43.9 6:56am 21 0 0.00 0 0 12:00am ENE1024.50 49 30 50.6 64.1 12:42pm 42.8 7:00am 22 0 0.00 0 0 12:00am SE1027.52 54 --------------------------------------------------------------------------------------- TOT 52.0 75.9 11/13/13 36.4 11/23/13 624 23 1.33 0 9 11/16/13 ENE1021.18 50 HEAT BASE: 75.0 COOL BASE: 64.0

Google



Contact Us | Mobile
Never base any life decisions on weather information from this site or anywhere over the Internet.
Site is dedicated to our Lord & Savior Jesus Christ (Yeshua Messiah) | Random Quotes

Copyright © 2017 El Dorado Weather, Inc. | Site Designed By:  El Dorado Weather
LightningRing