World Forecast Directory
El Dorado Weather Logo
U.S. Color IR Sat North America Color Background Satellite Thumb
Norcal Dual-Pol Radar Live Northern California Doppler Radar Thumbnail Image
Pacific NW Visible Sat Regional U.S. Radar
Pacific NW Radar Regional U.S. Radar
Storm Cell Tracking Live Northern California Radar and Satellite Thumbnail Image
Street Level Radar Live U.S. Google Map Radar Thumbnail Image
Live Lightning Radar Placerville California Lightning Detection Radar Thumbnail Image
Live Streaming Webcam Placerville California Live Streaming WebCam Thumbnail Image
Local Wx Station Data Sacramento, Northern Sierra Nevada & the Motherlode Area Current Weather Conditions

NOAA Climate Report From: Placerville, Ca. Weather Station (EDWPC)

Archives below start from 6/22/2006 to the present:
2017: Jan | Feb | Mar | Apr | May | Jun | Jul | Aug | Sep | Oct | Nov | Dec 
2016: Jan | Feb | Mar | Apr | May | Jun | Jul | Aug | Sep | Oct | Nov | Dec 
2015: Jan | Feb | Mar | Apr | May | Jun | Jul | Aug | Sep | Oct | Nov | Dec 
2014: Jan | Feb | Mar | Apr | May | Jun | Jul | Aug | Sep | Oct | Nov | Dec 
2013: Jan | Feb | Mar | Apr | May | Jun | Jul | Aug | Sep | Oct | Nov | Dec 
2012: Jan | Feb | Mar | Apr | May | Jun | Jul | Aug | Sep | Oct | Nov | Dec 
2011: Jan | Feb | Mar | Apr | May | Jun | Jul | Aug | Sep | Oct | Nov | Dec 
2010: Jan | Feb | Mar | Apr | May | Jun | Jul | Aug | Sep | Oct | Nov | Dec 
2009: Jan | Feb | Mar | Apr | May | Jun | Jul | Aug | Sep | Oct | Nov | Dec 
2008: Jan | Feb | Mar | Apr | May | Jun | Jul | Aug | Sep | Oct | Nov | Dec 
2007: Jan | Feb | Mar | Apr | May | Jun | Jul | Aug | Sep | Oct | Nov | Dec 
 2006: Jan | Feb | Mar | Apr | May | Jun | Jul | Aug | Sep | Oct | Nov | Dec 

Report for 2013 10 MONTHLY CLIMATOLOGICAL SUMMARY FOR 10/2013 HEAT COOL MEAN DEG DEG WIND SPEED DOM MEAN MEAN DAY TEMP HIGH TIME LOW TIME DAYS DAYS RAIN AVG HI TIME DIR BAROM HUM --------------------------------------------------------------------------------------- 1 60.3 73.1 3:15pm 51.6 3:32am 13 3 0.00 0 0 12:00am NNE1017.33 63 2 59.6 74.0 1:54pm 50.2 6:11am 13 3 0.00 0 0 12:00am ESE1017.02 52 3 56.6 72.9 2:46pm 42.6 7:59am 16 2 0.00 0 0 12:00am E1017.96 38 4 62.1 78.8 2:05pm 49.6 3:07am 11 5 0.00 0 0 12:00am NNE1020.17 20 5 62.7 79.3 1:54pm 49.5 6:12am 11 5 0.00 0 0 12:00am NNE1024.55 18 6 64.7 81.1 3:51pm 52.9 7:42am 10 6 0.00 0 0 12:00am NNE1021.97 22 7 65.3 83.0 2:16pm 54.7 7:39am 9 6 0.00 0 0 12:00am NNE1016.70 21 8 60.2 73.1 12:32pm 51.7 11:54pm 13 3 0.00 0 0 12:00am NNE1012.26 27 9 55.2 66.2 2:47pm 48.4 7:38am 18 0 0.00 0 0 12:00am NNE1006.68 45 10 53.6 68.1 2:54pm 43.2 5:39am 19 1 0.00 0 0 12:00am NNE1015.60 55 11 57.0 72.1 3:18pm 47.0 4:47am 16 2 0.00 0 0 12:00am NNE1019.50 48 12 56.8 71.1 2:12pm 46.6 6:07am 16 2 0.00 0 0 12:00am NNE1016.96 47 13 55.3 69.7 1:19pm 43.7 5:59am 17 1 0.00 0 8 1:20pm ESE1018.02 49 14 57.7 73.8 2:03pm 45.1 7:24am 15 2 0.00 0 4 12:00am NNE1021.18 37 15 59.8 77.6 2:59pm 47.9 3:53am 13 4 0.00 0 4 12:00am NNE1019.25 31 16 61.8 76.3 2:48pm 52.3 1:48am 11 4 0.00 0 4 12:00am NNE1021.07 25 17 61.5 77.6 2:21pm 51.6 3:56am 12 4 0.00 0 4 12:00am E1019.81 30 18 61.5 79.2 2:51pm 48.0 7:01am 12 5 0.00 0 4 12:00am NE1019.62 30 19 64.5 81.6 2:35pm 53.5 2:06am 10 6 0.00 0 4 12:00am NE1020.18 28 20 63.8 80.1 12:58pm 52.6 7:04am 10 5 0.00 0 0 12:00am ENE1017.45 28 21 63.3 81.0 2:30pm 52.5 2:48am 10 5 0.00 0 0 12:00am NE1017.10 32 22 65.9 82.7 2:24pm 55.1 3:02am 9 6 0.00 0 0 12:00am NE1017.47 20 23 65.0 82.8 2:10pm 53.1 6:55am 10 6 0.00 0 0 12:00am SE1015.54 22 24 61.4 76.6 12:18pm 52.8 8:02am 12 4 0.00 0 0 12:00am NE1017.87 31 25 59.6 78.5 1:41pm 45.9 7:37am 14 4 0.00 0 0 12:00am NE1022.51 33 26 61.4 80.0 2:13pm 49.5 4:43am 12 4 0.00 0 1 10:16am NNE1021.82 31 27 56.4 73.1 1:55pm 45.7 10:34pm 16 2 0.00 1 1 12:00am NE1012.87 41 28 46.8 52.1 2:02pm 42.0 7:45am 26 0 0.12 0 1 12:00am NE1009.50 75 29 48.0 54.1 12:35pm 42.3 11:55pm 25 0 0.00 0 1 12:00am NE1018.31 71 30 48.2 62.5 2:16pm 39.0 7:25am 25 0 0.00 0 2 10:39am NE1022.81 61 31 51.0 66.8 2:13pm 39.5 7:41am 22 0 0.00 0 0 12:00am NE1023.93 59 --------------------------------------------------------------------------------------- TOT 58.9 83.0 10/7/13 39.0 10/30/13 444 98 0.12 0 8 10/13/13 NNE1018.20 38 HEAT BASE: 75.0 COOL BASE: 64.0

Google



Contact Us | Mobile
Never base any life decisions on weather information from this site or anywhere over the Internet.
Site is dedicated to our Lord & Savior Jesus Christ (Yeshua Messiah) | Random Quotes

Copyright © 2017 El Dorado Weather, Inc. | Site Designed By:  El Dorado Weather
LightningRing