World Forecast Directory
El Dorado Weather Logo
U.S. Color IR Sat North America Color Background Satellite Thumb
Norcal Dual-Pol Radar Live Northern California Doppler Radar Thumbnail Image
Pacific NW Visible Sat Regional U.S. Radar
Pacific NW Radar Regional U.S. Radar
Storm Cell Tracking Live Northern California Radar and Satellite Thumbnail Image
Street Level Radar Live U.S. Google Map Radar Thumbnail Image
Live Lightning Radar Placerville California Lightning Detection Radar Thumbnail Image
Live Streaming Webcam Placerville California Live Streaming WebCam Thumbnail Image
Local Wx Station Data Sacramento, Northern Sierra Nevada & the Motherlode Area Current Weather Conditions

NOAA Climate Report From: Placerville, Ca. Weather Station (EDWPC)

Archives below start from 6/22/2006 to the present:
2017: Jan | Feb | Mar | Apr | May | Jun | Jul | Aug | Sep | Oct | Nov | Dec 
2016: Jan | Feb | Mar | Apr | May | Jun | Jul | Aug | Sep | Oct | Nov | Dec 
2015: Jan | Feb | Mar | Apr | May | Jun | Jul | Aug | Sep | Oct | Nov | Dec 
2014: Jan | Feb | Mar | Apr | May | Jun | Jul | Aug | Sep | Oct | Nov | Dec 
2013: Jan | Feb | Mar | Apr | May | Jun | Jul | Aug | Sep | Oct | Nov | Dec 
2012: Jan | Feb | Mar | Apr | May | Jun | Jul | Aug | Sep | Oct | Nov | Dec 
2011: Jan | Feb | Mar | Apr | May | Jun | Jul | Aug | Sep | Oct | Nov | Dec 
2010: Jan | Feb | Mar | Apr | May | Jun | Jul | Aug | Sep | Oct | Nov | Dec 
2009: Jan | Feb | Mar | Apr | May | Jun | Jul | Aug | Sep | Oct | Nov | Dec 
2008: Jan | Feb | Mar | Apr | May | Jun | Jul | Aug | Sep | Oct | Nov | Dec 
2007: Jan | Feb | Mar | Apr | May | Jun | Jul | Aug | Sep | Oct | Nov | Dec 
 2006: Jan | Feb | Mar | Apr | May | Jun | Jul | Aug | Sep | Oct | Nov | Dec 

Report for 2013 09 MONTHLY CLIMATOLOGICAL SUMMARY FOR 9/2013 HEAT COOL MEAN DEG DEG WIND SPEED DOM MEAN MEAN DAY TEMP HIGH TIME LOW TIME DAYS DAYS RAIN AVG HI TIME DIR BAROM HUM --------------------------------------------------------------------------------------- 1 73.7 87.5 3:01pm 64.2 5:59am 3 12 0.00 0 3 12:00am NNW1014.47 35 2 67.0 73.6 1:49pm 60.5 7:41am 6 5 0.03 0 0 12:00am NNE1015.25 63 3 68.6 82.5 3:43pm 59.1 5:14am 6 7 0.00 0 0 12:00am NNW1016.49 54 4 68.5 84.7 2:59pm 56.2 7:16am 7 8 0.00 0 0 12:00am NNW1017.24 48 5 67.3 82.5 3:38pm 55.1 6:55am 8 7 0.00 0 0 12:00am N1017.04 45 6 71.3 89.2 2:23pm 55.0 6:53am 6 11 0.00 0 0 12:00am NE1015.73 33 7 76.4 92.5 2:47pm 63.3 7:24am 3 15 0.00 0 0 12:00am NNW1013.25 30 8 79.0 96.6 2:06pm 66.0 4:33am 2 17 0.00 0 0 12:00am N1011.65 23 9 79.1 95.6 2:38pm 66.2 7:03am 2 17 0.00 0 0 12:00am NNW1009.07 24 10 74.6 89.0 3:46pm 61.4 11:54pm 3 13 0.00 0 4 2:04pm N1009.78 34 11 65.5 81.7 2:16pm 53.1 7:08am 9 6 0.00 0 9 1:30pm NNW1016.03 60 12 67.6 84.5 4:28pm 52.5 7:10am 8 9 0.00 0 1 12:00am NNW1015.66 57 13 72.7 88.3 4:11pm 59.9 7:35am 5 11 0.00 0 1 12:00am NNW1011.69 48 14 72.9 87.4 3:28pm 61.6 7:29am 4 11 0.00 0 1 12:00am NNW1009.17 48 15 68.1 82.7 4:06pm 54.5 7:35am 7 8 0.00 0 1 12:00am NNW1011.40 45 16 68.0 84.3 2:59pm 53.9 7:15am 8 8 0.00 0 1 12:00am NNW1012.59 41 17 62.2 74.5 4:28pm 51.7 7:26am 11 3 0.00 0 0 12:00am N1012.64 54 18 63.8 81.0 2:33pm 49.3 7:21am 10 6 0.00 0 0 12:00am ENE1013.63 37 19 68.0 86.3 3:14pm 53.3 4:38am 8 9 0.00 0 0 12:00am N1012.40 33 20 65.4 78.1 2:51pm 56.6 7:12am 8 5 0.00 1 2 6:22pm N1011.59 39 21 53.3 59.7 1:16pm 47.2 9:09pm 20 0 0.61 0 1 12:00am N1013.62 87 22 54.3 68.3 3:12pm 42.7 7:04am 18 1 0.01 0 1 12:00am NE1017.78 73 23 61.0 77.5 3:33pm 47.9 5:39am 12 4 0.00 0 1 12:00am NE1018.25 61 24 60.8 73.4 3:42pm 52.3 6:55am 12 3 0.00 1 1 12:00am N1016.08 62 25 54.3 66.8 3:44pm 45.8 7:06am 18 1 0.00 0 6 11:44am NE1014.06 58 26 54.1 70.1 2:47pm 40.1 6:34am 19 1 0.00 0 6 12:00am E1014.44 47 27 57.9 73.5 2:50pm 46.4 4:04am 15 3 0.00 0 6 12:00am N1020.37 36 28 62.3 78.6 3:02pm 49.5 2:27am 11 5 0.00 0 6 12:00am N1021.01 36 29 60.0 74.3 3:28pm 49.9 5:10am 13 3 0.00 0 6 12:00am N1021.42 53 30 61.1 73.1 2:32pm 54.5 7:13am 12 2 0.00 0 0 12:00am N1019.87 70 --------------------------------------------------------------------------------------- TOT 66.0 96.6 9/8/13 40.1 9/26/13 272 210 0.65 0 9 9/11/13 NNW1014.78 48 HEAT BASE: 75.0 COOL BASE: 64.0

Google



Contact Us | Mobile
Never base any life decisions on weather information from this site or anywhere over the Internet.
Site is dedicated to our Lord & Savior Jesus Christ (Yeshua Messiah) | Random Quotes

Copyright © 2017 El Dorado Weather, Inc. | Site Designed By:  El Dorado Weather
LightningRing