World Forecast Directory
El Dorado Weather Logo
U.S. Color IR Sat North America Color Background Satellite Thumb
Norcal Dual-Pol Radar Live Northern California Doppler Radar Thumbnail Image
Pacific NW Visible Sat Regional U.S. Radar
Pacific NW Radar Regional U.S. Radar
Storm Cell Tracking Live Northern California Radar and Satellite Thumbnail Image
Street Level Radar Live U.S. Google Map Radar Thumbnail Image
Live Lightning Radar Placerville California Lightning Detection Radar Thumbnail Image
Live Streaming Webcam Placerville California Live Streaming WebCam Thumbnail Image
Local Wx Station Data Sacramento, Northern Sierra Nevada & the Motherlode Area Current Weather Conditions

NOAA Climate Report From: Placerville, Ca. Weather Station (EDWPC)

Archives below start from 6/22/2006 to the present:
2017: Jan | Feb | Mar | Apr | May | Jun | Jul | Aug | Sep | Oct | Nov | Dec 
2016: Jan | Feb | Mar | Apr | May | Jun | Jul | Aug | Sep | Oct | Nov | Dec 
2015: Jan | Feb | Mar | Apr | May | Jun | Jul | Aug | Sep | Oct | Nov | Dec 
2014: Jan | Feb | Mar | Apr | May | Jun | Jul | Aug | Sep | Oct | Nov | Dec 
2013: Jan | Feb | Mar | Apr | May | Jun | Jul | Aug | Sep | Oct | Nov | Dec 
2012: Jan | Feb | Mar | Apr | May | Jun | Jul | Aug | Sep | Oct | Nov | Dec 
2011: Jan | Feb | Mar | Apr | May | Jun | Jul | Aug | Sep | Oct | Nov | Dec 
2010: Jan | Feb | Mar | Apr | May | Jun | Jul | Aug | Sep | Oct | Nov | Dec 
2009: Jan | Feb | Mar | Apr | May | Jun | Jul | Aug | Sep | Oct | Nov | Dec 
2008: Jan | Feb | Mar | Apr | May | Jun | Jul | Aug | Sep | Oct | Nov | Dec 
2007: Jan | Feb | Mar | Apr | May | Jun | Jul | Aug | Sep | Oct | Nov | Dec 
 2006: Jan | Feb | Mar | Apr | May | Jun | Jul | Aug | Sep | Oct | Nov | Dec 

Report for 2013 08 MONTHLY CLIMATOLOGICAL SUMMARY FOR 8/2013 HEAT COOL MEAN DEG DEG WIND SPEED DOM MEAN MEAN DAY TEMP HIGH TIME LOW TIME DAYS DAYS RAIN AVG HI TIME DIR BAROM HUM --------------------------------------------------------------------------------------- 1 67.5 83.4 2:46pm 51.8 6:49am 8 8 0.00 0 2 12:00am NNW1017.56 37 2 70.6 87.7 3:49pm 56.1 5:52am 7 10 0.00 0 2 12:00am NNW1015.20 28 3 72.2 88.4 3:54pm 58.2 5:40am 5 11 0.00 0 2 12:00am NNW1015.09 31 4 71.9 88.3 3:20pm 56.2 6:39am 6 11 0.00 0 5 10:55am NNW1015.95 33 5 71.7 89.0 3:59pm 56.1 4:25am 6 11 0.00 0 2 12:00am NNW1016.40 32 6 69.2 85.2 4:30pm 55.4 6:45am 7 9 0.00 0 2 12:00am NNW1016.61 38 7 62.8 77.4 3:55pm 51.4 6:35am 10 4 0.00 0 4 10:11am NNW1019.44 63 8 65.1 81.8 4:05pm 51.7 5:48am 9 6 0.00 0 2 12:00am NNW1017.37 52 9 65.8 80.4 4:04pm 51.2 7:20am 8 7 0.00 0 2 12:00am NNW1015.65 49 10 67.3 83.0 3:28pm 52.0 7:11am 8 8 0.00 0 4 10:29am NNW1017.75 47 11 70.3 86.6 3:29pm 56.3 7:14am 6 10 0.00 0 2 12:00am NNW1016.80 41 12 71.9 87.0 4:08pm 60.3 7:04am 5 10 0.00 0 2 12:00am NNW1016.27 34 13 74.9 91.6 3:00pm 59.8 5:30am 4 13 0.00 0 2 12:00am NNW1016.07 29 14 76.5 92.2 4:17pm 64.3 4:37am 3 15 0.00 0 2 12:00am NNW1015.05 26 15 75.7 93.2 3:39pm 61.7 3:41am 4 14 0.00 0 2 12:00am NNW1015.10 30 16 77.3 94.3 3:39pm 62.9 4:15am 3 15 0.00 0 7 12:57pm NNW1015.98 26 17 77.1 93.2 4:16pm 63.2 6:33am 3 15 0.00 0 2 12:00am NNW1014.59 30 18 79.2 95.0 3:34pm 65.8 5:09am 2 17 0.00 0 2 12:00am NNW1012.42 31 19 82.8 98.7 3:41pm 71.2 5:48am 0 21 0.00 0 2 12:00am N1012.01 31 20 79.5 94.7 4:12pm 67.6 7:48am 1 18 0.00 0 2 12:00am NNW1011.63 38 21 74.1 89.8 3:59pm 62.6 7:35am 3 12 0.00 0 2 12:00am NNW1013.17 37 22 71.8 87.5 2:42pm 59.5 7:13am 5 10 0.00 0 1 12:00am NNW1013.91 38 23 67.9 86.7 3:40pm 52.3 7:06am 8 8 0.00 0 1 12:00am NNW1013.08 45 24 68.9 84.3 3:02pm 55.6 7:14am 7 8 0.00 1 1 12:00am NNW1012.73 44 25 68.9 84.1 2:44pm 55.1 6:54am 6 8 0.00 0 1 12:00am NNW1014.91 51 26 68.6 84.2 3:56pm 55.1 5:42am 7 8 0.00 0 7 5:25pm NNW1016.24 50 27 73.5 89.3 3:42pm 60.6 7:30am 4 12 0.00 0 3 12:00am NNW1012.87 37 28 73.0 89.6 3:34pm 60.0 6:40am 4 11 0.00 0 3 12:00am NNW1013.60 36 29 72.7 89.1 4:06pm 58.5 6:58am 5 11 0.00 0 3 12:00am NNW1017.73 37 30 75.4 92.9 4:10pm 60.5 4:19am 4 14 0.00 0 3 12:00am NNW1017.43 31 31 75.8 92.6 3:40pm 64.1 6:54am 3 14 0.00 0 3 12:00am NNW1015.25 30 --------------------------------------------------------------------------------------- TOT 72.3 98.7 8/19/13 51.2 8/9/13 161 351 0.00 0 7 8/16/13 NNW1015.30 37 HEAT BASE: 75.0 COOL BASE: 64.0

Google



Contact Us | Mobile
Never base any life decisions on weather information from this site or anywhere over the Internet.
Site is dedicated to our Lord & Savior Jesus Christ (Yeshua Messiah) | Random Quotes

Copyright © 2017 El Dorado Weather, Inc. | Site Designed By:  El Dorado Weather
LightningRing