World Forecast Directory
El Dorado Weather Logo
U.S. Color IR Sat North America Color Background Satellite Thumb
Norcal Dual-Pol Radar Live Northern California Doppler Radar Thumbnail Image
Pacific NW Visible Sat Regional U.S. Radar
Pacific NW Radar Regional U.S. Radar
Storm Cell Tracking Live Northern California Radar and Satellite Thumbnail Image
Street Level Radar Live U.S. Google Map Radar Thumbnail Image
Live Lightning Radar Placerville California Lightning Detection Radar Thumbnail Image
Live Streaming Webcam Placerville California Live Streaming WebCam Thumbnail Image
Local Wx Station Data Sacramento, Northern Sierra Nevada & the Motherlode Area Current Weather Conditions

NOAA Climate Report From: Placerville, Ca. Weather Station (EDWPC)

Archives below start from 6/22/2006 to the present:
2017: Jan | Feb | Mar | Apr | May | Jun | Jul | Aug | Sep | Oct | Nov | Dec 
2016: Jan | Feb | Mar | Apr | May | Jun | Jul | Aug | Sep | Oct | Nov | Dec 
2015: Jan | Feb | Mar | Apr | May | Jun | Jul | Aug | Sep | Oct | Nov | Dec 
2014: Jan | Feb | Mar | Apr | May | Jun | Jul | Aug | Sep | Oct | Nov | Dec 
2013: Jan | Feb | Mar | Apr | May | Jun | Jul | Aug | Sep | Oct | Nov | Dec 
2012: Jan | Feb | Mar | Apr | May | Jun | Jul | Aug | Sep | Oct | Nov | Dec 
2011: Jan | Feb | Mar | Apr | May | Jun | Jul | Aug | Sep | Oct | Nov | Dec 
2010: Jan | Feb | Mar | Apr | May | Jun | Jul | Aug | Sep | Oct | Nov | Dec 
2009: Jan | Feb | Mar | Apr | May | Jun | Jul | Aug | Sep | Oct | Nov | Dec 
2008: Jan | Feb | Mar | Apr | May | Jun | Jul | Aug | Sep | Oct | Nov | Dec 
2007: Jan | Feb | Mar | Apr | May | Jun | Jul | Aug | Sep | Oct | Nov | Dec 
 2006: Jan | Feb | Mar | Apr | May | Jun | Jul | Aug | Sep | Oct | Nov | Dec 

Report for 2013 07 MONTHLY CLIMATOLOGICAL SUMMARY FOR 7/2013 HEAT COOL MEAN DEG DEG WIND SPEED DOM MEAN MEAN DAY TEMP HIGH TIME LOW TIME DAYS DAYS RAIN AVG HI TIME DIR BAROM HUM --------------------------------------------------------------------------------------- 1 85.5 100.8 3:26pm 71.7 5:35am 0 24 0.00 0 6 4:37pm W1011.03 35 2 84.8 99.7 2:36pm 74.6 11:57pm 0 23 0.00 1 1 12:00am W1012.25 37 3 83.6 99.0 3:36pm 68.6 5:56am 1 22 0.00 0 1 12:00am WNW1011.61 40 4 85.9 100.6 5:06pm 72.5 5:32am 0 24 0.00 0 1 12:00am WNW1007.38 40 5 75.6 89.0 3:41pm 61.5 11:34pm 2 14 0.00 1 0 12:00am WNW1007.37 37 6 72.4 88.7 3:18pm 59.2 7:01am 5 11 0.00 0 0 12:00am NW1009.16 45 7 73.5 90.7 4:27pm 56.6 6:00am 6 13 0.00 0 0 12:00am WNW1010.98 38 8 74.8 90.7 3:51pm 59.8 5:42am 4 13 0.00 1 0 12:00am NW1014.53 28 9 77.6 96.0 4:43pm 60.1 5:47am 4 16 0.00 0 0 12:00am NW1017.26 26 10 79.2 93.2 3:47pm 67.9 7:24am 1 17 0.00 1 3 4:36pm NW1014.62 23 11 73.3 89.3 3:28pm 58.3 7:04am 4 12 0.00 0 2 12:00am NW1013.79 27 12 71.4 87.3 3:36pm 57.0 4:45am 5 11 0.00 0 2 12:00am NW1014.19 31 13 74.5 91.0 3:37pm 60.1 5:51am 4 13 0.00 1 2 12:00am NW1015.08 28 14 75.7 90.7 3:23pm 63.2 4:04am 3 14 0.00 0 2 12:00am NW1015.01 29 15 72.3 86.9 4:23pm 61.5 11:59pm 4 11 0.00 0 1 12:00am NW1012.36 33 16 66.3 82.3 3:14pm 52.0 7:53am 8 7 0.00 0 1 12:00am NW1015.13 43 17 69.1 87.9 4:08pm 50.1 6:02am 8 11 0.00 0 1 12:00am NW1019.21 47 18 75.2 92.5 4:36pm 60.4 5:45am 4 13 0.00 0 5 4:36pm NW1017.11 31 19 78.8 95.4 3:59pm 63.6 5:59am 3 17 0.00 0 3 12:00am NE1013.12 30 20 81.2 97.3 3:31pm 68.2 6:21am 1 19 0.00 0 3 12:00am NW1009.61 32 21 78.8 94.3 3:38pm 66.1 6:19am 2 17 0.00 0 3 12:00am NW1009.87 34 22 74.4 88.4 3:17pm 63.4 7:17am 3 13 0.00 0 3 12:00am NNE1014.92 30 23 73.2 87.8 2:59pm 62.7 6:58am 2 11 0.00 0 3 12:00am NNW1016.68 31 24 78.6 93.0 3:30pm 64.4 6:52am 2 17 0.00 0 3 12:00am NW1015.25 35 25 81.2 95.3 4:24pm 69.9 5:47am 1 19 0.00 0 3 12:00am NNW1014.88 38 26 79.2 94.5 5:00pm 65.6 7:15am 1 17 0.00 0 3 12:00am NNW1017.28 35 27 76.6 91.6 4:36pm 62.7 7:28am 2 15 0.00 0 2 12:00am NW1014.54 38 28 74.2 89.4 3:04pm 60.6 6:12am 4 13 0.00 0 2 12:00am NNW1011.19 40 29 69.2 83.7 4:41pm 54.9 7:15am 6 8 0.00 0 2 12:00am NNW1014.32 44 30 70.8 88.8 4:01pm 52.7 6:30am 7 11 0.00 0 2 12:00am NNW1018.89 42 31 71.2 87.3 3:00pm 56.5 6:55am 6 10 0.00 0 6 12:34pm NNW1018.10 37 --------------------------------------------------------------------------------------- TOT 76.1 100.8 7/1/13 50.1 7/17/13 104 455 0.00 0 6 7/1/13 NW1013.81 35 HEAT BASE: 75.0 COOL BASE: 64.0

Google



Contact Us | Mobile
Never base any life decisions on weather information from this site or anywhere over the Internet.
Site is dedicated to our Lord & Savior Jesus Christ (Yeshua Messiah) | Random Quotes

Copyright © 2017 El Dorado Weather, Inc. | Site Designed By:  El Dorado Weather
LightningRing