World Forecast Directory
El Dorado Weather Logo
U.S. Color IR Sat North America Color Background Satellite Thumb
Norcal Dual-Pol Radar Live Northern California Doppler Radar Thumbnail Image
Pacific NW Visible Sat Regional U.S. Radar
Pacific NW Radar Regional U.S. Radar
Storm Cell Tracking Live Northern California Radar and Satellite Thumbnail Image
Street Level Radar Live U.S. Google Map Radar Thumbnail Image
Live Lightning Radar Placerville California Lightning Detection Radar Thumbnail Image
Live Streaming Webcam Placerville California Live Streaming WebCam Thumbnail Image
Local Wx Station Data Sacramento, Northern Sierra Nevada & the Motherlode Area Current Weather Conditions

NOAA Climate Report From: Placerville, Ca. Weather Station (EDWPC)

Archives below start from 6/22/2006 to the present:
2017: Jan | Feb | Mar | Apr | May | Jun | Jul | Aug | Sep | Oct | Nov | Dec 
2016: Jan | Feb | Mar | Apr | May | Jun | Jul | Aug | Sep | Oct | Nov | Dec 
2015: Jan | Feb | Mar | Apr | May | Jun | Jul | Aug | Sep | Oct | Nov | Dec 
2014: Jan | Feb | Mar | Apr | May | Jun | Jul | Aug | Sep | Oct | Nov | Dec 
2013: Jan | Feb | Mar | Apr | May | Jun | Jul | Aug | Sep | Oct | Nov | Dec 
2012: Jan | Feb | Mar | Apr | May | Jun | Jul | Aug | Sep | Oct | Nov | Dec 
2011: Jan | Feb | Mar | Apr | May | Jun | Jul | Aug | Sep | Oct | Nov | Dec 
2010: Jan | Feb | Mar | Apr | May | Jun | Jul | Aug | Sep | Oct | Nov | Dec 
2009: Jan | Feb | Mar | Apr | May | Jun | Jul | Aug | Sep | Oct | Nov | Dec 
2008: Jan | Feb | Mar | Apr | May | Jun | Jul | Aug | Sep | Oct | Nov | Dec 
2007: Jan | Feb | Mar | Apr | May | Jun | Jul | Aug | Sep | Oct | Nov | Dec 
 2006: Jan | Feb | Mar | Apr | May | Jun | Jul | Aug | Sep | Oct | Nov | Dec 

Report for 2013 05 MONTHLY CLIMATOLOGICAL SUMMARY FOR 5/2013 HEAT COOL MEAN DEG DEG WIND SPEED DOM MEAN MEAN DAY TEMP HIGH TIME LOW TIME DAYS DAYS RAIN AVG HI TIME DIR BAROM HUM --------------------------------------------------------------------------------------- 1 68.9 81.6 3:37pm 55.6 7:02am 6 8 0.00 0 12 1:05am SSE1017.42 17 2 69.7 82.8 4:00pm 58.6 7:47am 6 8 0.00 0 3 12:00am S1022.72 22 3 68.6 83.0 4:39pm 56.7 6:41am 6 8 0.00 0 3 12:00am SW1016.73 35 4 67.7 80.7 2:39pm 56.2 5:26am 7 7 0.00 0 3 12:00am S1006.58 29 5 56.4 67.2 3:41pm 45.6 6:50am 16 1 0.00 0 3 12:00am S1008.55 57 6 54.3 60.5 3:48pm 49.4 6:08am 18 0 0.32 0 3 12:00am E1015.16 79 7 53.8 61.1 4:42pm 49.7 9:05am 19 0 0.24 0 0 12:00am E1019.33 83 8 57.8 68.8 4:37pm 51.7 11:55pm 15 1 0.00 0 0 12:00am S1021.40 72 9 60.3 74.3 3:30pm 47.3 5:50am 13 4 0.00 0 0 12:00am SSE1021.92 68 10 65.0 79.2 4:59pm 52.9 6:51am 9 6 0.00 0 0 12:00am SSE1022.38 67 11 70.9 86.4 3:30pm 59.2 2:44am 5 10 0.00 0 0 12:00am S1021.41 58 12 72.8 87.4 3:05pm 62.2 5:48am 4 11 0.00 0 0 12:00am S1020.83 42 13 71.3 87.2 3:19pm 58.2 5:44am 6 10 0.00 0 2 6:04pm S1018.33 36 14 68.7 83.1 4:46pm 58.0 3:58am 6 8 0.00 0 0 12:00am S1014.93 44 15 62.0 74.4 4:07pm 50.1 6:38am 11 3 0.00 0 4 4:19pm S1017.59 50 16 55.4 66.1 3:24pm 49.9 8:36am 17 0 0.08 0 1 12:00am E1018.03 71 17 55.0 69.2 4:19pm 43.2 6:03am 18 1 0.00 0 1 12:00am S1018.95 60 18 58.6 75.0 3:25pm 42.5 5:59am 14 4 0.00 0 1 12:00am SW1021.49 48 19 63.3 78.7 3:14pm 49.4 6:24am 10 5 0.00 0 1 12:00am W1019.98 46 20 67.6 83.7 4:25pm 54.4 4:50am 8 8 0.00 0 1 12:00am S1017.36 27 21 63.0 75.4 2:36pm 50.6 11:59pm 10 4 0.00 1 0 12:00am S1014.95 40 22 50.8 65.3 4:19pm 36.1 6:44am 22 0 0.00 0 0 12:00am W1016.36 41 23 52.4 68.9 4:27pm 37.1 6:28am 20 1 0.00 0 0 12:00am S1017.24 46 24 57.9 73.6 4:52pm 44.1 6:49am 15 3 0.00 0 3 11:51am S1017.31 41 25 57.6 72.3 3:43pm 43.1 6:10am 15 2 0.00 0 1 12:00am S1017.62 47 26 56.7 71.6 4:32pm 44.1 5:26am 16 2 0.00 0 1 12:00am SSW1020.46 62 27 52.4 59.7 10:46am 44.9 5:48am 20 0 0.11 0 1 12:00am SSW1021.23 77 28 58.4 69.7 4:57pm 50.5 1:42am 14 2 0.07 0 1 12:00am SSW1017.46 73 29 60.9 73.2 5:12pm 50.7 6:58am 12 3 0.07 0 1 12:00am SSW1015.52 66 30 63.8 78.7 4:10pm 50.8 4:50am 10 6 0.00 0 1 12:00am SSW1016.30 52 31 68.2 85.9 3:47pm 50.8 6:15am 8 9 0.00 0 1 12:00am W1016.66 38 --------------------------------------------------------------------------------------- TOT 61.6 87.4 5/12/13 36.1 5/22/13 378 133 0.89 0 12 5/1/13 S1017.77 51 HEAT BASE: 75.0 COOL BASE: 64.0

Google



Contact Us | Mobile
Never base any life decisions on weather information from this site or anywhere over the Internet.
Site is dedicated to our Lord & Savior Jesus Christ (Yeshua Messiah) | Random Quotes

Copyright © 2017 El Dorado Weather, Inc. | Site Designed By:  El Dorado Weather
LightningRing