World Forecast Directory
El Dorado Weather Logo
U.S. Color IR Sat North America Color Background Satellite Thumb
Norcal Dual-Pol Radar Live Northern California Doppler Radar Thumbnail Image
Pacific NW Visible Sat Regional U.S. Radar
Pacific NW Radar Regional U.S. Radar
Storm Cell Tracking Live Northern California Radar and Satellite Thumbnail Image
Street Level Radar Live U.S. Google Map Radar Thumbnail Image
Live Lightning Radar Placerville California Lightning Detection Radar Thumbnail Image
Live Streaming Webcam Placerville California Live Streaming WebCam Thumbnail Image
Local Wx Station Data Sacramento, Northern Sierra Nevada & the Motherlode Area Current Weather Conditions

NOAA Climate Report From: Placerville, Ca. Weather Station (EDWPC)

Archives below start from 6/22/2006 to the present:
2017: Jan | Feb | Mar | Apr | May | Jun | Jul | Aug | Sep | Oct | Nov | Dec 
2016: Jan | Feb | Mar | Apr | May | Jun | Jul | Aug | Sep | Oct | Nov | Dec 
2015: Jan | Feb | Mar | Apr | May | Jun | Jul | Aug | Sep | Oct | Nov | Dec 
2014: Jan | Feb | Mar | Apr | May | Jun | Jul | Aug | Sep | Oct | Nov | Dec 
2013: Jan | Feb | Mar | Apr | May | Jun | Jul | Aug | Sep | Oct | Nov | Dec 
2012: Jan | Feb | Mar | Apr | May | Jun | Jul | Aug | Sep | Oct | Nov | Dec 
2011: Jan | Feb | Mar | Apr | May | Jun | Jul | Aug | Sep | Oct | Nov | Dec 
2010: Jan | Feb | Mar | Apr | May | Jun | Jul | Aug | Sep | Oct | Nov | Dec 
2009: Jan | Feb | Mar | Apr | May | Jun | Jul | Aug | Sep | Oct | Nov | Dec 
2008: Jan | Feb | Mar | Apr | May | Jun | Jul | Aug | Sep | Oct | Nov | Dec 
2007: Jan | Feb | Mar | Apr | May | Jun | Jul | Aug | Sep | Oct | Nov | Dec 
 2006: Jan | Feb | Mar | Apr | May | Jun | Jul | Aug | Sep | Oct | Nov | Dec 

Report for 2013 04 MONTHLY CLIMATOLOGICAL SUMMARY FOR 4/2013 HEAT COOL MEAN DEG DEG WIND SPEED DOM MEAN MEAN DAY TEMP HIGH TIME LOW TIME DAYS DAYS RAIN AVG HI TIME DIR BAROM HUM --------------------------------------------------------------------------------------- 1 51.1 63.6 1:55pm 44.7 1:40am 22 0 0.01 0 0 12:00am ESE1023.49 77 2 52.3 67.7 4:09pm 40.4 5:59am 21 1 0.00 0 0 12:00am ESE1023.90 70 3 57.0 72.5 2:46pm 46.0 4:46am 16 2 0.00 0 0 12:00am ESE1021.78 68 4 51.5 54.5 5:59pm 45.8 7:56am 21 0 0.47 0 0 12:00am ESE1021.60 90 5 52.0 60.9 4:34pm 47.8 6:33am 21 0 0.00 0 0 12:00am ESE1024.22 81 6 51.5 62.4 3:08pm 46.2 6:58am 21 0 0.00 0 0 12:00am ESE1024.76 81 7 51.5 62.0 1:25pm 43.4 11:59pm 21 0 0.03 0 0 12:00am ESE1020.29 80 8 48.9 63.5 3:30pm 41.1 6:14am 24 0 0.38 0 0 12:00am ESE1014.36 66 9 51.2 69.0 3:52pm 35.7 6:11am 22 1 0.00 0 0 12:00am ESE1020.97 52 10 59.8 77.5 3:45pm 43.4 7:18am 14 4 0.00 0 0 12:00am ESE1022.32 47 11 58.3 71.5 4:25pm 47.0 6:50am 14 2 0.00 0 2 10:47am ESE1016.19 61 12 58.7 74.0 4:58pm 45.4 7:11am 14 3 0.00 0 1 12:00am ESE1013.97 56 13 58.4 71.7 3:06pm 46.4 6:52am 14 2 0.00 0 1 12:00am ESE1013.31 62 14 54.6 67.8 4:37pm 44.2 6:42am 18 1 0.00 0 1 12:00am ESE1013.33 59 15 44.4 55.9 12:58pm 35.6 11:55pm 28 0 0.32 0 0 12:00am ESE1014.24 82 16 44.3 62.2 4:09pm 32.2 7:16am 29 0 0.00 0 0 12:00am ESE1020.37 62 17 47.4 64.0 3:01pm 31.4 6:17am 25 0 0.00 0 0 12:00am ESE1026.34 45 18 52.9 68.4 4:09pm 39.4 7:19am 20 1 0.00 0 0 12:00am ESE1027.27 40 19 58.6 74.9 4:32pm 44.1 6:07am 14 3 0.00 0 0 12:00am ESE1025.07 46 20 60.6 75.8 4:04pm 48.3 7:11am 12 4 0.00 0 0 12:00am ESE1020.31 47 21 63.3 79.2 3:48pm 51.3 3:22am 10 5 0.00 0 0 12:00am ESE1018.77 43 22 64.7 81.1 4:51pm 53.7 6:18am 9 6 0.00 0 0 12:00am ESE1016.03 44 23 64.6 78.5 3:18pm 51.5 7:09am 9 5 0.00 0 0 12:00am S1014.44 27 24 65.4 81.2 2:59pm 51.3 4:39am 9 7 0.00 1 0 12:00am E1012.72 33 25 55.4 70.5 3:45pm 43.7 6:45am 17 1 0.00 0 0 12:00am S1018.91 67 26 59.5 76.8 5:02pm 43.1 6:53am 14 4 0.00 0 0 12:00am S1024.15 61 27 65.4 82.3 3:07pm 52.8 5:13am 9 6 0.00 0 0 12:00am S1023.37 54 28 67.0 81.9 4:23pm 55.9 2:37am 8 7 0.00 0 0 12:00am W1017.92 43 29 67.8 82.5 4:19pm 55.6 7:28am 7 7 0.00 0 0 12:00am SW1012.99 47 30 63.8 77.6 3:38pm 52.3 7:26am 10 5 0.00 0 3 9:52am WSW1011.33 45 --------------------------------------------------------------------------------------- TOT 56.7 82.5 4/29/13 31.4 4/17/13 494 78 1.21 0 3 4/30/13 ESE1019.29 58 HEAT BASE: 75.0 COOL BASE: 64.0

Google



Contact Us | Mobile
Never base any life decisions on weather information from this site or anywhere over the Internet.
Site is dedicated to our Lord & Savior Jesus Christ (Yeshua Messiah) | Random Quotes

Copyright © 2017 El Dorado Weather, Inc. | Site Designed By:  El Dorado Weather
LightningRing