World Forecast Directory
El Dorado Weather Logo
U.S. Color IR Sat North America Color Background Satellite Thumb
Norcal Dual-Pol Radar Live Northern California Doppler Radar Thumbnail Image
Pacific NW Visible Sat Regional U.S. Radar
Pacific NW Radar Regional U.S. Radar
Storm Cell Tracking Live Northern California Radar and Satellite Thumbnail Image
Street Level Radar Live U.S. Google Map Radar Thumbnail Image
Live Lightning Radar Placerville California Lightning Detection Radar Thumbnail Image
Live Streaming Webcam Placerville California Live Streaming WebCam Thumbnail Image
Local Wx Station Data Sacramento, Northern Sierra Nevada & the Motherlode Area Current Weather Conditions

NOAA Climate Report From: Placerville, Ca. Weather Station (EDWPC)

Archives below start from 6/22/2006 to the present:
2017: Jan | Feb | Mar | Apr | May | Jun | Jul | Aug | Sep | Oct | Nov | Dec 
2016: Jan | Feb | Mar | Apr | May | Jun | Jul | Aug | Sep | Oct | Nov | Dec 
2015: Jan | Feb | Mar | Apr | May | Jun | Jul | Aug | Sep | Oct | Nov | Dec 
2014: Jan | Feb | Mar | Apr | May | Jun | Jul | Aug | Sep | Oct | Nov | Dec 
2013: Jan | Feb | Mar | Apr | May | Jun | Jul | Aug | Sep | Oct | Nov | Dec 
2012: Jan | Feb | Mar | Apr | May | Jun | Jul | Aug | Sep | Oct | Nov | Dec 
2011: Jan | Feb | Mar | Apr | May | Jun | Jul | Aug | Sep | Oct | Nov | Dec 
2010: Jan | Feb | Mar | Apr | May | Jun | Jul | Aug | Sep | Oct | Nov | Dec 
2009: Jan | Feb | Mar | Apr | May | Jun | Jul | Aug | Sep | Oct | Nov | Dec 
2008: Jan | Feb | Mar | Apr | May | Jun | Jul | Aug | Sep | Oct | Nov | Dec 
2007: Jan | Feb | Mar | Apr | May | Jun | Jul | Aug | Sep | Oct | Nov | Dec 
 2006: Jan | Feb | Mar | Apr | May | Jun | Jul | Aug | Sep | Oct | Nov | Dec 

Report for 2013 03 MONTHLY CLIMATOLOGICAL SUMMARY FOR 3/2013 HEAT COOL MEAN DEG DEG WIND SPEED DOM MEAN MEAN DAY TEMP HIGH TIME LOW TIME DAYS DAYS RAIN AVG HI TIME DIR BAROM HUM --------------------------------------------------------------------------------------- 1 54.2 69.6 1:18pm 42.0 5:54am 19 1 0.00 0 0 12:00am ESE1031.12 57 2 56.9 70.2 12:37pm 48.2 1:29am 16 1 0.00 0 0 12:00am ESE1024.97 53 3 51.6 58.9 1:31pm 45.3 11:58pm 21 0 0.01 0 0 12:00am ESE1021.01 74 4 49.9 62.9 3:05pm 39.8 5:21am 23 0 0.00 0 0 12:00am ESE1021.81 70 5 47.7 57.5 12:33pm 40.9 6:04am 25 0 0.00 0 0 12:00am ESE1018.15 72 6 42.4 48.7 3:31pm 38.4 11:58pm 30 0 0.68 1 0 12:00am ESE1019.60 81 7 40.9 52.6 1:26pm 35.1 2:21am 32 0 0.11 0 3 10:49am ESE1017.70 79 8 44.6 56.7 2:22pm 33.6 5:49am 28 0 0.00 0 1 12:00am ESE1015.38 69 9 46.7 62.4 3:16pm 34.4 6:41am 26 0 0.00 0 1 12:00am ESE1026.63 63 10 47.2 61.1 3:19pm 35.6 5:20am 25 0 0.00 0 1 12:00am ESE1030.01 58 11 52.0 66.2 2:12pm 40.5 8:06am 21 0 0.00 0 0 12:00am ESE1026.38 62 12 56.0 72.1 4:23pm 44.5 7:16am 17 2 0.00 0 0 12:00am ESE1023.63 62 13 59.8 74.0 3:25pm 47.9 5:10am 13 3 0.00 0 1 10:21am ESE1023.83 56 14 61.3 74.4 1:10pm 51.4 7:54am 12 3 0.00 0 0 12:00am ESE1022.89 50 15 57.7 71.9 2:03pm 48.0 5:13am 15 2 0.00 0 0 12:00am ESE1021.48 56 16 55.5 70.9 12:30pm 44.6 7:12am 17 1 0.00 0 1 4:29pm ESE1020.33 52 17 52.0 65.9 3:16pm 40.8 7:28am 21 0 0.00 0 0 12:00am ESE1021.66 55 18 52.7 66.9 1:07pm 41.5 7:38am 20 0 0.00 0 0 12:00am ESE1021.52 51 19 54.3 65.8 1:34pm 45.8 7:36am 19 0 0.21 0 0 12:00am ESE1022.54 59 20 49.1 53.4 2:08pm 46.5 7:28am 24 0 0.74 0 0 12:00am ESE1023.13 91 21 49.1 59.9 4:21pm 41.1 11:59pm 24 0 0.00 0 2 3:05pm ESE1021.35 80 22 45.4 60.1 3:05pm 31.6 7:41am 27 0 0.00 0 5 4:51pm ESE1020.74 58 23 47.8 63.2 4:32pm 34.2 7:18am 25 0 0.00 0 5 12:00am ESE1022.29 47 24 52.7 69.2 4:22pm 40.4 5:05am 20 1 0.00 0 5 12:00am ESE1020.78 48 25 53.9 67.0 1:57pm 43.4 5:06am 19 1 0.00 0 5 12:00am ESE1018.05 58 26 52.7 66.8 3:12pm 41.2 7:07am 20 0 0.00 0 5 12:00am ESE1017.72 61 27 52.9 65.0 3:40pm 43.3 7:07am 20 0 0.00 0 5 12:00am ESE1018.15 68 28 54.6 66.6 4:18pm 48.8 11:37pm 18 0 0.00 0 0 12:00am ESE1021.16 70 29 59.1 74.2 4:37pm 47.6 6:55am 14 3 0.00 0 0 12:00am ESE1021.61 53 30 60.2 71.6 1:11pm 50.5 7:39am 13 2 0.00 0 0 12:00am ESE1019.34 58 31 53.2 63.5 3:37pm 47.4 11:59pm 20 0 0.50 0 0 12:00am ESE1020.86 75 --------------------------------------------------------------------------------------- TOT 52.1 74.4 3/14/13 31.6 3/22/13 641 24 2.26 0 5 3/22/13 ESE1021.84 63 HEAT BASE: 75.0 COOL BASE: 64.0

Google



Contact Us | Mobile
Never base any life decisions on weather information from this site or anywhere over the Internet.
Site is dedicated to our Lord & Savior Jesus Christ (Yeshua Messiah) | Random Quotes

Copyright © 2017 El Dorado Weather, Inc. | Site Designed By:  El Dorado Weather
LightningRing