World Forecast Directory
El Dorado Weather Logo
U.S. Color IR Sat North America Color Background Satellite Thumb
Norcal Dual-Pol Radar Live Northern California Doppler Radar Thumbnail Image
Pacific NW Visible Sat Regional U.S. Radar
Pacific NW Radar Regional U.S. Radar
Storm Cell Tracking Live Northern California Radar and Satellite Thumbnail Image
Street Level Radar Live U.S. Google Map Radar Thumbnail Image
Live Lightning Radar Placerville California Lightning Detection Radar Thumbnail Image
Live Streaming Webcam Placerville California Live Streaming WebCam Thumbnail Image
Local Wx Station Data Sacramento, Northern Sierra Nevada & the Motherlode Area Current Weather Conditions

NOAA Climate Report From: Placerville, Ca. Weather Station (EDWPC)

Archives below start from 6/22/2006 to the present:
2017: Jan | Feb | Mar | Apr | May | Jun | Jul | Aug | Sep | Oct | Nov | Dec 
2016: Jan | Feb | Mar | Apr | May | Jun | Jul | Aug | Sep | Oct | Nov | Dec 
2015: Jan | Feb | Mar | Apr | May | Jun | Jul | Aug | Sep | Oct | Nov | Dec 
2014: Jan | Feb | Mar | Apr | May | Jun | Jul | Aug | Sep | Oct | Nov | Dec 
2013: Jan | Feb | Mar | Apr | May | Jun | Jul | Aug | Sep | Oct | Nov | Dec 
2012: Jan | Feb | Mar | Apr | May | Jun | Jul | Aug | Sep | Oct | Nov | Dec 
2011: Jan | Feb | Mar | Apr | May | Jun | Jul | Aug | Sep | Oct | Nov | Dec 
2010: Jan | Feb | Mar | Apr | May | Jun | Jul | Aug | Sep | Oct | Nov | Dec 
2009: Jan | Feb | Mar | Apr | May | Jun | Jul | Aug | Sep | Oct | Nov | Dec 
2008: Jan | Feb | Mar | Apr | May | Jun | Jul | Aug | Sep | Oct | Nov | Dec 
2007: Jan | Feb | Mar | Apr | May | Jun | Jul | Aug | Sep | Oct | Nov | Dec 
 2006: Jan | Feb | Mar | Apr | May | Jun | Jul | Aug | Sep | Oct | Nov | Dec 

Report for 2013 02 MONTHLY CLIMATOLOGICAL SUMMARY FOR 2/2013 HEAT COOL MEAN DEG DEG WIND SPEED DOM MEAN MEAN DAY TEMP HIGH TIME LOW TIME DAYS DAYS RAIN AVG HI TIME DIR BAROM HUM --------------------------------------------------------------------------------------- 1 53.6 67.6 12:54pm 42.9 6:29am 21 0 0.00 100 0 12:00am WSW 30.31 54 2 53.2 64.8 2:04pm 46.1 11:43pm 22 0 0.00 100 0 12:00am WSW 30.35 60 3 50.2 64.2 1:14pm 40.7 7:55am 25 0 0.00 100 0 12:00am WSW 30.28 62 4 51.2 64.6 11:52am 40.9 5:30am 24 0 0.00 100 0 12:00am WSW 30.22 65 5 46.6 57.8 10:46am 40.3 7:44am 28 0 0.00 100 0 12:00am WSW 30.18 77 6 45.6 60.0 12:02pm 35.6 5:59am 29 0 0.00 100 3 2:31pm WSW 30.25 65 7 42.8 47.9 2:57pm 35.5 11:53pm 32 0 0.00 100 3 12:00am WSW 30.21 82 8 39.6 52.3 2:32pm 32.6 7:16am 35 0 0.01 100 3 12:00am WSW 30.07 79 9 40.2 50.8 1:17pm 31.2 7:29am 35 0 0.01 100 3 12:00am WSW 30.15 68 10 42.9 56.5 2:04pm 33.3 7:16am 32 0 0.00 100 3 12:00am WSW 30.19 65 11 44.6 58.6 2:14pm 33.7 7:29am 30 0 0.00 100 4 3:14pm WSW 30.28 52 12 46.2 59.3 1:01pm 36.9 4:22am 29 0 0.00 100 2 12:00am WSW 30.43 60 13 47.5 61.1 1:28pm 37.9 6:51am 27 0 0.00 100 0 12:00am WSW 30.40 65 14 49.2 59.9 3:17pm 43.7 11:55pm 24 0 0.00 51 0 3:13pm WSW399.21 66 15 51.2 67.1 2:12pm 39.7 7:01am 22 1 0.00 0 0 12:00am ESE1028.55 52 16 52.2 65.7 1:16pm 43.7 1:05am 21 0 0.00 0 0 12:00am ESE1024.83 46 17 48.9 63.1 2:06pm 39.3 7:47am 24 0 0.00 0 0 12:00am ESE1019.43 53 18 44.6 56.7 1:08pm 38.4 5:38am 28 0 0.00 0 3 10:47am ESE1018.50 68 19 34.5 40.9 11:15am 28.9 11:56pm 38 0 0.27 0 3 12:00am ESE1013.96 86 20 37.0 52.8 1:37pm 25.0 6:15am 36 0 0.32 0 0 12:00am ESE1017.74 76 21 40.8 54.7 2:41pm 30.7 2:08am 32 0 0.00 0 0 12:00am ESE1023.16 68 22 42.9 54.3 1:43pm 32.1 5:22am 30 0 0.00 0 0 12:00am ESE1026.64 64 23 43.4 53.5 3:00pm 33.2 11:51pm 29 0 0.00 0 0 12:00am ESE1025.37 62 24 41.9 56.6 2:04pm 29.5 3:47am 31 0 0.00 0 0 12:00am ESE1026.49 48 25 44.9 59.4 1:13pm 35.6 12:00am 28 0 0.00 0 0 12:00am ESE1027.43 55 26 45.8 63.6 2:34pm 31.4 7:06am 27 0 0.00 0 0 12:00am ESE1025.13 44 27 48.6 63.6 2:01pm 35.6 7:06am 24 0 0.00 0 0 12:00am ESE1029.55 38 28 52.0 66.4 2:23pm 41.8 6:39am 21 0 0.00 0 0 12:00am ESE1032.83 45 --------------------------------------------------------------------------------------- TOT 45.8 67.6 2/1/13 25.0 2/20/13 786 2 0.61 48 5 2/14/13 WSW540.57 62 HEAT BASE: 75.0 COOL BASE: 64.0

Google



Contact Us | Mobile
Never base any life decisions on weather information from this site or anywhere over the Internet.
Site is dedicated to our Lord & Savior Jesus Christ (Yeshua Messiah) | Random Quotes

Copyright © 2017 El Dorado Weather, Inc. | Site Designed By:  El Dorado Weather
LightningRing