World Forecast Directory
El Dorado Weather Logo
U.S. Color IR Sat North America Color Background Satellite Thumb
Norcal Dual-Pol Radar Live Northern California Doppler Radar Thumbnail Image
Pacific NW Visible Sat Regional U.S. Radar
Pacific NW Radar Regional U.S. Radar
Storm Cell Tracking Live Northern California Radar and Satellite Thumbnail Image
Street Level Radar Live U.S. Google Map Radar Thumbnail Image
Live Lightning Radar Placerville California Lightning Detection Radar Thumbnail Image
Live Streaming Webcam Placerville California Live Streaming WebCam Thumbnail Image
Local Wx Station Data Sacramento, Northern Sierra Nevada & the Motherlode Area Current Weather Conditions

NOAA Climate Report From: Placerville, Ca. Weather Station (EDWPC)

Archives below start from 6/22/2006 to the present:
2017: Jan | Feb | Mar | Apr | May | Jun | Jul | Aug | Sep | Oct | Nov | Dec 
2016: Jan | Feb | Mar | Apr | May | Jun | Jul | Aug | Sep | Oct | Nov | Dec 
2015: Jan | Feb | Mar | Apr | May | Jun | Jul | Aug | Sep | Oct | Nov | Dec 
2014: Jan | Feb | Mar | Apr | May | Jun | Jul | Aug | Sep | Oct | Nov | Dec 
2013: Jan | Feb | Mar | Apr | May | Jun | Jul | Aug | Sep | Oct | Nov | Dec 
2012: Jan | Feb | Mar | Apr | May | Jun | Jul | Aug | Sep | Oct | Nov | Dec 
2011: Jan | Feb | Mar | Apr | May | Jun | Jul | Aug | Sep | Oct | Nov | Dec 
2010: Jan | Feb | Mar | Apr | May | Jun | Jul | Aug | Sep | Oct | Nov | Dec 
2009: Jan | Feb | Mar | Apr | May | Jun | Jul | Aug | Sep | Oct | Nov | Dec 
2008: Jan | Feb | Mar | Apr | May | Jun | Jul | Aug | Sep | Oct | Nov | Dec 
2007: Jan | Feb | Mar | Apr | May | Jun | Jul | Aug | Sep | Oct | Nov | Dec 
 2006: Jan | Feb | Mar | Apr | May | Jun | Jul | Aug | Sep | Oct | Nov | Dec 

Report for 2012 10 MONTHLY CLIMATOLOGICAL SUMMARY FOR 10/2012 HEAT COOL MEAN DEG DEG WIND SPEED DOM MEAN MEAN DAY TEMP HIGH TIME LOW TIME DAYS DAYS RAIN AVG HI TIME DIR BAROM HUM --------------------------------------------------------------------------------------- 1 76.6 95.5 2:22pm 60.3 7:54am 7 5 0.00 100 8 12:00am WNW 29.94 22 2 78.5 95.4 1:43pm 65.7 8:08am 5 6 0.00 100 2 12:00am WSW 29.82 20 3 75.1 93.9 2:00pm 63.6 8:00am 3 10 0.04 100 10 2:40pm WNW 29.93 26 4 69.1 81.6 2:33pm 58.9 8:32am 6 5 0.00 100 0 12:00am ESE 30.10 40 5 62.4 75.4 2:40pm 52.8 6:30am 12 2 0.00 100 2 5:30am WSW 30.18 56 6 61.3 75.1 2:27pm 51.4 7:29am 14 3 0.00 100 0 12:00am WSW 30.11 61 7 62.8 77.8 1:20pm 51.8 6:31am 12 4 0.00 100 0 12:00am S 30.05 56 8 59.4 71.9 2:30pm 49.1 7:27am 16 1 0.00 100 4 8:48am SE 30.09 59 9 60.6 74.4 1:46pm 49.5 5:47am 14 2 0.00 100 5 10:23am WNW 30.07 54 10 63.1 75.9 2:44pm 51.6 7:51am 12 3 0.00 100 3 11:01am WNW 29.99 48 11 55.5 60.6 3:51pm 50.2 7:48am 19 0 0.00 100 0 12:00am S 29.98 68 12 55.0 59.4 2:51pm 52.0 12:29am 20 0 0.00 100 0 12:00am SE 30.20 75 13 58.5 72.4 2:27pm 47.6 7:45am 17 1 0.00 100 0 12:00am SE 30.33 64 14 63.5 79.3 3:23pm 52.7 7:55am 12 4 0.00 100 0 12:00am SW 30.25 58 15 67.5 83.0 2:19pm 55.9 5:02am 9 6 0.00 100 0 12:00am WNW 30.11 48 16 69.8 85.3 2:35pm 59.3 6:02am 7 7 0.00 100 0 12:00am WNW 30.01 48 17 67.9 80.7 1:15pm 54.3 7:31am 8 6 0.00 100 0 12:00am E 29.96 48 18 72.3 88.3 1:46pm 61.1 7:55am 6 9 0.00 100 0 12:00am S 30.06 35 19 66.3 80.0 1:32pm 56.6 7:09am 9 5 0.00 100 0 12:00am S 30.07 51 20 62.3 74.3 2:43pm 53.7 11:59pm 13 2 0.00 100 0 12:00am E 29.92 56 21 52.9 59.5 2:34pm 47.7 5:45am 22 0 0.01 100 0 12:00am ESE 29.96 63 22 48.4 51.7 3:57pm 46.3 3:47am 27 0 1.11 100 2 5:56pm SSE 29.97 86 23 48.8 57.2 4:00pm 42.7 11:51pm 26 0 0.21 100 1 12:00am W 30.13 77 24 48.6 58.2 1:48pm 42.2 12:37am 26 0 0.18 100 1 12:00am ESE 30.24 81 25 54.2 67.0 2:13pm 48.1 10:36pm 21 0 0.01 100 2 5:30pm WNW 30.33 70 26 56.2 71.9 2:39pm 45.9 2:57am 19 1 0.00 100 2 12:00am WNW 30.26 53 27 60.3 74.9 2:15pm 50.2 7:54am 15 2 0.00 100 0 12:00am WNW 30.13 59 28 63.5 79.0 2:31pm 53.3 7:34am 12 4 0.00 100 0 12:00am NW 30.10 55 29 64.8 80.0 2:00pm 54.1 8:04am 11 4 0.00 100 0 12:00am E 30.16 46 30 64.5 78.5 2:22pm 55.1 8:18am 11 4 0.00 100 0 12:00am SSE 30.11 47 31 55.7 62.3 2:17pm 50.6 6:57am 19 0 0.06 100 0 12:00am S 30.09 75 --------------------------------------------------------------------------------------- TOT 60.5 96.4 9/13/12 42.2 10/24/12 418 85 1.62 100 10 10/3/12 SSE 30.10 58 HEAT BASE: 75.0 COOL BASE: 64.0

Google



Contact Us | Mobile
Never base any life decisions on weather information from this site or anywhere over the Internet.
Site is dedicated to our Lord & Savior Jesus Christ (Yeshua Messiah) | Random Quotes

Copyright © 2017 El Dorado Weather, Inc. | Site Designed By:  El Dorado Weather
LightningRing