World Forecast Directory
El Dorado Weather Logo
U.S. Color IR Sat North America Color Background Satellite Thumb
Norcal Dual-Pol Radar Live Northern California Doppler Radar Thumbnail Image
Pacific NW Visible Sat Regional U.S. Radar
Pacific NW Radar Regional U.S. Radar
Storm Cell Tracking Live Northern California Radar and Satellite Thumbnail Image
Street Level Radar Live U.S. Google Map Radar Thumbnail Image
Live Lightning Radar Placerville California Lightning Detection Radar Thumbnail Image
Live Streaming Webcam Placerville California Live Streaming WebCam Thumbnail Image
Local Wx Station Data Sacramento, Northern Sierra Nevada & the Motherlode Area Current Weather Conditions

NOAA Climate Report From: Placerville, Ca. Weather Station (EDWPC)

Archives below start from 6/22/2006 to the present:
2017: Jan | Feb | Mar | Apr | May | Jun | Jul | Aug | Sep | Oct | Nov | Dec 
2016: Jan | Feb | Mar | Apr | May | Jun | Jul | Aug | Sep | Oct | Nov | Dec 
2015: Jan | Feb | Mar | Apr | May | Jun | Jul | Aug | Sep | Oct | Nov | Dec 
2014: Jan | Feb | Mar | Apr | May | Jun | Jul | Aug | Sep | Oct | Nov | Dec 
2013: Jan | Feb | Mar | Apr | May | Jun | Jul | Aug | Sep | Oct | Nov | Dec 
2012: Jan | Feb | Mar | Apr | May | Jun | Jul | Aug | Sep | Oct | Nov | Dec 
2011: Jan | Feb | Mar | Apr | May | Jun | Jul | Aug | Sep | Oct | Nov | Dec 
2010: Jan | Feb | Mar | Apr | May | Jun | Jul | Aug | Sep | Oct | Nov | Dec 
2009: Jan | Feb | Mar | Apr | May | Jun | Jul | Aug | Sep | Oct | Nov | Dec 
2008: Jan | Feb | Mar | Apr | May | Jun | Jul | Aug | Sep | Oct | Nov | Dec 
2007: Jan | Feb | Mar | Apr | May | Jun | Jul | Aug | Sep | Oct | Nov | Dec 
 2006: Jan | Feb | Mar | Apr | May | Jun | Jul | Aug | Sep | Oct | Nov | Dec 

Report for 2012 03 MONTHLY CLIMATOLOGICAL SUMMARY FOR 3/2012 HEAT COOL MEAN DEG DEG WIND SPEED DOM MEAN MEAN DAY TEMP HIGH TIME LOW TIME DAYS DAYS RAIN AVG HI TIME DIR BAROM HUM --------------------------------------------------------------------------------------- 1 40.9 46.8 4:00pm 36.2 11:53pm 34 0 0.07 101 0 12:00am W 30.16 88 2 43.9 58.2 2:42pm 32.2 5:56am 31 0 0.00 100 0 12:00am SSE 30.24 72 3 50.9 67.3 1:21pm 37.4 1:45am 24 0 0.00 100 0 12:00am NW 30.28 63 4 58.5 72.3 12:34pm 45.3 6:16am 11 1 0.00 101 11 1:30pm SSE 30.05 46 5 57.5 72.3 12:34pm 45.3 6:16am 16 1 0.00 101 11 1:30pm SSE 30.02 47 6 44.2 53.3 2:24pm 31.6 11:52pm 29 0 0.05 101 6 1:00am WNW 29.89 54 7 44.4 62.2 2:54pm 28.3 6:20am 31 0 0.00 101 6 12:00am NW 30.06 38 8 50.4 67.3 2:47pm 36.7 2:32am 25 0 0.00 101 6 12:00am WSW 30.24 44 9 55.3 72.4 2:14pm 41.6 3:38am 20 2 0.00 101 6 12:00am NW 30.23 43 10 51.8 64.1 12:43pm 40.7 5:35am 23 0 0.00 101 6 12:00am SW 30.01 56 11 47.5 55.6 1:54pm 42.2 7:22am 26 0 0.01 101 6 12:00am N 29.99 78 12 48.6 57.4 2:41pm 41.2 3:45am 26 0 0.00 101 6 12:00am WSW 29.97 64 13 48.3 50.1 1:49am 46.8 3:48am 27 0 1.34 101 0 12:00am NW 29.95 83 14 50.8 53.3 4:12pm 48.5 12:00am 24 0 1.81 101 0 12:00am NW 30.05 90 15 54.4 57.7 2:30pm 52.1 12:00am 18 0 0.27 100 10 3:30am NW 30.09 89 16 51.1 54.2 12:00am 44.5 11:55pm 24 0 2.39 102 2 12:00am NNE 29.88 90 17 39.9 44.6 12:04pm 35.8 10:52pm 35 0 0.60 100 2 12:00am WNW 29.57 87 18 37.5 47.1 1:40pm 33.8 5:26am 38 0 0.47 101 2 12:00am NW 29.70 87 19 40.6 48.7 3:53pm 32.9 6:26am 34 0 0.02 100 2 12:00am NW 29.96 76 20 49.4 61.5 2:44pm 40.1 12:57am 26 0 0.00 100 2 12:00am ESE 30.13 62 21 55.3 68.7 3:26pm 44.4 5:06am 20 0 0.00 101 2 12:00am SSE 30.06 69 22 52.0 60.2 3:09pm 42.9 11:46pm 23 0 0.01 100 2 12:00am NW 29.94 75 23 47.8 60.9 3:07pm 34.3 7:06am 27 0 0.01 101 2 12:00am NW 29.97 60 24 48.8 53.9 1:39pm 42.6 11:56pm 26 0 0.00 101 0 12:00am SE 29.83 65 25 44.8 51.7 2:34pm 38.0 7:21am 30 0 0.51 100 0 12:00am W 29.80 84 26 47.1 55.1 3:47pm 41.3 12:51am 28 0 0.00 101 0 12:00am NNW 29.99 75 27 49.5 57.4 11:29am 45.8 6:57am 26 0 0.76 101 0 12:00am NW 29.96 70 28 51.3 62.0 4:02pm 45.8 12:00am 24 0 0.47 101 0 12:00am ENE 30.03 80 29 52.3 63.1 12:35pm 44.4 6:37am 23 0 0.00 100 0 12:00am ENE 30.08 72 30 56.6 68.1 1:58pm 49.1 5:07am 18 0 0.03 101 0 12:00am SSE 30.00 75 31 48.0 57.4 10:06am 40.4 3:53pm 27 0 1.27 101 0 12:00am N 29.85 83 --------------------------------------------------------------------------------------- TOT 49.0 75.8 3/4/12 28.3 3/7/12 793 6 10.39 101 11 3/5/12 NW 30.00 70 HEAT BASE: 75.0 COOL BASE: 64.0

Google



Contact Us | Mobile
Never base any life decisions on weather information from this site or anywhere over the Internet.
Site is dedicated to our Lord & Savior Jesus Christ (Yeshua Messiah) | Random Quotes

Copyright © 2017 El Dorado Weather, Inc. | Site Designed By:  El Dorado Weather
LightningRing